{"id":8681,"date":"2021-01-28T10:55:57","date_gmt":"2021-01-28T10:55:57","guid":{"rendered":"https:\/\/marinigerardi.it\/shop\/product\/import-placeholder-for-25333\/"},"modified":"2025-12-21T01:11:22","modified_gmt":"2025-12-21T01:11:22","slug":"tovaglia-runner-puro-lino-clausura","status":"publish","type":"product","link":"https:\/\/www.marinigerardi.it\/shop\/prodotto\/tovaglia-runner-puro-lino-clausura\/","title":{"rendered":"CLAUSURA 00 &#8211; Splendida Tovaglia Runner Lino Ricamato"},"content":{"rendered":"<div class=\"wpb-content-wrapper\"><p>[vc_row equal_height=&#8221;yes&#8221; mobile_bg_img_hidden=&#8221;no&#8221; tablet_bg_img_hidden=&#8221;no&#8221; woodmart_parallax=&#8221;0&#8243; woodmart_gradient_switch=&#8221;no&#8221; row_reverse_mobile=&#8221;0&#8243; row_reverse_tablet=&#8221;0&#8243; woodmart_disable_overflow=&#8221;0&#8243;][vc_column offset=&#8221;vc_col-lg-6 vc_col-md-6&#8243; mobile_bg_img_hidden=&#8221;no&#8221; tablet_bg_img_hidden=&#8221;no&#8221; woodmart_parallax=&#8221;0&#8243; woodmart_sticky_column=&#8221;false&#8221; parallax_scroll=&#8221;no&#8221; mobile_reset_margin=&#8221;no&#8221; tablet_reset_margin=&#8221;no&#8221; css=&#8221;.vc_custom_1613071403480{margin-top: 0px !important;}&#8221;]\n\t\t<div id=\"wd-694749287dc80\" class=\"title-wrapper wd-wpb wd-set-mb reset-last-child  wd-rs-694749287dc80 wd-title-color-primary wd-title-style-bordered text-left vc_custom_1766279418553 wd-underline-colored\">\n\t\t\t\n\t\t\t<div class=\"liner-continer\">\n\t\t\t\t<h2 class=\"woodmart-title-container title  wd-font-weight- wd-fontsize-l\" >CLAUSURA - Tovaglia Runner con ricamo<\/h2>\n\t\t\t\t\t\t\t<\/div>\n\t\t\t\n\t\t\t\n\t\t\t\n\t\t<\/div>\n\t\t\n\t\t\t\t<div id=\"wd-67f6938662b6e\" class=\"wd-text-block wd-wpb reset-last-child wd-rs-67f6938662b6e text-left \">\n\t\t\t<p style=\"text-align: justify;\">Clausura, una <a href=\"https:\/\/www.marinigerardi.it\/shop\/prodotto\/tovaglia-runner-puro-lino-clausura\/\">tovaglia runner<\/a> ricamata realizzata in tessuto di puro lino \u00e8 cucita sartorialmente nel nostro laboratorio al momento dell\u2019ordine Una Grande Tovaglia, fatta come si deve per fare la differenza, perfetta e adatta per ogni occasione. Una Musa ispiratrice che pu\u00f2 essere utilizzata in casa secondo le diverse interpretazioni.<\/p>\n\t\t<\/div>\n\t\t[vc_message message_box_style=&#8221;outline&#8221; message_box_color=&#8221;grey&#8221; css=&#8221;&#8221;]<strong>Tovaglia runner in Tessuto: <\/strong>100% lino.<br \/>\n<strong>Peso tessuto: <\/strong>210 gr\/m\u00b2<br \/>\n<strong>Colori:<\/strong> <em>Tovaglia<\/em> (Tortora | Terra Umbra); <em>Runner<\/em> (Panna con ricamo Ecr\u00f9);<br \/>\n<strong>Misure:<\/strong> 160\u00d7160 | 160\u00d7180 | 160\u00d7200 | 160\u00d7240 | 160\u00d7260 | 160\u00d7280 | 160\u00d7300;<br \/>\n<strong>Misure runner:<\/strong> 52 x 107.<\/p>\n<p>Per misure particolari vi preghiamo di contattarci all&#8217;Indirizzo mail <strong>assistenza@marinigerardi.it<\/strong>[\/vc_message][\/vc_column][vc_column css=&#8221;.vc_custom_1612434787067{background-position: center !important;background-repeat: no-repeat !important;background-size: cover !important;}&#8221; offset=&#8221;vc_col-lg-6 vc_col-md-6&#8243; mobile_bg_img_hidden=&#8221;no&#8221; tablet_bg_img_hidden=&#8221;no&#8221; woodmart_parallax=&#8221;0&#8243; woodmart_sticky_column=&#8221;false&#8221; parallax_scroll=&#8221;no&#8221; mobile_reset_margin=&#8221;no&#8221; tablet_reset_margin=&#8221;no&#8221;][vc_single_image image=&#8221;11983&#8243; img_size=&#8221;full&#8221; alignment=&#8221;center&#8221; style=&#8221;vc_box_shadow&#8221; onclick=&#8221;link_image&#8221; parallax_scroll=&#8221;no&#8221;][\/vc_column][\/vc_row][vc_row][vc_column][vc_text_separator title=&#8221;&#8221; css=&#8221;&#8221;]\n\t\t<div id=\"wd-6947491ea7df1\" class=\"title-wrapper wd-wpb wd-set-mb reset-last-child  wd-rs-6947491ea7df1 wd-title-color-default wd-title-style-default text-center  wd-underline-colored\">\n\t\t\t\n\t\t\t<div class=\"liner-continer\">\n\t\t\t\t<h3 class=\"woodmart-title-container title  wd-font-weight- wd-fontsize-l\" >Tovaglia Runner Lino Ricamato<\/h3>\n\t\t\t\t\t\t\t<\/div>\n\t\t\t\n\t\t\t\n\t\t\t\n\t\t<\/div>\n\t\t\n\t\t[\/vc_column][\/vc_row][vc_row content_placement=&#8221;middle&#8221; woodmart_bg_position=&#8221;center-bottom&#8221; css=&#8221;.vc_custom_1699221571391{background-color: #f3f3f3 !important;background-position: 0 0 !important;background-repeat: no-repeat !important;}&#8221; el_class=&#8221;mobile-bg-img-hidden&#8221; mobile_bg_img_hidden=&#8221;no&#8221; tablet_bg_img_hidden=&#8221;no&#8221; woodmart_parallax=&#8221;0&#8243; woodmart_gradient_switch=&#8221;no&#8221; row_reverse_mobile=&#8221;0&#8243; row_reverse_tablet=&#8221;0&#8243; woodmart_disable_overflow=&#8221;0&#8243; woodmart_css_id=&#8221;65481038bac93&#8243; responsive_spacing=&#8221;eyJwYXJhbV90eXBlIjoid29vZG1hcnRfcmVzcG9uc2l2ZV9zcGFjaW5nIiwic2VsZWN0b3JfaWQiOiI2NTQ4MTAzOGJhYzkzIiwic2hvcnRjb2RlIjoidmNfcm93IiwiZGF0YSI6eyJ0YWJsZXQiOnt9LCJtb2JpbGUiOnt9fX0=&#8221; woodmart_box_shadow=&#8221;yes&#8221; wd_box_shadow=&#8221;eyJkZXZpY2VzIjp7ImRlc2t0b3AiOnsiaG9yaXpvbnRhbCI6IjAiLCJ2ZXJ0aWNhbCI6IjAiLCJibHVyIjoiOSIsInNwcmVhZCI6IjAiLCJjb2xvciI6InJnYmEoMCwgMCwgMCwgLjE1KSJ9fX0=&#8221; wd_z_index=&#8221;no&#8221;][vc_column mobile_bg_img_hidden=&#8221;no&#8221; tablet_bg_img_hidden=&#8221;no&#8221; woodmart_parallax=&#8221;0&#8243; woodmart_sticky_column=&#8221;false&#8221; parallax_scroll=&#8221;no&#8221; mobile_reset_margin=&#8221;no&#8221; tablet_reset_margin=&#8221;no&#8221;][vc_single_image image=&#8221;11982&#8243; img_size=&#8221;full&#8221; alignment=&#8221;center&#8221; onclick=&#8221;link_image&#8221; parallax_scroll=&#8221;no&#8221; woodmart_inline=&#8221;no&#8221;][\/vc_column][\/vc_row][vc_row][vc_column]\n\t\t<div id=\"wd-6947491437692\" class=\"title-wrapper wd-wpb wd-set-mb reset-last-child  wd-rs-6947491437692 wd-title-color-primary wd-title-style-bordered text-center justify  wd-underline-colored\">\n\t\t\t\n\t\t\t<div class=\"liner-continer\">\n\t\t\t\t<h3 class=\"woodmart-title-container title  wd-font-weight- wd-fontsize-l\" >CLAUSURA - Tovaglia Runner in Lino la 1\u00b0 della Classe ESCLUSIVA e UNICA.<\/h3>\n\t\t\t\t\t\t\t<\/div>\n\t\t\t\n\t\t\t\t\t\t\t<div class=\"title-after_title reset-last-child  wd-fontsize-xs\">Tovaglie di lino ricamate di tradizione!<\/div>\n\t\t\t\n\t\t\t\n\t\t<\/div>\n\t\t\n\t\t\t\t<div id=\"wd-65481194940c7\" class=\"wd-text-block wd-wpb reset-last-child wd-rs-65481194940c7 text-left \">\n\t\t\t<p style=\"text-align: justify;\"><a href=\"https:\/\/www.puro-lino.com\/\" rel=\"nofollow noopener\" target=\"_blank\">Scopri l&#8217;arte del lino<\/a> e la maestria dell&#8217;artigianato tessile con il nostro Runner, il primo della classe in termini di esclusivit\u00e0 ed unicit\u00e0.<\/p>\n<p style=\"text-align: justify;\">Mentre il mondo avanza, noi celebriamo la tradizione e il fascino dei tessuti, riportandoli in auge per creare ricordi indimenticabili. Le nostre tovaglie in lino ricamate sono l&#8217;epitome dell&#8217;estetica fresca, della semplicit\u00e0 radiante, della lucentezza avvolgente, del volume distintivo, della forza tangibile e della dolcezza che avvolge i sensi.<\/p>\n<p style=\"text-align: justify;\">Queste tovaglie moderne portano con s\u00e9 la storia e l&#8217;essenza dei tempi passati, mentre rinfrescano il tuo spazio a tavola con un tocco di eleganza esclusiva. Ogni dettaglio, dalla trama al ricamo, \u00e8 un&#8217;opera d&#8217;arte realizzata con materiali di prima qualit\u00e0. La base in <a href=\"https:\/\/purolino.eu\/\" rel=\"nofollow noopener\" target=\"_blank\">lino al 100%<\/a> offre una sensazione di &#8220;Soft Touch&#8221; avvolgente, mentre il tessuto si fa pesante e corposo, conferendo un tocco di lusso ad ogni pasto.<\/p>\n<p style=\"text-align: justify;\"><strong>I nostri prodotti sono concepiti, disegnati e distribuiti con passione da Marini&amp;Gerardi,<\/strong> garantendo che ogni pezzo porti con s\u00e9 la dedizione per l&#8217;artigianato e l&#8217;attenzione ai dettagli.<\/p>\n\t\t<\/div>\n\t\t[\/vc_column][\/vc_row]<\/p>\n<\/div>","protected":false},"excerpt":{"rendered":"<p>Tovaglia rettangolare in Lino 100% in tinta unita, con Runner ricamato.\u00a0 CLAUSURA 00 &#8211; una tovaglia Moderna, fresca ed elegante realizzata a mano dalle nostre sarte. Una splendida Tovaglia con un bordo da 5 cm. rifinito a cappuccio.<\/p>\n","protected":false},"featured_media":11985,"template":"","meta":[],"product_brand":[],"product_cat":[145],"product_tag":[],"class_list":{"0":"post-8681","1":"product","2":"type-product","3":"status-publish","4":"has-post-thumbnail","6":"product_cat-tovaglie-di-lino","8":"first","9":"instock","10":"taxable","11":"shipping-taxable","12":"purchasable","13":"product-type-simple"},"_links":{"self":[{"href":"https:\/\/www.marinigerardi.it\/shop\/wp-json\/wp\/v2\/product\/8681","targetHints":{"allow":["GET"]}}],"collection":[{"href":"https:\/\/www.marinigerardi.it\/shop\/wp-json\/wp\/v2\/product"}],"about":[{"href":"https:\/\/www.marinigerardi.it\/shop\/wp-json\/wp\/v2\/types\/product"}],"wp:featuredmedia":[{"embeddable":true,"href":"https:\/\/www.marinigerardi.it\/shop\/wp-json\/wp\/v2\/media\/11985"}],"wp:attachment":[{"href":"https:\/\/www.marinigerardi.it\/shop\/wp-json\/wp\/v2\/media?parent=8681"}],"wp:term":[{"taxonomy":"product_brand","embeddable":true,"href":"https:\/\/www.marinigerardi.it\/shop\/wp-json\/wp\/v2\/product_brand?post=8681"},{"taxonomy":"product_cat","embeddable":true,"href":"https:\/\/www.marinigerardi.it\/shop\/wp-json\/wp\/v2\/product_cat?post=8681"},{"taxonomy":"product_tag","embeddable":true,"href":"https:\/\/www.marinigerardi.it\/shop\/wp-json\/wp\/v2\/product_tag?post=8681"}],"curies":[{"name":"wp","href":"https:\/\/api.w.org\/{rel}","templated":true}]}}