{"id":85699,"date":"2025-07-23T08:51:42","date_gmt":"2025-07-23T08:51:42","guid":{"rendered":"https:\/\/www.marinigerardi.it\/shop\/?post_type=product&#038;p=85699"},"modified":"2025-12-20T01:04:04","modified_gmt":"2025-12-20T01:04:04","slug":"federe-cuscini-da-letto","status":"publish","type":"product","link":"https:\/\/www.marinigerardi.it\/shop\/prodotto\/federe-cuscini-da-letto\/","title":{"rendered":"MISTRAL 600 &#8211; Federe Cuscini da Letto Cotone Alta Gamma"},"content":{"rendered":"<div class=\"wpb-content-wrapper\"><p>[vc_row equal_height=&#8221;yes&#8221; mobile_bg_img_hidden=&#8221;no&#8221; tablet_bg_img_hidden=&#8221;no&#8221; woodmart_parallax=&#8221;0&#8243; woodmart_gradient_switch=&#8221;no&#8221; row_reverse_mobile=&#8221;0&#8243; row_reverse_tablet=&#8221;0&#8243; woodmart_disable_overflow=&#8221;0&#8243;][vc_column offset=&#8221;vc_col-lg-6 vc_col-md-6&#8243; mobile_bg_img_hidden=&#8221;no&#8221; tablet_bg_img_hidden=&#8221;no&#8221; woodmart_parallax=&#8221;0&#8243; woodmart_sticky_column=&#8221;false&#8221; parallax_scroll=&#8221;no&#8221; mobile_reset_margin=&#8221;no&#8221; tablet_reset_margin=&#8221;no&#8221; css=&#8221;.vc_custom_1613071403480{margin-top: 0px !important;}&#8221;]\n\t\t<div id=\"wd-6945f5d2f3c8d\" class=\"title-wrapper wd-wpb wd-set-mb reset-last-child  wd-rs-6945f5d2f3c8d wd-title-color-primary wd-title-style-bordered text-left vc_custom_1766192547968 wd-underline-colored\">\n\t\t\t\n\t\t\t<div class=\"liner-continer\">\n\t\t\t\t<h2 class=\"woodmart-title-container title  wd-font-weight- wd-fontsize-l\" >MISTRAL 600 - Federe Cuscini da Letto Cotone Alta Gamma Made in Italy<\/h2>\n\t\t\t\t\t\t\t<\/div>\n\t\t\t\n\t\t\t\n\t\t\t\n\t\t<\/div>\n\t\t\n\t\t\t\t<div id=\"wd-688493a30c21f\" class=\"wd-text-block wd-wpb reset-last-child wd-rs-688493a30c21f text-left \">\n\t\t\t<p>Federe realizzate in cotone 600 fili raffinatissime per una versione sofisticata, seducente e contemporanea di un tessuto tradizionale.<\/p>\n\t\t<\/div>\n\t\t[vc_message message_box_style=&#8221;outline&#8221; message_box_color=&#8221;grey&#8221; css=&#8221;&#8221;]<span style=\"color: #000000;\"><strong>Questa offerta include<\/strong><\/span><\/p>\n<ul>\n<li><strong>N.1 federa<\/strong> dimensioni standard 50 x 75 o 58 x 80 cm con chiusura a sacchetto\u00a0 (interno non incluso);<\/li>\n<li>Ordina lenzuolo sopra vedi:\u00a0 <a href=\"https:\/\/www.marinigerardi.it\/shop\/prodotto\/lenzuolo-in-percalle-cotone-600\/\"><strong>Compra Lenzuola in Cotone Sopra<\/strong><\/a><\/li>\n<li>Ordina lenzuolo sotto vedi: <strong><a href=\"https:\/\/www.marinigerardi.it\/shop\/prodotto\/cotone-di-percalle-per-lenzuola\/\">\u00a0Compra Lenzuola in Cotone sotto<\/a>.<\/strong><\/li>\n<\/ul>\n<p>Se cercate altre misure\u00a0 o combinazioni colore contattateci ad: <strong>assistenza@marinigerardi.it <\/strong>[\/vc_message]<div id=\"wd-6537cbd6f3613\" class=\" wd-rs-6537cbd6f3613  wd-button-wrapper text-left\"><a href=\"https:\/\/www.marinigerardi.it\/shop\/guida-misure-per-la-biancheria-letto\/\" title=\"GUIDA MISURE PER LA BIANCHERIA LETTO\" target=\"_blank\" class=\"btn btn-style-default btn-shape-rectangle btn-size-default btn-icon-pos-left\">GUIDA MISURE PER LA BIANCHERIA LETTO<span class=\"wd-btn-icon\"><span class=\"wd-icon far fa-arrow-alt-circle-right\"><\/span><\/span><\/a><\/div>[\/vc_column][vc_column css=&#8221;.vc_custom_1612434787067{background-position: center !important;background-repeat: no-repeat !important;background-size: cover !important;}&#8221; offset=&#8221;vc_col-lg-6 vc_col-md-6&#8243; mobile_bg_img_hidden=&#8221;no&#8221; tablet_bg_img_hidden=&#8221;no&#8221; woodmart_parallax=&#8221;0&#8243; woodmart_sticky_column=&#8221;false&#8221; parallax_scroll=&#8221;no&#8221; mobile_reset_margin=&#8221;no&#8221; tablet_reset_margin=&#8221;no&#8221;][vc_single_image image=&#8221;85878&#8243; img_size=&#8221;full&#8221; alignment=&#8221;center&#8221; style=&#8221;vc_box_shadow&#8221; onclick=&#8221;link_image&#8221; css=&#8221;&#8221; parallax_scroll=&#8221;no&#8221; woodmart_inline=&#8221;no&#8221;][\/vc_column][\/vc_row][vc_row][vc_column][vc_empty_space woodmart_hide_large=&#8221;0&#8243; woodmart_hide_medium=&#8221;0&#8243; woodmart_hide_small=&#8221;0&#8243;]\n\t\t<div id=\"wd-6945f5e19808f\" class=\"title-wrapper wd-wpb wd-set-mb reset-last-child  wd-rs-6945f5e19808f wd-title-color-primary wd-title-style-bordered text-center justify  wd-underline-colored\">\n\t\t\t\n\t\t\t<div class=\"liner-continer\">\n\t\t\t\t<h3 class=\"woodmart-title-container title  wd-font-weight- wd-fontsize-l\" >MISTRAL 600 - Federe Cuscini da Letto Cotone Alta Gamma<\/h3>\n\t\t\t\t\t\t\t<\/div>\n\t\t\t\n\t\t\t\n\t\t\t\n\t\t<\/div>\n\t\t\n\t\t[\/vc_column][\/vc_row][vc_row content_placement=&#8221;middle&#8221; woodmart_bg_position=&#8221;center-bottom&#8221; css=&#8221;.vc_custom_1698155379598{background-color: #f3f3f3 !important;background-position: 0 0 !important;background-repeat: no-repeat !important;}&#8221; el_class=&#8221;mobile-bg-img-hidden&#8221; mobile_bg_img_hidden=&#8221;no&#8221; tablet_bg_img_hidden=&#8221;no&#8221; woodmart_parallax=&#8221;0&#8243; woodmart_gradient_switch=&#8221;no&#8221; row_reverse_mobile=&#8221;0&#8243; row_reverse_tablet=&#8221;0&#8243; woodmart_disable_overflow=&#8221;0&#8243; woodmart_css_id=&#8221;6537cb6aa66ee&#8221; responsive_spacing=&#8221;eyJwYXJhbV90eXBlIjoid29vZG1hcnRfcmVzcG9uc2l2ZV9zcGFjaW5nIiwic2VsZWN0b3JfaWQiOiI2NTM3Y2I2YWE2NmVlIiwic2hvcnRjb2RlIjoidmNfcm93IiwiZGF0YSI6eyJ0YWJsZXQiOnt9LCJtb2JpbGUiOnt9fX0=&#8221; woodmart_box_shadow=&#8221;yes&#8221; wd_box_shadow=&#8221;eyJkZXZpY2VzIjp7ImRlc2t0b3AiOnsiaG9yaXpvbnRhbCI6IjAiLCJ2ZXJ0aWNhbCI6IjAiLCJibHVyIjoiOSIsInNwcmVhZCI6IjAiLCJjb2xvciI6InJnYmEoMCwgMCwgMCwgLjE1KSJ9fX0=&#8221; wd_z_index=&#8221;no&#8221;][vc_column mobile_bg_img_hidden=&#8221;no&#8221; tablet_bg_img_hidden=&#8221;no&#8221; woodmart_parallax=&#8221;0&#8243; woodmart_sticky_column=&#8221;false&#8221; parallax_scroll=&#8221;no&#8221; mobile_reset_margin=&#8221;no&#8221; tablet_reset_margin=&#8221;no&#8221;][vc_single_image image=&#8221;65372&#8243; img_size=&#8221;full&#8221; alignment=&#8221;center&#8221; style=&#8221;vc_box_shadow&#8221; onclick=&#8221;link_image&#8221; css=&#8221;&#8221; parallax_scroll=&#8221;no&#8221; woodmart_inline=&#8221;no&#8221;][\/vc_column][\/vc_row][vc_row][vc_column]\n\t\t<div id=\"wd-6945f5f140380\" class=\"title-wrapper wd-wpb wd-set-mb reset-last-child  wd-rs-6945f5f140380 wd-title-color-default wd-title-style-simple text-center  wd-underline-colored\">\n\t\t\t\n\t\t\t<div class=\"liner-continer\">\n\t\t\t\t<h3 class=\"woodmart-title-container title  wd-font-weight- wd-fontsize-l\" >Federe Cuscini da Letto<\/h3>\n\t\t\t\t\t\t\t<\/div>\n\t\t\t\n\t\t\t\n\t\t\t\n\t\t<\/div>\n\t\t\n\t\t[vc_column_text css=&#8221;&#8221; text_larger=&#8221;no&#8221; woodmart_inline=&#8221;no&#8221;]<\/p>\n<p style=\"text-align: justify;\"><b>La stanza pi\u00f9 intima della nostra casa<\/b> \u00e8 quella che maggiormente esalta le nostre emozioni, ci porta, ci coccola al giusto riposo, <strong>le <a href=\"https:\/\/www.marinigerardi.it\/shop\/prodotto\/federe-cuscini-da-letto\/\">Federe cuscini<\/a> MISTRAL 600<\/strong>, ci regalano colore, passione, il giusto<b> relax: <\/b>Morbide e piacevoli sulla pelle e dolce al tatto, versione sofisticata e contemporanea di un tessuto tradizionale.<br \/>\nLe nostre Federe sono di facile manutenzione. Tessuto 100% Cotone Italiano.<\/p>\n<p>[\/vc_column_text][vc_message message_box_style=&#8221;outline&#8221; message_box_color=&#8221;blue&#8221; css=&#8221;&#8221;]<em><strong>Le caratteristiche peculiari del cotone <\/strong>includono una tessitura a armatura semplice con fili altamente ritorti e una elevata densit\u00e0 di fili per pollice quadrato. Questa struttura tessile conferisce al percalle la sua superficie liscia, resistente e piacevole al tatto. Il cotone percalle \u00e8 noto per la sua traspirabilit\u00e0 ed \u00e8 ideale per l\u2019uso nelle stagioni calde, poich\u00e9 favorisce la circolazione dell\u2019aria e assorbe l\u2019umidit\u00e0 corporea.<br \/>\nSolitamente, il cotone \u00e8 impiegato nella produzione di biancheria da letto, come lenzuola, federe e coperte estive, ma trova anche applicazioni negli abiti leggeri, camicie e abbigliamento da casa. <strong>Grazie alla sua sensazione di freschezza e leggerezza, il cotone percalle \u00e8 una scelta popolare per coloro che cercano tessuti di alta qualit\u00e0 nelle stagioni pi\u00f9 calde.<\/strong><\/em>[\/vc_message][\/vc_column][\/vc_row]<\/p>\n<\/div>","protected":false},"excerpt":{"rendered":"<p><strong>MISTRAL\u00a0 600 &#8211; Federe Cuscini da Letto Cotone<\/strong> con tessuto unico di qualit\u00e0 superiore.<\/p>\n","protected":false},"featured_media":85834,"template":"","meta":[],"product_brand":[],"product_cat":[3154,460,713,3158],"product_tag":[1615,1609,500],"class_list":{"0":"post-85699","1":"product","2":"type-product","3":"status-publish","4":"has-post-thumbnail","6":"product_cat-biancheria-da-letto","7":"product_cat-biancheria-letto","8":"product_cat-federe","9":"product_cat-federe-cuscini","10":"product_tag-biancheria-letto","11":"product_tag-federe","12":"product_tag-federe-cuscini-letto","14":"first","15":"instock","16":"taxable","17":"shipping-taxable","18":"purchasable","19":"product-type-simple"},"_links":{"self":[{"href":"https:\/\/www.marinigerardi.it\/shop\/wp-json\/wp\/v2\/product\/85699","targetHints":{"allow":["GET"]}}],"collection":[{"href":"https:\/\/www.marinigerardi.it\/shop\/wp-json\/wp\/v2\/product"}],"about":[{"href":"https:\/\/www.marinigerardi.it\/shop\/wp-json\/wp\/v2\/types\/product"}],"wp:featuredmedia":[{"embeddable":true,"href":"https:\/\/www.marinigerardi.it\/shop\/wp-json\/wp\/v2\/media\/85834"}],"wp:attachment":[{"href":"https:\/\/www.marinigerardi.it\/shop\/wp-json\/wp\/v2\/media?parent=85699"}],"wp:term":[{"taxonomy":"product_brand","embeddable":true,"href":"https:\/\/www.marinigerardi.it\/shop\/wp-json\/wp\/v2\/product_brand?post=85699"},{"taxonomy":"product_cat","embeddable":true,"href":"https:\/\/www.marinigerardi.it\/shop\/wp-json\/wp\/v2\/product_cat?post=85699"},{"taxonomy":"product_tag","embeddable":true,"href":"https:\/\/www.marinigerardi.it\/shop\/wp-json\/wp\/v2\/product_tag?post=85699"}],"curies":[{"name":"wp","href":"https:\/\/api.w.org\/{rel}","templated":true}]}}