{"id":8325,"date":"2024-01-28T10:48:10","date_gmt":"2024-01-28T10:48:10","guid":{"rendered":"https:\/\/marinigerardi.it\/shop\/product\/import-placeholder-for-21264\/"},"modified":"2025-04-10T17:56:52","modified_gmt":"2025-04-10T17:56:52","slug":"vento-del-sud-lenzuola-sopra-lino-exellent","status":"publish","type":"product","link":"https:\/\/www.marinigerardi.it\/shop\/prodotto\/vento-del-sud-lenzuola-sopra-lino-exellent\/","title":{"rendered":"VENTO DEL SUD sp &#8211; Lenzuola Sopra Matrimoniali &#8211; Singole e alla Francese In Lino 100%"},"content":{"rendered":"<div class=\"wpb-content-wrapper\"><p>[vc_row equal_height=&#8221;yes&#8221; mobile_bg_img_hidden=&#8221;no&#8221; tablet_bg_img_hidden=&#8221;no&#8221; woodmart_parallax=&#8221;0&#8243; woodmart_gradient_switch=&#8221;no&#8221; row_reverse_mobile=&#8221;0&#8243; woodmart_disable_overflow=&#8221;0&#8243;][vc_column offset=&#8221;vc_col-lg-6 vc_col-md-6&#8243; mobile_bg_img_hidden=&#8221;no&#8221; tablet_bg_img_hidden=&#8221;no&#8221; woodmart_parallax=&#8221;0&#8243; woodmart_sticky_column=&#8221;false&#8221; parallax_scroll=&#8221;no&#8221; mobile_reset_margin=&#8221;no&#8221; tablet_reset_margin=&#8221;no&#8221; css=&#8221;.vc_custom_1613071403480{margin-top: 0px !important;}&#8221;]\n\t\t<div id=\"wd-67f805851b4ad\" class=\"title-wrapper wd-wpb wd-set-mb reset-last-child  wd-rs-67f805851b4ad wd-title-color-primary wd-title-style-bordered text-left vc_custom_1744307608493 wd-underline-colored\">\n\t\t\t\n\t\t\t<div class=\"liner-continer\">\n\t\t\t\t<h2 class=\"woodmart-title-container title  wd-font-weight-600 wd-fontsize-l\" >VENTO DEL SUD - Lenzuola Sopra Matrimoniali - Singolo e alla Francese<\/h2>\n\t\t\t\t\t\t\t<\/div>\n\t\t\t\n\t\t\t\n\t\t\t\n\t\t<\/div>\n\t\t\n\t\t\t\t<div id=\"wd-67d98cf67460a\" class=\"wd-text-block wd-wpb reset-last-child wd-rs-67d98cf67460a text-left \">\n\t\t\t<p>Lenzuola realizzate con il tessuto <em><strong>OSTUNI <\/strong><\/em>puro lino prelavato certificato dallo standard\u00a0 MASTERS OF LINEN\u00ae (il lino pi\u00f9 fine al mondo), il marchio definito d\u2019eccellenza per i prodotti che rispettano la salute e l\u2019ambiente.<\/p>\n\t\t<\/div>\n\t\t[vc_message message_box_style=&#8221;outline&#8221; message_box_color=&#8221;grey&#8221; css=&#8221;.vc_custom_1742311055707{margin-top: 0px !important;}&#8221;]<\/p>\n<ul>\n<li>Questa offerta include solo <strong>uno <a href=\"https:\/\/www.marinigerardi.it\/shop\/prodotto\/vento-del-sud-lenzuola-sopra-lino-exellent\/\">lenzuolo sopra<\/a><\/strong>.<\/li>\n<li>Se avete bisogno di lenzuolo sotto, si prega di ricercare: \u2192\u00a0 <a href=\"https:\/\/marinigerardi.it\/shop\/prodotto\/ostuni-lenzuolo-sotto-elasticizzato-lino-lavato\/\"><strong>Vento del Sud\/Lenzuolo Sotto<\/strong><\/a>,<\/li>\n<li>se vi servono le federe, si prega di ricercare:<strong> \u2192\u00a0 <a href=\"https:\/\/marinigerardi.it\/shop\/prodotto\/ostuni-le-federe-letto\/\"> Vento Del Sud\/Federe <\/a>. <\/strong><\/li>\n<\/ul>\n<p>Lenzuola Sopra Matrimoniali se avete bisogno di altre misure o combinazioni contattateci a: <strong>assistenza@marinigerardi.it <\/strong>[\/vc_message]<div id=\"wd-61d6c89aca298\" class=\" wd-rs-61d6c89aca298  wd-button-wrapper text-left\"><a href=\"https:\/\/www.marinigerardi.it\/shop\/guida-misure-per-la-biancheria-letto\/\" title=\"GUIDA MISURE PER LA BIANCHERIA LETTO\" target=\"_blank\" class=\"btn btn-style-link btn-shape-rectangle btn-size-default btn-icon-pos-left\">GUIDA MISURE PER LA BIANCHERIA LETTO<span class=\"wd-btn-icon\"><span class=\"wd-icon far fa-arrow-alt-circle-right\"><\/span><\/span><\/a><\/div>[\/vc_column][vc_column css=&#8221;.vc_custom_1612434787067{background-position: center !important;background-repeat: no-repeat !important;background-size: cover !important;}&#8221; offset=&#8221;vc_col-lg-6 vc_col-md-6&#8243; mobile_bg_img_hidden=&#8221;no&#8221; tablet_bg_img_hidden=&#8221;no&#8221; woodmart_parallax=&#8221;0&#8243; woodmart_sticky_column=&#8221;false&#8221; parallax_scroll=&#8221;no&#8221; mobile_reset_margin=&#8221;no&#8221; tablet_reset_margin=&#8221;no&#8221;][vc_single_image image=&#8221;11652&#8243; img_size=&#8221;full&#8221; alignment=&#8221;center&#8221; style=&#8221;vc_box_shadow&#8221; onclick=&#8221;link_image&#8221; parallax_scroll=&#8221;no&#8221;][\/vc_column][\/vc_row][vc_row][vc_column][vc_empty_space woodmart_hide_large=&#8221;0&#8243; woodmart_hide_medium=&#8221;0&#8243; woodmart_hide_small=&#8221;0&#8243;]\n\t\t<div id=\"wd-67f805966461a\" class=\"title-wrapper wd-wpb wd-set-mb reset-last-child  wd-rs-67f805966461a wd-title-color-default wd-title-style-default text-center  wd-underline-colored\">\n\t\t\t\n\t\t\t<div class=\"liner-continer\">\n\t\t\t\t<h3 class=\"woodmart-title-container title  wd-font-weight-600 wd-fontsize-l\" >Lenzuola Sopra Matrimoniali in Lino - Singolo e alla Francese<\/h3>\n\t\t\t\t\t\t\t<\/div>\n\t\t\t\n\t\t\t\n\t\t\t\n\t\t<\/div>\n\t\t\n\t\t[\/vc_column][\/vc_row][vc_row content_placement=&#8221;middle&#8221; woodmart_bg_position=&#8221;center-bottom&#8221; css=&#8221;.vc_custom_1742310729594{background-color: #F3F3F3 !important;background-position: 0 0 !important;background-repeat: no-repeat !important;}&#8221; el_class=&#8221;mobile-bg-img-hidden&#8221; mobile_bg_img_hidden=&#8221;no&#8221; tablet_bg_img_hidden=&#8221;no&#8221; woodmart_parallax=&#8221;0&#8243; woodmart_gradient_switch=&#8221;no&#8221; row_reverse_mobile=&#8221;0&#8243; row_reverse_tablet=&#8221;0&#8243; woodmart_disable_overflow=&#8221;0&#8243; woodmart_css_id=&#8221;67d98d36534d8&#8243; responsive_spacing=&#8221;eyJwYXJhbV90eXBlIjoid29vZG1hcnRfcmVzcG9uc2l2ZV9zcGFjaW5nIiwic2VsZWN0b3JfaWQiOiI2N2Q5OGQzNjUzNGQ4Iiwic2hvcnRjb2RlIjoidmNfcm93IiwiZGF0YSI6eyJ0YWJsZXQiOnt9LCJtb2JpbGUiOnt9fX0=&#8221; woodmart_box_shadow=&#8221;no&#8221; wd_z_index=&#8221;no&#8221;][vc_column width=&#8221;1\/2&#8243; mobile_bg_img_hidden=&#8221;no&#8221; tablet_bg_img_hidden=&#8221;no&#8221; woodmart_parallax=&#8221;0&#8243; woodmart_sticky_column=&#8221;false&#8221; parallax_scroll=&#8221;no&#8221; mobile_reset_margin=&#8221;no&#8221; tablet_reset_margin=&#8221;no&#8221;][vc_single_image image=&#8221;11675&#8243; img_size=&#8221;full&#8221; alignment=&#8221;center&#8221; style=&#8221;vc_box_shadow&#8221; onclick=&#8221;link_image&#8221; parallax_scroll=&#8221;no&#8221;][\/vc_column][vc_column width=&#8221;1\/2&#8243; css=&#8221;.vc_custom_1535101510463{margin-top: 4vh !important;padding-top: 0px !important;}&#8221;]\n\t\t<div id=\"wd-67f805a30ff34\" class=\"title-wrapper wd-wpb wd-set-mb reset-last-child  wd-rs-67f805a30ff34 wd-title-color-primary wd-title-style-bordered text-left justify  wd-underline-colored\">\n\t\t\t\n\t\t\t<div class=\"liner-continer\">\n\t\t\t\t<h3 class=\"woodmart-title-container title  wd-font-weight-600 wd-fontsize-l\" >VENTO DEL SUD - Lenzuola Sopra Matrimoniali - Singolo alla Francese in Lino 100%<\/h3>\n\t\t\t\t\t\t\t<\/div>\n\t\t\t\n\t\t\t\t\t\t\t<div class=\"title-after_title reset-last-child  wd-fontsize-xs\">Comfort eccezionale per un sonno incredibile!<\/div>\n\t\t\t\n\t\t\t\n\t\t<\/div>\n\t\t\n\t\t\t\t<div id=\"wd-665766e4c69f5\" class=\"wd-text-block wd-wpb reset-last-child wd-rs-665766e4c69f5 text-left \">\n\t\t\t<p>&#8211; <b>non provoca allergie<\/b>: un tessuto anallergico e antibatterico, rispetta senza irritare anche le pelli pi\u00f9 delicate;<br \/>\n&#8211; <strong>Igienico:<\/strong> grazie al suo potere assorbente e di rapida evaporazione;<br \/>\n&#8211; <b>resistenza<\/b>: il lino \u00e8 una fibra resistente insensibile all&#8217;invecchiamento, non assorbe cattivi odori, a ogni lavaggio diventa pi\u00f9 morbido, conservando inalterata la sua luminosit\u00e0.<br \/>\n&#8211; <b>termoregolazione<\/b>: il lino \u00e8 infatti in grado di donare freschezza (\u00e8 perfetto per gli abiti estivi) ma al tempo stesso riesce a mantenere costante il calore (dunque va bene anche in inverno)<br \/>\n&#8211; <b>traspirazione<\/b>: <a href=\"https:\/\/www.marinigerardi.it\/shop\/prodotto\/vento-del-sud-lenzuola-sopra-lino-exellent\/\">questo tessuto<\/a> riesce ad assorbire in modo ottimale l\u2019umidit\u00e0 e contemporaneamente a far respirare la pelle; riesce a filtrare anche i raggi UVA<\/p>\n\t\t<\/div>\n\t\t[\/vc_column][\/vc_row][vc_row][vc_column]\n\t\t<div id=\"wd-67f805b9ec2f4\" class=\"title-wrapper wd-wpb wd-set-mb reset-last-child  wd-rs-67f805b9ec2f4 wd-title-color-primary wd-title-style-bordered text-left justify  wd-underline-colored\">\n\t\t\t\n\t\t\t<div class=\"liner-continer\">\n\t\t\t\t<h3 class=\"woodmart-title-container title  wd-font-weight-600 wd-fontsize-l\" >Lenzuola Sopra Matrimoniali - Singolo e alla Francese in lino lavato - Parliamo della fibra naturale per eccellenza<\/h3>\n\t\t\t\t\t\t\t<\/div>\n\t\t\t\n\t\t\t\t\t\t\t<div class=\"title-after_title reset-last-child  wd-fontsize-xs\">Comfort Hotel 5 Stelle<\/div>\n\t\t\t\n\t\t\t\n\t\t<\/div>\n\t\t\n\t\t\t\t<div id=\"wd-665766911dcb6\" class=\"wd-text-block wd-wpb reset-last-child wd-rs-665766911dcb6 text-left \">\n\t\t\t<p><strong>Dormire in un letto in lino \u00e8 un\u2019esperienza unica. Tessuto meraviglioso: Fresco d\u2019estate e caldo d\u2019inverno.<\/strong> \u2013 Un progetto arredo letto deliziosamente elegante ed ammiccante. Le tue\u00a0 Lenzuola <a href=\"https:\/\/lenzuola.eu\/\" rel=\"nofollow noopener\" target=\"_blank\">fresche e di classe<\/a>\u2026. un vero, grande tesoro in casa.<br \/>\nDormire ogni notte come in un albergo 5 stelle al massimo del comfort.<br \/>\nLa sola cosa di cui dovrai preoccuparti sar\u00e0 alzarti al mattino, perch\u00e9 non avrai molta voglia di mettere fuori la testa dal letto!<\/p>\n\t\t<\/div>\n\t\t[\/vc_column][\/vc_row]<\/p>\n<\/div>","protected":false},"excerpt":{"rendered":"<p>Lenzuolo confezionate con OSTUNI tessuto di lino prelavato di primissima qualit\u00e0 in Tessuto <strong>No Stiro. Sulla Vostra Pelle Lenzuola Sopra Matrimoniali &#8211; Prodotti di qualit\u00e0 Marini &amp; Gerardi<br \/>\n<\/strong><\/p>\n","protected":false},"featured_media":11674,"template":"","meta":[],"product_brand":[],"product_cat":[1562],"product_tag":[],"class_list":{"0":"post-8325","1":"product","2":"type-product","3":"status-publish","4":"has-post-thumbnail","6":"product_cat-lenzuolo-sopra","8":"first","9":"instock","10":"taxable","11":"shipping-taxable","12":"purchasable","13":"product-type-simple"},"_links":{"self":[{"href":"https:\/\/www.marinigerardi.it\/shop\/wp-json\/wp\/v2\/product\/8325","targetHints":{"allow":["GET"]}}],"collection":[{"href":"https:\/\/www.marinigerardi.it\/shop\/wp-json\/wp\/v2\/product"}],"about":[{"href":"https:\/\/www.marinigerardi.it\/shop\/wp-json\/wp\/v2\/types\/product"}],"wp:featuredmedia":[{"embeddable":true,"href":"https:\/\/www.marinigerardi.it\/shop\/wp-json\/wp\/v2\/media\/11674"}],"wp:attachment":[{"href":"https:\/\/www.marinigerardi.it\/shop\/wp-json\/wp\/v2\/media?parent=8325"}],"wp:term":[{"taxonomy":"product_brand","embeddable":true,"href":"https:\/\/www.marinigerardi.it\/shop\/wp-json\/wp\/v2\/product_brand?post=8325"},{"taxonomy":"product_cat","embeddable":true,"href":"https:\/\/www.marinigerardi.it\/shop\/wp-json\/wp\/v2\/product_cat?post=8325"},{"taxonomy":"product_tag","embeddable":true,"href":"https:\/\/www.marinigerardi.it\/shop\/wp-json\/wp\/v2\/product_tag?post=8325"}],"curies":[{"name":"wp","href":"https:\/\/api.w.org\/{rel}","templated":true}]}}