{"id":8319,"date":"2021-01-28T10:48:07","date_gmt":"2021-01-28T10:48:07","guid":{"rendered":"https:\/\/marinigerardi.it\/shop\/product\/import-placeholder-for-21252\/"},"modified":"2025-03-18T17:41:20","modified_gmt":"2025-03-18T17:41:20","slug":"lenzuolo-matrimoniale-con-angoli","status":"publish","type":"product","link":"https:\/\/www.marinigerardi.it\/shop\/prodotto\/lenzuolo-matrimoniale-con-angoli\/","title":{"rendered":"VENTO DEL SUD st &#8211; Lenzuolo Matrimoniale con Angoli (sotto) &#8211; Singolo e alla Francese"},"content":{"rendered":"<div class=\"wpb-content-wrapper\"><p>[vc_row equal_height=&#8221;yes&#8221; mobile_bg_img_hidden=&#8221;no&#8221; tablet_bg_img_hidden=&#8221;no&#8221; woodmart_parallax=&#8221;0&#8243; woodmart_gradient_switch=&#8221;no&#8221; row_reverse_mobile=&#8221;0&#8243; row_reverse_tablet=&#8221;0&#8243; woodmart_disable_overflow=&#8221;0&#8243;][vc_column offset=&#8221;vc_col-lg-6 vc_col-md-6&#8243; mobile_bg_img_hidden=&#8221;no&#8221; tablet_bg_img_hidden=&#8221;no&#8221; woodmart_parallax=&#8221;0&#8243; woodmart_sticky_column=&#8221;false&#8221; parallax_scroll=&#8221;no&#8221; mobile_reset_margin=&#8221;no&#8221; tablet_reset_margin=&#8221;no&#8221; css=&#8221;.vc_custom_1613071403480{margin-top: 0px !important;}&#8221;]\n\t\t<div id=\"wd-63c08eddaeb73\" class=\"title-wrapper wd-wpb wd-set-mb reset-last-child  wd-rs-63c08eddaeb73 wd-title-color-primary wd-title-style-bordered text-left vc_custom_1673563894900 wd-underline-colored\">\n\t\t\t\n\t\t\t<div class=\"liner-continer\">\n\t\t\t\t<h2 class=\"woodmart-title-container title  wd-font-weight-500 wd-fontsize-l\" >VENTO DEL SUD - Lenzuolo Matrimoniale con Angoli - Lenzuola Singole, Lenzuola 1 Piazza e Mezzo. Tessuto No Stiro<\/h2>\n\t\t\t\t\t\t\t<\/div>\n\t\t\t\n\t\t\t\n\t\t\t\n\t\t<\/div>\n\t\t\n\t\t[vc_message message_box_style=&#8221;outline&#8221; message_box_color=&#8221;grey&#8221; css=&#8221;.vc_custom_1725463846379{margin-top: 0px !important;}&#8221;]<\/p>\n<p style=\"text-align: justify;\"><span class=\"a-list-item\"><a href=\"https:\/\/www.marinigerardi.it\/shop\/prodotto\/lenzuolo-matrimoniale-con-angoli\/\">Questa offerta include<\/a> solo <strong>uno lenzuolo sotto<\/strong> elasticizzato. Se avete bisogno del lenzuolo sopra, si prega di ricercare: \u2192 <span style=\"color: #0000ff;\"><a style=\"color: #0000ff;\" href=\"https:\/\/marinigerardi.it\/shop\/prodotto\/ostuni-completo-lenzuola-1-piazza-e-mezza-lino-lavato-federe\/\"><span style=\"color: #0000ff;\"><strong>Vento Del Sud\/Lenzuolo Sopra<\/strong> <\/span><\/a><\/span>, per le federe, si prega di ricercare: \u2192\u00a0<strong><span style=\"color: #0000ff;\"> <a style=\"color: #0000ff;\" href=\"https:\/\/marinigerardi.it\/shop\/prodotto\/ostuni-le-federe-letto\/\">Vento Del Sud\/Federe<\/a><\/span>. <\/strong>Per altre misure o combinazioni colore contattateci ad <strong>assistenza@marinigerardi.it <\/strong><\/span><\/p>\n<p>[\/vc_message]<div id=\"wd-61d6c94f24bf6\" class=\" wd-rs-61d6c94f24bf6  wd-button-wrapper text-left\"><a href=\"https:\/\/www.marinigerardi.it\/shop\/guida-misure-per-la-biancheria-letto\/\" title=\"GUIDA MISURE PER LA BIANCHERIA LETTO\" target=\"_blank\" class=\"btn btn-style-link btn-shape-rectangle btn-size-default btn-icon-pos-left\">GUIDA MISURE PER LA BIANCHERIA LETTO<span class=\"wd-btn-icon\"><span class=\"wd-icon far fa-arrow-alt-circle-right\"><\/span><\/span><\/a><\/div>\t\t<div id=\"wd-66d87d59e0d19\" class=\"wd-text-block wd-wpb reset-last-child wd-rs-66d87d59e0d19 text-left \">\n\t\t\t<p><strong>Lenzuolo matrimoniale con angoli elasticizzato<\/strong> realizzato con il tessuto puro lino certificato dallo standard\u00a0 MASTERS OF LINEN\u00ae il lino pi\u00f9 fine al mondo, il marchio definito d\u2019eccellenza per i prodotti che rispettano la salute e l\u2019ambiente. <\/p>\n\t\t<\/div>\n\t\t[\/vc_column][vc_column css=&#8221;.vc_custom_1612434787067{background-position: center !important;background-repeat: no-repeat !important;background-size: cover !important;}&#8221; offset=&#8221;vc_col-lg-6 vc_col-md-6&#8243; mobile_bg_img_hidden=&#8221;no&#8221; tablet_bg_img_hidden=&#8221;no&#8221; woodmart_parallax=&#8221;0&#8243; woodmart_sticky_column=&#8221;false&#8221; parallax_scroll=&#8221;no&#8221; mobile_reset_margin=&#8221;no&#8221; tablet_reset_margin=&#8221;no&#8221;][vc_single_image image=&#8221;11656&#8243; img_size=&#8221;full&#8221; alignment=&#8221;center&#8221; style=&#8221;vc_box_shadow&#8221; onclick=&#8221;link_image&#8221; parallax_scroll=&#8221;no&#8221; woodmart_inline=&#8221;no&#8221;][\/vc_column][\/vc_row][vc_row][vc_column][vc_empty_space woodmart_hide_large=&#8221;0&#8243; woodmart_hide_medium=&#8221;0&#8243; woodmart_hide_small=&#8221;0&#8243;]\n\t\t<div id=\"wd-67d9affcd33e5\" class=\"title-wrapper wd-wpb wd-set-mb reset-last-child  wd-rs-67d9affcd33e5 wd-title-color-default wd-title-style-default text-center  wd-underline-colored\">\n\t\t\t\n\t\t\t<div class=\"liner-continer\">\n\t\t\t\t<h3 class=\"woodmart-title-container title  wd-font-weight- wd-fontsize-l\" >Lenzuolo Matrimoniale con Angoli<\/h3>\n\t\t\t\t\t\t\t<\/div>\n\t\t\t\n\t\t\t\n\t\t\t\n\t\t<\/div>\n\t\t\n\t\t[\/vc_column][\/vc_row][vc_row content_placement=&#8221;middle&#8221; woodmart_bg_position=&#8221;center-bottom&#8221; css=&#8221;.vc_custom_1742319654138{background-color: #F3F3F3 !important;background-position: 0 0 !important;background-repeat: no-repeat !important;}&#8221; el_class=&#8221;mobile-bg-img-hidden&#8221; mobile_bg_img_hidden=&#8221;no&#8221; tablet_bg_img_hidden=&#8221;no&#8221; woodmart_parallax=&#8221;0&#8243; woodmart_gradient_switch=&#8221;no&#8221; row_reverse_mobile=&#8221;0&#8243; row_reverse_tablet=&#8221;0&#8243; woodmart_disable_overflow=&#8221;0&#8243; woodmart_css_id=&#8221;67d9b01452da3&#8243; responsive_spacing=&#8221;eyJwYXJhbV90eXBlIjoid29vZG1hcnRfcmVzcG9uc2l2ZV9zcGFjaW5nIiwic2VsZWN0b3JfaWQiOiI2N2Q5YjAxNDUyZGEzIiwic2hvcnRjb2RlIjoidmNfcm93IiwiZGF0YSI6eyJ0YWJsZXQiOnt9LCJtb2JpbGUiOnt9fX0=&#8221; woodmart_box_shadow=&#8221;no&#8221; wd_z_index=&#8221;no&#8221;][vc_column mobile_bg_img_hidden=&#8221;no&#8221; tablet_bg_img_hidden=&#8221;no&#8221; woodmart_parallax=&#8221;0&#8243; woodmart_sticky_column=&#8221;false&#8221; parallax_scroll=&#8221;no&#8221; mobile_reset_margin=&#8221;no&#8221; tablet_reset_margin=&#8221;no&#8221;][vc_single_image image=&#8221;11675&#8243; img_size=&#8221;full&#8221; alignment=&#8221;center&#8221; style=&#8221;vc_box_shadow&#8221; onclick=&#8221;link_image&#8221; css=&#8221;&#8221; parallax_scroll=&#8221;no&#8221; woodmart_inline=&#8221;no&#8221;][\/vc_column][\/vc_row][vc_row][vc_column]\n\t\t<div id=\"wd-67d9b00bd20a1\" class=\"title-wrapper wd-wpb wd-set-mb reset-last-child  wd-rs-67d9b00bd20a1 wd-title-color-primary wd-title-style-bordered text-left justify  wd-underline-colored\">\n\t\t\t\t\t\t\t\n\t\t\t\t<div class=\"title-subtitle  subtitle-color-primary font-alt subtitle-style-default wd-font-weight- wd-fontsize-xs\">Comfort eccezionale per un sonno incredibile!<\/div>\n\t\t\t\n\t\t\t<div class=\"liner-continer\">\n\t\t\t\t<h3 class=\"woodmart-title-container title  wd-font-weight-400 wd-fontsize-l\" >VENTO DEL SUD - Lenzuolo Matrimoniale con Angoli in Lino<\/h3>\n\t\t\t\t\t\t\t<\/div>\n\t\t\t\n\t\t\t\n\t\t\t\n\t\t<\/div>\n\t\t\n\t\t[vc_column_text text_larger=&#8221;no&#8221;]<\/p>\n<p style=\"text-align: justify;\">Le nostre lenzuola in lino sono di facile manutenzione, e se amate il vintage e l\u2019informale non necessitano di essere stirate. Tessuto 100% LINO Italiano Trattamento indanthrene con colore particolarmente stabile alla luce, agli agenti atmosferici e ai lavaggi.<\/p>\n<p>[\/vc_column_text][vc_column_text text_larger=&#8221;no&#8221;]<\/p>\n<p style=\"text-align: justify;\">Il nostro lino \u00e8 un tessuto di grande bellezza, luminoso e capace di far acquisire grande rilievo ai colori e agli effetti cromatici. La stropicciatura \u00e8 una sua caratteristica e questo non \u00e8 un difetto, noi di Marini&amp;Gerardi amiamo questa propriet\u00e0 perch\u00e8 ci si sente finalmente a casa.<\/p>\n<p>[\/vc_column_text][\/vc_column][\/vc_row]<\/p>\n<\/div>","protected":false},"excerpt":{"rendered":"<p style=\"text-align: justify;\"><strong>VENTO DEL SUD &#8211; Lenzuolo Matrimoniale con Angoli Elasticizzati<\/strong> realizzato con tessuto puro Lino di grande bellezza, morbido e luminoso. Tessuto <strong>No Stiro<\/strong><strong>.\u00a0<\/strong><\/p>\n","protected":false},"featured_media":11682,"template":"","meta":[],"product_brand":[],"product_cat":[460,614,3611,1563],"product_tag":[1615,1629,1071],"class_list":{"0":"post-8319","1":"product","2":"type-product","3":"status-publish","4":"has-post-thumbnail","6":"product_cat-biancheria-letto","7":"product_cat-lenzuola","8":"product_cat-lenzuola-con-angoli","9":"product_cat-lenzuolo-sotto","10":"product_tag-biancheria-letto","11":"product_tag-lenzuola-sotto","12":"product_tag-lenzuola-tinta-unita","14":"first","15":"instock","16":"taxable","17":"shipping-taxable","18":"purchasable","19":"product-type-simple"},"_links":{"self":[{"href":"https:\/\/www.marinigerardi.it\/shop\/wp-json\/wp\/v2\/product\/8319","targetHints":{"allow":["GET"]}}],"collection":[{"href":"https:\/\/www.marinigerardi.it\/shop\/wp-json\/wp\/v2\/product"}],"about":[{"href":"https:\/\/www.marinigerardi.it\/shop\/wp-json\/wp\/v2\/types\/product"}],"wp:featuredmedia":[{"embeddable":true,"href":"https:\/\/www.marinigerardi.it\/shop\/wp-json\/wp\/v2\/media\/11682"}],"wp:attachment":[{"href":"https:\/\/www.marinigerardi.it\/shop\/wp-json\/wp\/v2\/media?parent=8319"}],"wp:term":[{"taxonomy":"product_brand","embeddable":true,"href":"https:\/\/www.marinigerardi.it\/shop\/wp-json\/wp\/v2\/product_brand?post=8319"},{"taxonomy":"product_cat","embeddable":true,"href":"https:\/\/www.marinigerardi.it\/shop\/wp-json\/wp\/v2\/product_cat?post=8319"},{"taxonomy":"product_tag","embeddable":true,"href":"https:\/\/www.marinigerardi.it\/shop\/wp-json\/wp\/v2\/product_tag?post=8319"}],"curies":[{"name":"wp","href":"https:\/\/api.w.org\/{rel}","templated":true}]}}