{"id":8133,"date":"2021-01-28T10:43:15","date_gmt":"2021-01-28T10:43:15","guid":{"rendered":"https:\/\/marinigerardi.it\/shop\/product\/import-placeholder-for-16250\/"},"modified":"2026-01-23T22:28:32","modified_gmt":"2026-01-23T22:28:32","slug":"vacanze-romane-tovaglie-antimacchia-su-misura","status":"publish","type":"product","link":"https:\/\/www.marinigerardi.it\/shop\/prodotto\/vacanze-romane-tovaglie-antimacchia-su-misura\/","title":{"rendered":"VACANZE ROMANE &#8211; Tovaglie Antimacchia Su Misura con bordo"},"content":{"rendered":"<div class=\"wpb-content-wrapper\"><p>[vc_row equal_height=&#8221;yes&#8221; mobile_bg_img_hidden=&#8221;no&#8221; tablet_bg_img_hidden=&#8221;no&#8221; woodmart_parallax=&#8221;0&#8243; woodmart_gradient_switch=&#8221;no&#8221; row_reverse_mobile=&#8221;0&#8243; row_reverse_tablet=&#8221;0&#8243; woodmart_disable_overflow=&#8221;0&#8243;][vc_column offset=&#8221;vc_col-lg-6 vc_col-md-6&#8243; mobile_bg_img_hidden=&#8221;no&#8221; tablet_bg_img_hidden=&#8221;no&#8221; woodmart_parallax=&#8221;0&#8243; woodmart_sticky_column=&#8221;false&#8221; parallax_scroll=&#8221;no&#8221; mobile_reset_margin=&#8221;no&#8221; tablet_reset_margin=&#8221;no&#8221; css=&#8221;.vc_custom_1613071403480{margin-top: 0px !important;}&#8221;]\n\t\t<div id=\"wd-694737c932701\" class=\"title-wrapper wd-wpb wd-set-mb reset-last-child  wd-rs-694737c932701 wd-title-color-primary wd-title-style-bordered text-left vc_custom_1766274971421 wd-underline-colored\">\n\t\t\t\n\t\t\t<div class=\"liner-continer\">\n\t\t\t\t<h2 class=\"woodmart-title-container title  wd-font-weight- wd-fontsize-l\" >VACANZE ROMANE. Tovaglie Antimacchia su misura con bordo<\/h2>\n\t\t\t\t\t\t\t<\/div>\n\t\t\t\n\t\t\t\n\t\t\t\n\t\t<\/div>\n\t\t\n\t\t\t\t<div id=\"wd-65482cea01372\" class=\"wd-text-block wd-wpb reset-last-child wd-rs-65482cea01372 text-left \">\n\t\t\t<p style=\"text-align: justify;\">Una <a href=\"https:\/\/www.marinigerardi.it\/shop\/prodotto\/vacanze-romane-tovaglie-antimacchia-su-misura\/\">Tovaglia<\/a> di Lino disponibile in 9 combinazioni base di colore. Tessuto 100% LINO a trama fitta ben strutturato con finitura rasata per una piacevole sensazione al tatto. I colori da noi selezionati rendono questo prodotto unico. Il trattamento antimacchia \u00e8 garantito per resistere a pi\u00f9 lavaggi, per evitare di sottoporre il tessuto a stress troppo frequenti si suggerisce di rimuovere le macchie manualmente entro un\u2019ora.<\/p>\n\t\t<\/div>\n\t\t[vc_tta_accordion title_tag=&#8221;h3&#8243; section_title_tag=&#8221;h3&#8243; active_section=&#8221;&#8221; collapsible_all=&#8221;true&#8221;][vc_tta_section title=&#8221;Info &amp; Scheda Prodotto&#8221; tab_id=&#8221;1769207209828-50297129-d093&#8243;]\t\t<div id=\"wd-6973f5c7f1d0b\" class=\"wd-text-block wd-wpb reset-last-child wd-rs-6973f5c7f1d0b text-left \">\n\t\t\t<p><strong>Tovaglie Antimacchia Su Misura con Tessuto: <\/strong>100% Lino \u201creal idrorepellente\u201d;<br \/>\n<strong>Bordo:<\/strong> Balza floreale 55% lino 45% Viscosa (cm.10 circa )<br \/>\n<strong>Colori: <\/strong>01 bianco, 02 bordeaux, 09 antracite, 14 fango, 03 rosato, 08 grigio nuvola, 15 blu pervinca, 11 marrone, 13 malva;<br \/>\n<strong>Misure cm:<\/strong> 160\u00d7160 | 160\u00d7200 | 160\u00d7230 | 160\u00d7260 | 160\u00d7280 | 160\u00d7300 |<\/p>\n<p>Per misure particolari vi preghiamo di contattarci al Indirizzo mail <strong>assistenza@marinigerardi.it<\/strong><\/p>\n\t\t<\/div>\n\t\t[\/vc_tta_section][\/vc_tta_accordion][\/vc_column][vc_column css=&#8221;.vc_custom_1612434787067{background-position: center !important;background-repeat: no-repeat !important;background-size: cover !important;}&#8221; offset=&#8221;vc_col-lg-6 vc_col-md-6&#8243; mobile_bg_img_hidden=&#8221;no&#8221; tablet_bg_img_hidden=&#8221;no&#8221; woodmart_parallax=&#8221;0&#8243; woodmart_sticky_column=&#8221;false&#8221; parallax_scroll=&#8221;no&#8221; mobile_reset_margin=&#8221;no&#8221; tablet_reset_margin=&#8221;no&#8221;]\t\t<div id=\"gallery_412\" class=\"wd-images-gallery wd-wpb photoswipe-images\" style=\"--wd-justify-content:center;--wd-align-items:center;\">\n\t\t\t\n\t\t\t<div class=\" wd-grid-g\" style=\"--wd-col-lg:2;--wd-col-md:2;--wd-col-sm:1;--wd-gap-lg:10px;\">\n\t\t\t\t\n\t\t\t\t\t\t\t\t\t\t\t\t\t\t\t<div class=\"wd-gallery-item wd-col\">\n\t\t\t\t\t\t\t\t\t\t\t\t\t\t<a href=\"https:\/\/www.marinigerardi.it\/shop\/wp-content\/uploads\/2021\/06\/tovaglia-antimacchia-resinata-tinta-unita-blu-pervinca-bordo-fiori.jpg\" data-elementor-open-lightbox=\"no\" data-index=\"1\" data-width=\"1024\" data-height=\"768\" \n\t\t\t\t\t\t\t\t\t\t\t\t\t\t\t\t\t\t\t\t\t\t\t\t\t\t\t\ttitle=\"Tovaglia Antimacchia Resinata Tinta Unita Blu Pervinca Bordo Fiori\">\n\t\t\t\t\t\t\t\t\n\t\t\t\t\t\t\t\t<img decoding=\"async\" width=\"1024\" height=\"768\" src=\"https:\/\/www.marinigerardi.it\/shop\/wp-content\/uploads\/2021\/06\/tovaglia-antimacchia-resinata-tinta-unita-blu-pervinca-bordo-fiori.jpg.webp\" class=\"wd-gallery-image image-1\" alt=\"Tovaglia Antimacchia Resinata Tinta Unita Blu Pervinca Bordo Fiori\" srcset=\"https:\/\/www.marinigerardi.it\/shop\/wp-content\/uploads\/2021\/06\/tovaglia-antimacchia-resinata-tinta-unita-blu-pervinca-bordo-fiori.jpg.webp 1024w, https:\/\/www.marinigerardi.it\/shop\/wp-content\/uploads\/2021\/06\/tovaglia-antimacchia-resinata-tinta-unita-blu-pervinca-bordo-fiori-450x338.jpg 450w, https:\/\/www.marinigerardi.it\/shop\/wp-content\/uploads\/2021\/06\/tovaglia-antimacchia-resinata-tinta-unita-blu-pervinca-bordo-fiori-1000x750.jpg 1000w, https:\/\/www.marinigerardi.it\/shop\/wp-content\/uploads\/2021\/06\/tovaglia-antimacchia-resinata-tinta-unita-blu-pervinca-bordo-fiori-300x225.jpg.webp 300w, https:\/\/www.marinigerardi.it\/shop\/wp-content\/uploads\/2021\/06\/tovaglia-antimacchia-resinata-tinta-unita-blu-pervinca-bordo-fiori-768x576.jpg.webp 768w\" sizes=\"(max-width: 1024px) 100vw, 1024px\" \/>\n\t\t\t\t\t\t\t\t\t\t\t\t\t\t\t<\/a>\n\t\t\t\t\t\t\t\t\t\t\t\t<\/div>\n\t\t\t\t\t\t\t\t\t\t\t<div class=\"wd-gallery-item wd-col\">\n\t\t\t\t\t\t\t\t\t\t\t\t\t\t<a href=\"https:\/\/www.marinigerardi.it\/shop\/wp-content\/uploads\/2021\/01\/tessuto-lino-resinato-antimacchia-tovaglie-idrorepellenti-blu.jpg\" data-elementor-open-lightbox=\"no\" data-index=\"2\" data-width=\"1024\" data-height=\"768\" \n\t\t\t\t\t\t\t\t\t\t\t\t\t\t\t\t\t\t\t\t\t\t\t\t\t\t\t\ttitle=\"Tessuto Lino Resinato Antimacchia Tovaglie Idrorepellenti Blu\">\n\t\t\t\t\t\t\t\t\n\t\t\t\t\t\t\t\t<img decoding=\"async\" width=\"1024\" height=\"768\" src=\"https:\/\/www.marinigerardi.it\/shop\/wp-content\/uploads\/2021\/01\/tessuto-lino-resinato-antimacchia-tovaglie-idrorepellenti-blu.jpg.webp\" class=\"wd-gallery-image image-2\" alt=\"Tessuto Lino Resinato Antimacchia Tovaglie Idrorepellenti Blu\" srcset=\"https:\/\/www.marinigerardi.it\/shop\/wp-content\/uploads\/2021\/01\/tessuto-lino-resinato-antimacchia-tovaglie-idrorepellenti-blu.jpg.webp 1024w, https:\/\/www.marinigerardi.it\/shop\/wp-content\/uploads\/2021\/01\/tessuto-lino-resinato-antimacchia-tovaglie-idrorepellenti-blu-450x338.jpg 450w, https:\/\/www.marinigerardi.it\/shop\/wp-content\/uploads\/2021\/01\/tessuto-lino-resinato-antimacchia-tovaglie-idrorepellenti-blu-1000x750.jpg 1000w, https:\/\/www.marinigerardi.it\/shop\/wp-content\/uploads\/2021\/01\/tessuto-lino-resinato-antimacchia-tovaglie-idrorepellenti-blu-300x225.jpg.webp 300w, https:\/\/www.marinigerardi.it\/shop\/wp-content\/uploads\/2021\/01\/tessuto-lino-resinato-antimacchia-tovaglie-idrorepellenti-blu-768x576.jpg.webp 768w\" sizes=\"(max-width: 1024px) 100vw, 1024px\" \/>\n\t\t\t\t\t\t\t\t\t\t\t\t\t\t\t<\/a>\n\t\t\t\t\t\t\t\t\t\t\t\t<\/div>\n\t\t\t\t\t\t\t\t\t\t\t<div class=\"wd-gallery-item wd-col\">\n\t\t\t\t\t\t\t\t\t\t\t\t\t\t<a href=\"https:\/\/www.marinigerardi.it\/shop\/wp-content\/uploads\/2021\/01\/tessuto-lino-resinato-antimacchia-per-tovaglie-colore-bianco.jpg\" data-elementor-open-lightbox=\"no\" data-index=\"3\" data-width=\"1024\" data-height=\"768\" \n\t\t\t\t\t\t\t\t\t\t\t\t\t\t\t\t\t\t\t\t\t\t\t\t\t\t\t\ttitle=\"Tessuto Lino Resinato Antimacchia Per Tovaglie Colore Bianco\">\n\t\t\t\t\t\t\t\t\n\t\t\t\t\t\t\t\t<img decoding=\"async\" width=\"1024\" height=\"768\" src=\"https:\/\/www.marinigerardi.it\/shop\/wp-content\/uploads\/2021\/01\/tessuto-lino-resinato-antimacchia-per-tovaglie-colore-bianco.jpg.webp\" class=\"wd-gallery-image image-3\" alt=\"Tessuto Lino Resinato Antimacchia Per Tovaglie Colore Bianco\" srcset=\"https:\/\/www.marinigerardi.it\/shop\/wp-content\/uploads\/2021\/01\/tessuto-lino-resinato-antimacchia-per-tovaglie-colore-bianco.jpg.webp 1024w, https:\/\/www.marinigerardi.it\/shop\/wp-content\/uploads\/2021\/01\/tessuto-lino-resinato-antimacchia-per-tovaglie-colore-bianco-450x338.jpg 450w, https:\/\/www.marinigerardi.it\/shop\/wp-content\/uploads\/2021\/01\/tessuto-lino-resinato-antimacchia-per-tovaglie-colore-bianco-1000x750.jpg 1000w, https:\/\/www.marinigerardi.it\/shop\/wp-content\/uploads\/2021\/01\/tessuto-lino-resinato-antimacchia-per-tovaglie-colore-bianco-300x225.jpg.webp 300w, https:\/\/www.marinigerardi.it\/shop\/wp-content\/uploads\/2021\/01\/tessuto-lino-resinato-antimacchia-per-tovaglie-colore-bianco-768x576.jpg.webp 768w\" sizes=\"(max-width: 1024px) 100vw, 1024px\" \/>\n\t\t\t\t\t\t\t\t\t\t\t\t\t\t\t<\/a>\n\t\t\t\t\t\t\t\t\t\t\t\t<\/div>\n\t\t\t\t\t\t\t\t\t\t\t<div class=\"wd-gallery-item wd-col\">\n\t\t\t\t\t\t\t\t\t\t\t\t\t\t<a href=\"https:\/\/www.marinigerardi.it\/shop\/wp-content\/uploads\/2021\/01\/Tessuto-lino-antimacchia-per-tovaglie.jpg\" data-elementor-open-lightbox=\"no\" data-index=\"4\" data-width=\"1024\" data-height=\"768\" \n\t\t\t\t\t\t\t\t\t\t\t\t\t\t\t\t\t\t\t\t\t\t\t\t\t\t\t\ttitle=\"Tessuto Lino Antimacchia Per Tovaglie\">\n\t\t\t\t\t\t\t\t\n\t\t\t\t\t\t\t\t<img decoding=\"async\" width=\"1024\" height=\"768\" src=\"https:\/\/www.marinigerardi.it\/shop\/wp-content\/uploads\/2021\/01\/Tessuto-lino-antimacchia-per-tovaglie.jpg.webp\" class=\"wd-gallery-image image-4\" alt=\"Tessuto Lino Antimacchia Per Tovaglie\" srcset=\"https:\/\/www.marinigerardi.it\/shop\/wp-content\/uploads\/2021\/01\/Tessuto-lino-antimacchia-per-tovaglie.jpg.webp 1024w, https:\/\/www.marinigerardi.it\/shop\/wp-content\/uploads\/2021\/01\/Tessuto-lino-antimacchia-per-tovaglie-450x338.jpg 450w, https:\/\/www.marinigerardi.it\/shop\/wp-content\/uploads\/2021\/01\/Tessuto-lino-antimacchia-per-tovaglie-1000x750.jpg 1000w, https:\/\/www.marinigerardi.it\/shop\/wp-content\/uploads\/2021\/01\/Tessuto-lino-antimacchia-per-tovaglie-300x225.jpg.webp 300w, https:\/\/www.marinigerardi.it\/shop\/wp-content\/uploads\/2021\/01\/Tessuto-lino-antimacchia-per-tovaglie-768x576.jpg.webp 768w\" sizes=\"(max-width: 1024px) 100vw, 1024px\" \/>\n\t\t\t\t\t\t\t\t\t\t\t\t\t\t\t<\/a>\n\t\t\t\t\t\t\t\t\t\t\t\t<\/div>\n\t\t\t\t\t\t\t\t\t\n\t\t\t\t\t\t\t<\/div>\n\n\t\t\t\t\t<\/div>\n\t\t[\/vc_column][\/vc_row][vc_row][vc_column][vc_empty_space woodmart_hide_large=&#8221;0&#8243; woodmart_hide_medium=&#8221;0&#8243; woodmart_hide_small=&#8221;0&#8243;]\n\t\t<div id=\"wd-694737da30b6b\" class=\"title-wrapper wd-wpb wd-set-mb reset-last-child  wd-rs-694737da30b6b wd-title-color-default wd-title-style-bordered text-center  wd-underline-colored\">\n\t\t\t\n\t\t\t<div class=\"liner-continer\">\n\t\t\t\t<h3 class=\"woodmart-title-container title  wd-font-weight- wd-fontsize-l\" >Tovaglie Antimacchia Su Misura<\/h3>\n\t\t\t\t\t\t\t<\/div>\n\t\t\t\n\t\t\t\n\t\t\t\n\t\t<\/div>\n\t\t\n\t\t[\/vc_column][\/vc_row][vc_row content_placement=&#8221;middle&#8221; woodmart_bg_position=&#8221;center-bottom&#8221; css=&#8221;.vc_custom_1699228841738{background-color: #f3f3f3 !important;background-position: 0 0 !important;background-repeat: no-repeat !important;}&#8221; el_class=&#8221;mobile-bg-img-hidden&#8221; mobile_bg_img_hidden=&#8221;no&#8221; tablet_bg_img_hidden=&#8221;no&#8221; woodmart_parallax=&#8221;0&#8243; woodmart_gradient_switch=&#8221;no&#8221; row_reverse_mobile=&#8221;0&#8243; row_reverse_tablet=&#8221;0&#8243; woodmart_disable_overflow=&#8221;0&#8243; woodmart_css_id=&#8221;65482ca08c990&#8243; responsive_spacing=&#8221;eyJwYXJhbV90eXBlIjoid29vZG1hcnRfcmVzcG9uc2l2ZV9zcGFjaW5nIiwic2VsZWN0b3JfaWQiOiI2NTQ4MmNhMDhjOTkwIiwic2hvcnRjb2RlIjoidmNfcm93IiwiZGF0YSI6eyJ0YWJsZXQiOnt9LCJtb2JpbGUiOnt9fX0=&#8221; woodmart_box_shadow=&#8221;yes&#8221; wd_box_shadow=&#8221;eyJkZXZpY2VzIjp7ImRlc2t0b3AiOnsiaG9yaXpvbnRhbCI6IjAiLCJ2ZXJ0aWNhbCI6IjAiLCJibHVyIjoiOSIsInNwcmVhZCI6IjAiLCJjb2xvciI6InJnYmEoMCwgMCwgMCwgLjE1KSJ9fX0=&#8221; wd_z_index=&#8221;no&#8221;][vc_column mobile_bg_img_hidden=&#8221;no&#8221; tablet_bg_img_hidden=&#8221;no&#8221; woodmart_parallax=&#8221;0&#8243; woodmart_sticky_column=&#8221;false&#8221; parallax_scroll=&#8221;no&#8221; mobile_reset_margin=&#8221;no&#8221; tablet_reset_margin=&#8221;no&#8221;][vc_single_image image=&#8221;10441&#8243; img_size=&#8221;full&#8221; alignment=&#8221;center&#8221; onclick=&#8221;link_image&#8221; parallax_scroll=&#8221;no&#8221; woodmart_inline=&#8221;no&#8221;][\/vc_column][\/vc_row][vc_row][vc_column]\n\t\t<div id=\"wd-694737e564faf\" class=\"title-wrapper wd-wpb wd-set-mb reset-last-child  wd-rs-694737e564faf wd-title-color-primary wd-title-style-bordered text-center justify  wd-underline-colored\">\n\t\t\t\n\t\t\t<div class=\"liner-continer\">\n\t\t\t\t<h3 class=\"woodmart-title-container title  wd-font-weight- wd-fontsize-l\" >VACANZE ROMANE - Tovaglie Antimacchia Su Misura Belle in Lino semplicit\u00e0 ed eleganza in casa!<\/h3>\n\t\t\t\t\t\t\t<\/div>\n\t\t\t\n\t\t\t\t\t\t\t<div class=\"title-after_title reset-last-child  wd-fontsize-xs\">Una linea moderna ed essenziale<\/div>\n\t\t\t\n\t\t\t\n\t\t<\/div>\n\t\t\n\t\t\t\t<div id=\"wd-65482d68af665\" class=\"wd-text-block wd-wpb reset-last-child wd-rs-65482d68af665 text-left \">\n\t\t\t<p><strong>Una collezione dedicata e ispirata alla <a href=\"http:\/\/www.marinigerardi.it\/store\/tende-tendaggi\/negozi-tende-per-interni-roma\/\" target=\"_blank\" rel=\"noopener\">dolce vita romana<\/a>.<\/strong><\/p>\n<p style=\"text-align: justify;\">Entra in un mondo di eleganza moderna e minimalismo con Vacanze Romane, la tovaglia antimacchia in lino che porta la semplicit\u00e0 e l&#8217;eleganza direttamente nella tua casa!<\/p>\n<p style=\"text-align: justify;\">Questa collezione \u00e8 un omaggio alla dolce vita romana, con un tocco contemporaneo e versatile. Vacanze Romane \u00e8 molto di pi\u00f9 di una tovaglia, \u00e8 un invito a una tavolata creativa ed elegante, firmato Marini&amp;Gerardi. Il tessuto \u00e8 stato selezionato con cura per conferire alla tua tavola freschezza, estetica, praticit\u00e0, lucentezza, facilit\u00e0 di manutenzione, stabilit\u00e0, forza e una gamma di colori vibranti che catturano l&#8217;attenzione.<\/p>\n<p style=\"text-align: justify;\">Quando metti Vacanze Romane sulla tua tavola, crei un ambiente che richiama la semplicit\u00e0 raffinata delle vacanze romane, con la loro bellezza senza tempo e il loro stile senza sforzo. Ogni pasto diventa un&#8217;esperienza in cui la freschezza e l&#8217;eleganza si fondono in perfetta armonia.<\/p>\n<p style=\"text-align: justify;\">Lasciati ispirare dalla dolce vita romana e aggiungi un tocco di bellezza eterna alla tua tavola con Vacanze Romane. La tua casa merita solo il meglio, e questa tovaglia porter\u00e0 l&#8217;atmosfera delle vacanze in ogni momento speciale che condividerai con amici e familiari.<\/p>\n\t\t<\/div>\n\t\t[\/vc_column][\/vc_row]<\/p>\n<\/div>","protected":false},"excerpt":{"rendered":"<p>Tovaglie Antimacchia Eleganti in Lino su misura a tinta unita con bordo di 15 cm circa in Balza floreale: belle e funzionali, di una modernit\u00e0 e freschezza assoluta. <strong>Da oggi pulire con un colpo di spugna \u00e8 facile!<\/strong><br \/>\nVACANZE ROMANE &#8211; Tovaglie Antimacchia Su Misura<\/p>\n","protected":false},"featured_media":12198,"template":"","meta":[],"product_brand":[],"product_cat":[779,145],"product_tag":[2642,986,783,733,2634],"class_list":{"0":"post-8133","1":"product","2":"type-product","3":"status-publish","4":"has-post-thumbnail","6":"product_cat-tovaglie-antimacchia","7":"product_cat-tovaglie-di-lino","8":"product_tag-tovaglia","9":"product_tag-tovaglia-antimacchia-rettangolare","10":"product_tag-tovaglia-antimacchia-tinta-unita","11":"product_tag-tovaglia-lino","12":"product_tag-tovagliati","14":"first","15":"instock","16":"sale","17":"taxable","18":"shipping-taxable","19":"purchasable","20":"product-type-simple"},"_links":{"self":[{"href":"https:\/\/www.marinigerardi.it\/shop\/wp-json\/wp\/v2\/product\/8133","targetHints":{"allow":["GET"]}}],"collection":[{"href":"https:\/\/www.marinigerardi.it\/shop\/wp-json\/wp\/v2\/product"}],"about":[{"href":"https:\/\/www.marinigerardi.it\/shop\/wp-json\/wp\/v2\/types\/product"}],"wp:featuredmedia":[{"embeddable":true,"href":"https:\/\/www.marinigerardi.it\/shop\/wp-json\/wp\/v2\/media\/12198"}],"wp:attachment":[{"href":"https:\/\/www.marinigerardi.it\/shop\/wp-json\/wp\/v2\/media?parent=8133"}],"wp:term":[{"taxonomy":"product_brand","embeddable":true,"href":"https:\/\/www.marinigerardi.it\/shop\/wp-json\/wp\/v2\/product_brand?post=8133"},{"taxonomy":"product_cat","embeddable":true,"href":"https:\/\/www.marinigerardi.it\/shop\/wp-json\/wp\/v2\/product_cat?post=8133"},{"taxonomy":"product_tag","embeddable":true,"href":"https:\/\/www.marinigerardi.it\/shop\/wp-json\/wp\/v2\/product_tag?post=8133"}],"curies":[{"name":"wp","href":"https:\/\/api.w.org\/{rel}","templated":true}]}}