{"id":7578,"date":"2021-01-28T10:34:02","date_gmt":"2021-01-28T10:34:02","guid":{"rendered":"https:\/\/marinigerardi.it\/shop\/product\/import-placeholder-for-5386\/"},"modified":"2025-04-10T17:29:58","modified_gmt":"2025-04-10T17:29:58","slug":"basic-lenzuola-sopra-in-puro-lino","status":"publish","type":"product","link":"https:\/\/www.marinigerardi.it\/shop\/prodotto\/basic-lenzuola-sopra-in-puro-lino\/","title":{"rendered":"BASIC sp &#8211; Lenzuola Sopra in Puro Lino 100% &#8211; Singole e alla Francese"},"content":{"rendered":"<div class=\"wpb-content-wrapper\"><p>[vc_row equal_height=&#8221;yes&#8221; mobile_bg_img_hidden=&#8221;no&#8221; tablet_bg_img_hidden=&#8221;no&#8221; woodmart_parallax=&#8221;0&#8243; woodmart_gradient_switch=&#8221;no&#8221; row_reverse_mobile=&#8221;0&#8243; row_reverse_tablet=&#8221;0&#8243; woodmart_disable_overflow=&#8221;0&#8243; woodmart_css_id=&#8221;61d6cac1cbbae&#8221; woodmart_box_shadow=&#8221;no&#8221; wd_z_index=&#8221;no&#8221;][vc_column offset=&#8221;vc_col-lg-6 vc_col-md-6&#8243; mobile_bg_img_hidden=&#8221;no&#8221; tablet_bg_img_hidden=&#8221;no&#8221; woodmart_parallax=&#8221;0&#8243; woodmart_sticky_column=&#8221;false&#8221; parallax_scroll=&#8221;no&#8221; mobile_reset_margin=&#8221;no&#8221; tablet_reset_margin=&#8221;no&#8221; woodmart_css_id=&#8221;61d6cab78a0cd&#8221; wd_collapsible_content_switcher=&#8221;no&#8221; woodmart_box_shadow=&#8221;no&#8221; wd_z_index=&#8221;no&#8221;]\n\t\t<div id=\"wd-67f7ff3e446e5\" class=\"title-wrapper wd-wpb wd-set-mb reset-last-child  wd-rs-67f7ff3e446e5 wd-title-color-primary wd-title-style-bordered text-left vc_custom_1744306001513 wd-underline-colored\">\n\t\t\t\n\t\t\t<div class=\"liner-continer\">\n\t\t\t\t<h2 class=\"woodmart-title-container title  wd-font-weight-600 wd-fontsize-l\" >BASIC - Lenzuola Sopra in puro lino matrimoniali, singole, una piazza e mezza<\/h2>\n\t\t\t\t\t\t\t<\/div>\n\t\t\t\n\t\t\t\t\t\t\t<div class=\"title-after_title reset-last-child  wd-fontsize-xs\">Abbina la tua parure letto agli elementi tessili gi\u00e0 presenti nella zona notte, come ad esempio tende, divani. Ispirati alle nostre collezioni e trova su Marini&amp;Gerardi le lenzuola in tinta unita chiare o tra le nuance di colori disponibili per il tuo letto!<\/div>\n\t\t\t\n\t\t\t\n\t\t<\/div>\n\t\t\n\t\t[vc_message message_box_style=&#8221;outline&#8221; message_box_color=&#8221;grey&#8221; css=&#8221;&#8221;]<\/p>\n<ul>\n<li>Questa offerta include solo <strong>uno <a href=\"https:\/\/www.marinigerardi.it\/shop\/prodotto\/basic-lenzuola-sopra-in-puro-lino\/\">lenzuola sopra in puro lino<\/a><\/strong>.<\/li>\n<li>Se avete bisogno di lenzuolo sotto, si prega di ricercare: \u2192\u00a0<a href=\"https:\/\/marinigerardi.it\/shop\/prodotto\/basic-lenzuola-sotto-in-puro-lino\/\"><strong> Basic-Lenzuolo Sotto<\/strong><\/a>,<\/li>\n<li>se vi servono le federe, si prega di ricercare: \u2192\u00a0 <strong><a href=\"https:\/\/marinigerardi.it\/shop\/prodotto\/basic-federe-cuscino-federe-in-lino-tutto-italiano\/\">Basic-Federe letto<\/a>.<\/strong><\/li>\n<\/ul>\n<p>Se avete bisogno di altre misure o combinazioni contattateci ad <strong>assistenza@marinigerardi.it <\/strong>[\/vc_message]<div id=\"wd-61d6c39036d88\" class=\" wd-rs-61d6c39036d88  wd-button-wrapper text-left\"><a href=\"https:\/\/www.marinigerardi.it\/shop\/guida-misure-per-la-biancheria-letto\/\" title=\"GUIDA MISURE PER LA BIANCHERIA LETTO\" target=\"_blank\" class=\"btn btn-style-link btn-shape-rectangle btn-size-default btn-icon-pos-left\">GUIDA MISURE PER LA BIANCHERIA LETTO<span class=\"wd-btn-icon\"><span class=\"wd-icon far fa-arrow-alt-circle-right\"><\/span><\/span><\/a><\/div>[\/vc_column][vc_column css=&#8221;.vc_custom_1612434787067{background-position: center !important;background-repeat: no-repeat !important;background-size: cover !important;}&#8221; offset=&#8221;vc_col-lg-6 vc_col-md-6&#8243; mobile_bg_img_hidden=&#8221;no&#8221; tablet_bg_img_hidden=&#8221;no&#8221; woodmart_parallax=&#8221;0&#8243; woodmart_sticky_column=&#8221;false&#8221; parallax_scroll=&#8221;no&#8221; mobile_reset_margin=&#8221;no&#8221; tablet_reset_margin=&#8221;no&#8221;][vc_single_image image=&#8221;10485&#8243; img_size=&#8221;large&#8221; alignment=&#8221;center&#8221; css=&#8221;&#8221; parallax_scroll=&#8221;no&#8221; woodmart_inline=&#8221;no&#8221;][\/vc_column][\/vc_row][vc_row woodmart_css_id=&#8221;61d6ca9647e4a&#8221; mobile_bg_img_hidden=&#8221;no&#8221; tablet_bg_img_hidden=&#8221;no&#8221; woodmart_parallax=&#8221;0&#8243; woodmart_gradient_switch=&#8221;no&#8221; woodmart_box_shadow=&#8221;no&#8221; wd_z_index=&#8221;no&#8221; woodmart_disable_overflow=&#8221;0&#8243; row_reverse_mobile=&#8221;0&#8243; row_reverse_tablet=&#8221;0&#8243;][vc_column][vc_empty_space woodmart_hide_large=&#8221;0&#8243; woodmart_hide_medium=&#8221;0&#8243; woodmart_hide_small=&#8221;0&#8243;]\n\t\t<div id=\"wd-67f7ff4f4fec6\" class=\"title-wrapper wd-wpb wd-set-mb reset-last-child  wd-rs-67f7ff4f4fec6 wd-title-color-primary wd-title-style-underlined text-center justify  wd-underline-colored\">\n\t\t\t\n\t\t\t<div class=\"liner-continer\">\n\t\t\t\t<h3 class=\"woodmart-title-container title  wd-font-weight-600 wd-fontsize-l\" >Lenzuola Sopra in Puro Lino - Il letto di tradizione tutta Italiana!<\/h3>\n\t\t\t\t\t\t\t<\/div>\n\t\t\t\n\t\t\t\t\t\t\t<div class=\"title-after_title reset-last-child  wd-fontsize-xs\">Lenzuola Stropicciate no stiro<\/div>\n\t\t\t\n\t\t\t\n\t\t<\/div>\n\t\t\n\t\t[\/vc_column][\/vc_row][vc_row content_placement=&#8221;middle&#8221; woodmart_bg_position=&#8221;center-bottom&#8221; css=&#8221;.vc_custom_1694092871066{background-color: #f3f3f3 !important;background-position: 0 0 !important;background-repeat: no-repeat !important;}&#8221; el_class=&#8221;mobile-bg-img-hidden&#8221; mobile_bg_img_hidden=&#8221;no&#8221; tablet_bg_img_hidden=&#8221;no&#8221; woodmart_parallax=&#8221;0&#8243; woodmart_gradient_switch=&#8221;no&#8221; row_reverse_mobile=&#8221;0&#8243; row_reverse_tablet=&#8221;0&#8243; woodmart_disable_overflow=&#8221;0&#8243; woodmart_css_id=&#8221;64f9ce3ea6b52&#8243; responsive_spacing=&#8221;eyJwYXJhbV90eXBlIjoid29vZG1hcnRfcmVzcG9uc2l2ZV9zcGFjaW5nIiwic2VsZWN0b3JfaWQiOiI2NGY5Y2UzZWE2YjUyIiwic2hvcnRjb2RlIjoidmNfcm93IiwiZGF0YSI6eyJ0YWJsZXQiOnt9LCJtb2JpbGUiOnt9fX0=&#8221; woodmart_box_shadow=&#8221;yes&#8221; wd_box_shadow=&#8221;eyJkZXZpY2VzIjp7ImRlc2t0b3AiOnsiaG9yaXpvbnRhbCI6IjAiLCJ2ZXJ0aWNhbCI6IjAiLCJibHVyIjoiOSIsInNwcmVhZCI6IjAiLCJjb2xvciI6InJnYmEoMCwgMCwgMCwgLjE1KSJ9fX0=&#8221; wd_z_index=&#8221;no&#8221;][vc_column width=&#8221;1\/2&#8243; mobile_bg_img_hidden=&#8221;no&#8221; tablet_bg_img_hidden=&#8221;no&#8221; woodmart_parallax=&#8221;0&#8243; woodmart_sticky_column=&#8221;false&#8221; parallax_scroll=&#8221;no&#8221; mobile_reset_margin=&#8221;no&#8221; tablet_reset_margin=&#8221;no&#8221;][vc_single_image image=&#8221;11065&#8243; img_size=&#8221;large&#8221; alignment=&#8221;center&#8221; style=&#8221;vc_box_shadow&#8221; onclick=&#8221;link_image&#8221; css=&#8221;&#8221; parallax_scroll=&#8221;no&#8221; woodmart_inline=&#8221;no&#8221;][\/vc_column][vc_column width=&#8221;1\/2&#8243;][vc_single_image image=&#8221;11092&#8243; img_size=&#8221;large&#8221; alignment=&#8221;center&#8221; style=&#8221;vc_box_shadow&#8221; onclick=&#8221;link_image&#8221; css=&#8221;&#8221; parallax_scroll=&#8221;no&#8221; woodmart_inline=&#8221;no&#8221;][\/vc_column][\/vc_row][vc_row][vc_column]\n\t\t<div id=\"wd-67f7ff68e0cf2\" class=\"title-wrapper wd-wpb wd-set-mb reset-last-child  wd-rs-67f7ff68e0cf2 wd-title-color-primary wd-title-style-bordered text-left justify  wd-underline-colored\">\n\t\t\t\n\t\t\t<div class=\"liner-continer\">\n\t\t\t\t<h3 class=\"woodmart-title-container title  wd-font-weight-600 wd-fontsize-l\" >Lenzuola Sopra in Puro Lino - Singole e alla Francese<\/h3>\n\t\t\t\t\t\t\t<\/div>\n\t\t\t\n\t\t\t\n\t\t\t\n\t\t<\/div>\n\t\t\n\t\t[vc_column_text css=&#8221;&#8221; text_larger=&#8221;no&#8221; woodmart_inline=&#8221;no&#8221;]<\/p>\n<p style=\"text-align: justify;\"><strong>Nel mondo della vendita online, ti presentiamo con orgoglio le nostre lenzuola BASIC in puro lino matrimoniali, singole e una piazza e mezza.<\/strong> Questi non sono solo semplici elementi tessili per il tuo letto, ma veri e propri pezzi d&#8217;arte per la tua zona notte.<\/p>\n<p style=\"text-align: justify;\"><strong>Una delle cose pi\u00f9 speciali delle nostre lenzuola \u00e8 la loro versatilit\u00e0.<\/strong> Puoi abbinarle perfettamente agli elementi tessili gi\u00e0 presenti nella tua zona notte, come tende e divani. Ispirati alle nostre collezioni e scopri una vasta gamma di lenzuola in tinta unita chiare o tra le nuance di colori disponibili per soddisfare i tuoi gusti e le tue preferenze.<\/p>\n<p style=\"text-align: justify;\"><strong>Le lenzuola sono molto di pi\u00f9 di semplici coperture per il tuo letto<\/strong>. Sono un abbraccio piacevole che ti accarezza ogni sera prima di addormentarti, un rituale che non puoi fare a meno. Sono essenziali per trasformare la tua zona notte in un&#8217;oasi di relax, fondamentale per il tuo riposo notturno.<\/p>\n<p style=\"text-align: justify;\"><strong>Le nostre lenzuola sono pensate per essere non solo funzionali ma anche esteticamente piacevoli.<\/strong> Ogni volta che guardi il tuo letto, avrai un motivo in pi\u00f9 per sorridere. Sono progettate per catturare l&#8217;attenzione e offrire una sensazione di lusso ogni volta che le tocchi.<\/p>\n<p style=\"text-align: justify;\"><strong>Scegli Basic le lenzuola sopra in puro lino per il tuo letto e trasforma la tua zona notte in un luogo di comfort, stile e bellezza.<\/strong> La vendita online ti rende pi\u00f9 facile che mai accedere a queste creazioni uniche e rendere la tua esperienza di acquisto un piacere. Non lasciarti sfuggire l&#8217;opportunit\u00e0 di migliorare il tuo riposo notturno con lenzuola che sono pi\u00f9 di un semplice accessorio &#8211; sono un abbraccio di comfort e stile.<\/p>\n<p>[\/vc_column_text][\/vc_column][\/vc_row][vc_row][vc_column][vc_single_image image=&#8221;68918&#8243; img_size=&#8221;full&#8221; alignment=&#8221;center&#8221; css=&#8221;&#8221; parallax_scroll=&#8221;no&#8221; woodmart_inline=&#8221;no&#8221;][\/vc_column][\/vc_row][vc_row][vc_column]\n\t\t<div id=\"wd-67f7ff99701d5\" class=\"title-wrapper wd-wpb wd-set-mb reset-last-child  wd-rs-67f7ff99701d5 wd-title-color-default wd-title-style-bordered text-center  wd-underline-colored\">\n\t\t\t\n\t\t\t<div class=\"liner-continer\">\n\t\t\t\t<h3 class=\"woodmart-title-container title  wd-font-weight-600 wd-fontsize-l\" >Lenzuola Sopra in Puro Lino 100% - Lenzuola Singole e Lenzuola alla Francese<\/h3>\n\t\t\t\t\t\t\t<\/div>\n\t\t\t\n\t\t\t\n\t\t\t\n\t\t<\/div>\n\t\t\n\t\t[\/vc_column][\/vc_row]<\/p>\n<\/div>","protected":false},"excerpt":{"rendered":"<p><strong>BASIC &#8211; Lenzuola Sopra in Puro Lino<\/strong> matrimoniali, singole, una piazza e mezza di primissima qualit\u00e0, che combina la sensazione di lusso della biancheria con il familiare comfort del tradizionale letto della nonna.<\/p>\n","protected":false},"featured_media":11086,"template":"","meta":[],"product_brand":[],"product_cat":[460,614,1562],"product_tag":[499,506,1603],"class_list":{"0":"post-7578","1":"product","2":"type-product","3":"status-publish","4":"has-post-thumbnail","6":"product_cat-biancheria-letto","7":"product_cat-lenzuola","8":"product_cat-lenzuolo-sopra","9":"product_tag-collezione-basic","10":"product_tag-lenzuola","11":"product_tag-lenzuola-sopra","13":"first","14":"instock","15":"taxable","16":"shipping-taxable","17":"purchasable","18":"product-type-simple"},"_links":{"self":[{"href":"https:\/\/www.marinigerardi.it\/shop\/wp-json\/wp\/v2\/product\/7578","targetHints":{"allow":["GET"]}}],"collection":[{"href":"https:\/\/www.marinigerardi.it\/shop\/wp-json\/wp\/v2\/product"}],"about":[{"href":"https:\/\/www.marinigerardi.it\/shop\/wp-json\/wp\/v2\/types\/product"}],"wp:featuredmedia":[{"embeddable":true,"href":"https:\/\/www.marinigerardi.it\/shop\/wp-json\/wp\/v2\/media\/11086"}],"wp:attachment":[{"href":"https:\/\/www.marinigerardi.it\/shop\/wp-json\/wp\/v2\/media?parent=7578"}],"wp:term":[{"taxonomy":"product_brand","embeddable":true,"href":"https:\/\/www.marinigerardi.it\/shop\/wp-json\/wp\/v2\/product_brand?post=7578"},{"taxonomy":"product_cat","embeddable":true,"href":"https:\/\/www.marinigerardi.it\/shop\/wp-json\/wp\/v2\/product_cat?post=7578"},{"taxonomy":"product_tag","embeddable":true,"href":"https:\/\/www.marinigerardi.it\/shop\/wp-json\/wp\/v2\/product_tag?post=7578"}],"curies":[{"name":"wp","href":"https:\/\/api.w.org\/{rel}","templated":true}]}}