{"id":7234,"date":"2021-01-28T10:30:42","date_gmt":"2021-01-28T10:30:42","guid":{"rendered":"https:\/\/marinigerardi.it\/shop\/product\/import-placeholder-for-4097\/"},"modified":"2025-12-21T01:02:08","modified_gmt":"2025-12-21T01:02:08","slug":"dublino-tovaglia-lino-da-170","status":"publish","type":"product","link":"https:\/\/www.marinigerardi.it\/shop\/prodotto\/dublino-tovaglia-lino-da-170\/","title":{"rendered":"DUBLINO &#8211; Tovaglia Lino da 170"},"content":{"rendered":"<div class=\"wpb-content-wrapper\"><p>[vc_row equal_height=&#8221;yes&#8221; mobile_bg_img_hidden=&#8221;no&#8221; tablet_bg_img_hidden=&#8221;no&#8221; woodmart_parallax=&#8221;0&#8243; woodmart_gradient_switch=&#8221;no&#8221; row_reverse_mobile=&#8221;0&#8243; row_reverse_tablet=&#8221;0&#8243; woodmart_disable_overflow=&#8221;0&#8243;][vc_column offset=&#8221;vc_col-lg-6 vc_col-md-6&#8243; mobile_bg_img_hidden=&#8221;no&#8221; tablet_bg_img_hidden=&#8221;no&#8221; woodmart_parallax=&#8221;0&#8243; woodmart_sticky_column=&#8221;false&#8221; parallax_scroll=&#8221;no&#8221; mobile_reset_margin=&#8221;no&#8221; tablet_reset_margin=&#8221;no&#8221; css=&#8221;.vc_custom_1613071403480{margin-top: 0px !important;}&#8221;]\n\t\t<div id=\"wd-694746c246bfb\" class=\"title-wrapper wd-wpb wd-set-mb reset-last-child  wd-rs-694746c246bfb wd-title-color-primary wd-title-style-bordered text-left vc_custom_1766278805899 wd-underline-colored\">\n\t\t\t\n\t\t\t<div class=\"liner-continer\">\n\t\t\t\t<h2 class=\"woodmart-title-container title  wd-font-weight- wd-fontsize-l\" >DUBLINO - Tovaglia Lino da 170 un piacere a prima vista.<\/h2>\n\t\t\t\t\t\t\t<\/div>\n\t\t\t\n\t\t\t\n\t\t\t\n\t\t<\/div>\n\t\t\n\t\t\t\t<div id=\"wd-65481e981d3e6\" class=\"wd-text-block wd-wpb reset-last-child wd-rs-65481e981d3e6 text-left \">\n\t\t\t<p style=\"text-align: justify;\">Una <a href=\"https:\/\/www.marinigerardi.it\/shop\/prodotto\/dublino-tovaglia-lino-da-170\/\">Tovaglia<\/a> di Lino disponibile in due combinazioni base di colore. I Tovaglioli in tinta unita, hanno lo stesso tessuto e colore della tovaglia. Finitura tradizionale con bordo a cappuccio di almeno 15 cm. I colori da noi selezionati rendono questo prodotto unico. Il Tessuto 100% LINO a trama fitta ben strutturato con piccole annodature che lo rendono piacevolmente informale.<br \/>\n<strong>Omaggio n.2 Tovagliette Decorative 47&#215;47 cm.<\/strong><\/p>\n\t\t<\/div>\n\t\t[vc_message message_box_style=&#8221;outline&#8221; message_box_color=&#8221;grey&#8221; css=&#8221;&#8221;]<strong>Tessuto: <\/strong>100% Lino<br \/>\n<strong>Peso tessuto:<\/strong> 321 gr\/m\u00b2<br \/>\n<strong>Colori base:\u00a0 <\/strong>Antracite | Bianco Naturale;<br \/>\n<strong>Colori bordo:\u00a0 <\/strong>Cenere | Jeans | Violacciocca | Arancio | Senape | Sabbia| Cioccolato;<br \/>\n<strong>Misure cm:<\/strong> 170\u00d7170 | 170\u00d7200 | 170\u00d7230 | 170\u00d7260 | 170\u00d7280 | 170\u00d7300 |<br \/>\n<strong>Misura Tovaglioli cm:<\/strong> 40 x 40<\/p>\n<p>I colori accuratamente selezionati rendono ogni tovaglia unica e straordinaria. Se desideri altre misure, <strong>non esitare a contattarci<\/strong> all\u2019indirizzo\u00a0<a href=\"mailto:assistenza@marinigerardi.it\" target=\"_new\" rel=\"noopener\">assistenza@marinigerardi.it<\/a>. La Signora Carla sar\u00e0 lieta di ascoltarti e fornirti l\u2019assistenza necessaria. Rendiamo il tuo desiderio di una tovaglia perfetta una realt\u00e0.[\/vc_message][\/vc_column][vc_column css=&#8221;.vc_custom_1612434787067{background-position: center !important;background-repeat: no-repeat !important;background-size: cover !important;}&#8221; offset=&#8221;vc_col-lg-6 vc_col-md-6&#8243; mobile_bg_img_hidden=&#8221;no&#8221; tablet_bg_img_hidden=&#8221;no&#8221; woodmart_parallax=&#8221;0&#8243; woodmart_sticky_column=&#8221;false&#8221; parallax_scroll=&#8221;no&#8221; mobile_reset_margin=&#8221;no&#8221; tablet_reset_margin=&#8221;no&#8221;]\t\t<div id=\"gallery_593\" class=\"wd-images-gallery wd-wpb wd-rs-65e30620bbb17 photoswipe-images\" style=\"--wd-justify-content:left;--wd-align-items:center;\">\n\t\t\t\n\t\t\t<div class=\" wd-grid-g\" style=\"--wd-col-lg:4;--wd-col-md:4;--wd-col-sm:1;--wd-gap-lg:10px;\">\n\t\t\t\t\n\t\t\t\t\t\t\t\t\t\t\t\t\t\t\t<div class=\"wd-gallery-item wd-col\">\n\t\t\t\t\t\t\t\t\t\t\t\t\t\t<a href=\"https:\/\/www.marinigerardi.it\/shop\/wp-content\/uploads\/2021\/02\/filanda-tessuto-in-lino-per-tendaggi-struttura-rete-sabbia-3-FF449.jpg\" data-elementor-open-lightbox=\"no\" data-index=\"1\" data-width=\"1024\" data-height=\"768\" \n\t\t\t\t\t\t\t\t\t\t\t\t\t\t\t\t\t\t\t\t\t\t\t\t\t\t\t\ttitle=\"Filanda Tessuto In Lino Per Tendaggi Struttura Rete Sabbia 3 FF449\">\n\t\t\t\t\t\t\t\t\n\t\t\t\t\t\t\t\t<img decoding=\"async\" width=\"300\" height=\"225\" src=\"https:\/\/www.marinigerardi.it\/shop\/wp-content\/uploads\/2021\/02\/filanda-tessuto-in-lino-per-tendaggi-struttura-rete-sabbia-3-FF449-300x225.jpg.webp\" class=\"wd-gallery-image image-1\" alt=\"Filanda Tessuto In Lino Per Tendaggi Struttura Rete Sabbia 3 FF449\" srcset=\"https:\/\/www.marinigerardi.it\/shop\/wp-content\/uploads\/2021\/02\/filanda-tessuto-in-lino-per-tendaggi-struttura-rete-sabbia-3-FF449-300x225.jpg.webp 300w, https:\/\/www.marinigerardi.it\/shop\/wp-content\/uploads\/2021\/02\/filanda-tessuto-in-lino-per-tendaggi-struttura-rete-sabbia-3-FF449-450x338.jpg 450w, https:\/\/www.marinigerardi.it\/shop\/wp-content\/uploads\/2021\/02\/filanda-tessuto-in-lino-per-tendaggi-struttura-rete-sabbia-3-FF449-1000x750.jpg 1000w, https:\/\/www.marinigerardi.it\/shop\/wp-content\/uploads\/2021\/02\/filanda-tessuto-in-lino-per-tendaggi-struttura-rete-sabbia-3-FF449-768x576.jpg.webp 768w, https:\/\/www.marinigerardi.it\/shop\/wp-content\/uploads\/2021\/02\/filanda-tessuto-in-lino-per-tendaggi-struttura-rete-sabbia-3-FF449.jpg.webp 1024w\" sizes=\"(max-width: 300px) 100vw, 300px\" \/>\n\t\t\t\t\t\t\t\t\t\t\t\t\t\t\t<\/a>\n\t\t\t\t\t\t\t\t\t\t\t\t<\/div>\n\t\t\t\t\t\t\t\t\t\t\t<div class=\"wd-gallery-item wd-col\">\n\t\t\t\t\t\t\t\t\t\t\t\t\t\t<a href=\"https:\/\/www.marinigerardi.it\/shop\/wp-content\/uploads\/2021\/02\/filanda-tessuto-in-lino-struttura-rete-cioccolato-per-tende-09.jpg\" data-elementor-open-lightbox=\"no\" data-index=\"2\" data-width=\"1024\" data-height=\"768\" \n\t\t\t\t\t\t\t\t\t\t\t\t\t\t\t\t\t\t\t\t\t\t\t\t\t\t\t\ttitle=\"Filanda Tessuto In Lino Struttura Rete Cioccolato Per Tende 09\">\n\t\t\t\t\t\t\t\t\n\t\t\t\t\t\t\t\t<img decoding=\"async\" width=\"300\" height=\"225\" src=\"https:\/\/www.marinigerardi.it\/shop\/wp-content\/uploads\/2021\/02\/filanda-tessuto-in-lino-struttura-rete-cioccolato-per-tende-09-300x225.jpg.webp\" class=\"wd-gallery-image image-2\" alt=\"Filanda Tessuto In Lino Struttura Rete Cioccolato Per Tende 09\" srcset=\"https:\/\/www.marinigerardi.it\/shop\/wp-content\/uploads\/2021\/02\/filanda-tessuto-in-lino-struttura-rete-cioccolato-per-tende-09-300x225.jpg.webp 300w, https:\/\/www.marinigerardi.it\/shop\/wp-content\/uploads\/2021\/02\/filanda-tessuto-in-lino-struttura-rete-cioccolato-per-tende-09-450x338.jpg 450w, https:\/\/www.marinigerardi.it\/shop\/wp-content\/uploads\/2021\/02\/filanda-tessuto-in-lino-struttura-rete-cioccolato-per-tende-09-1000x750.jpg 1000w, https:\/\/www.marinigerardi.it\/shop\/wp-content\/uploads\/2021\/02\/filanda-tessuto-in-lino-struttura-rete-cioccolato-per-tende-09-768x576.jpg.webp 768w, https:\/\/www.marinigerardi.it\/shop\/wp-content\/uploads\/2021\/02\/filanda-tessuto-in-lino-struttura-rete-cioccolato-per-tende-09.jpg.webp 1024w\" sizes=\"(max-width: 300px) 100vw, 300px\" \/>\n\t\t\t\t\t\t\t\t\t\t\t\t\t\t\t<\/a>\n\t\t\t\t\t\t\t\t\t\t\t\t<\/div>\n\t\t\t\t\t\t\t\t\t\t\t<div class=\"wd-gallery-item wd-col\">\n\t\t\t\t\t\t\t\t\t\t\t\t\t\t<a href=\"https:\/\/www.marinigerardi.it\/shop\/wp-content\/uploads\/2021\/02\/filanda-tessuto-in-lino-struttura-rete-colore-carota-5-FF449.jpg\" data-elementor-open-lightbox=\"no\" data-index=\"3\" data-width=\"1024\" data-height=\"768\" \n\t\t\t\t\t\t\t\t\t\t\t\t\t\t\t\t\t\t\t\t\t\t\t\t\t\t\t\ttitle=\"Filanda Tessuto In Lino Struttura Rete Colore Carota 5 FF449\">\n\t\t\t\t\t\t\t\t\n\t\t\t\t\t\t\t\t<img decoding=\"async\" width=\"300\" height=\"225\" src=\"https:\/\/www.marinigerardi.it\/shop\/wp-content\/uploads\/2021\/02\/filanda-tessuto-in-lino-struttura-rete-colore-carota-5-FF449-300x225.jpg.webp\" class=\"wd-gallery-image image-3\" alt=\"Filanda Tessuto In Lino Struttura Rete Colore Carota 5 FF449\" srcset=\"https:\/\/www.marinigerardi.it\/shop\/wp-content\/uploads\/2021\/02\/filanda-tessuto-in-lino-struttura-rete-colore-carota-5-FF449-300x225.jpg.webp 300w, https:\/\/www.marinigerardi.it\/shop\/wp-content\/uploads\/2021\/02\/filanda-tessuto-in-lino-struttura-rete-colore-carota-5-FF449-450x338.jpg 450w, https:\/\/www.marinigerardi.it\/shop\/wp-content\/uploads\/2021\/02\/filanda-tessuto-in-lino-struttura-rete-colore-carota-5-FF449-1000x750.jpg 1000w, https:\/\/www.marinigerardi.it\/shop\/wp-content\/uploads\/2021\/02\/filanda-tessuto-in-lino-struttura-rete-colore-carota-5-FF449-768x576.jpg.webp 768w, https:\/\/www.marinigerardi.it\/shop\/wp-content\/uploads\/2021\/02\/filanda-tessuto-in-lino-struttura-rete-colore-carota-5-FF449.jpg.webp 1024w\" sizes=\"(max-width: 300px) 100vw, 300px\" \/>\n\t\t\t\t\t\t\t\t\t\t\t\t\t\t\t<\/a>\n\t\t\t\t\t\t\t\t\t\t\t\t<\/div>\n\t\t\t\t\t\t\t\t\t\t\t<div class=\"wd-gallery-item wd-col\">\n\t\t\t\t\t\t\t\t\t\t\t\t\t\t<a href=\"https:\/\/www.marinigerardi.it\/shop\/wp-content\/uploads\/2021\/02\/filanda-tessuto-in-lino-struttura-rete-violacciocca-per-tende.jpg\" data-elementor-open-lightbox=\"no\" data-index=\"4\" data-width=\"1024\" data-height=\"768\" \n\t\t\t\t\t\t\t\t\t\t\t\t\t\t\t\t\t\t\t\t\t\t\t\t\t\t\t\ttitle=\"Filanda Tessuto In Lino Struttura Rete Violacciocca Per Tende\">\n\t\t\t\t\t\t\t\t\n\t\t\t\t\t\t\t\t<img decoding=\"async\" width=\"300\" height=\"225\" src=\"https:\/\/www.marinigerardi.it\/shop\/wp-content\/uploads\/2021\/02\/filanda-tessuto-in-lino-struttura-rete-violacciocca-per-tende-300x225.jpg.webp\" class=\"wd-gallery-image image-4\" alt=\"Filanda Tessuto In Lino Struttura Rete Violacciocca 6 Per Tende\" srcset=\"https:\/\/www.marinigerardi.it\/shop\/wp-content\/uploads\/2021\/02\/filanda-tessuto-in-lino-struttura-rete-violacciocca-per-tende-300x225.jpg.webp 300w, https:\/\/www.marinigerardi.it\/shop\/wp-content\/uploads\/2021\/02\/filanda-tessuto-in-lino-struttura-rete-violacciocca-per-tende-768x576.jpg.webp 768w, https:\/\/www.marinigerardi.it\/shop\/wp-content\/uploads\/2021\/02\/filanda-tessuto-in-lino-struttura-rete-violacciocca-per-tende-450x338.jpg.webp 450w, https:\/\/www.marinigerardi.it\/shop\/wp-content\/uploads\/2021\/02\/filanda-tessuto-in-lino-struttura-rete-violacciocca-per-tende-1000x750.jpg.webp 1000w, https:\/\/www.marinigerardi.it\/shop\/wp-content\/uploads\/2021\/02\/filanda-tessuto-in-lino-struttura-rete-violacciocca-per-tende.jpg.webp 1024w\" sizes=\"(max-width: 300px) 100vw, 300px\" \/>\n\t\t\t\t\t\t\t\t\t\t\t\t\t\t\t<\/a>\n\t\t\t\t\t\t\t\t\t\t\t\t<\/div>\n\t\t\t\t\t\t\t\t\t\t\t<div class=\"wd-gallery-item wd-col\">\n\t\t\t\t\t\t\t\t\t\t\t\t\t\t<a href=\"https:\/\/www.marinigerardi.it\/shop\/wp-content\/uploads\/2021\/02\/filanda-tessuto-in-lino-per-tendaggi-struttura-rete-jeans-7-FF449.jpg\" data-elementor-open-lightbox=\"no\" data-index=\"5\" data-width=\"1024\" data-height=\"768\" \n\t\t\t\t\t\t\t\t\t\t\t\t\t\t\t\t\t\t\t\t\t\t\t\t\t\t\t\ttitle=\"Filanda Tessuto In Lino Per Tendaggi Struttura Rete Jeans 7 FF449\">\n\t\t\t\t\t\t\t\t\n\t\t\t\t\t\t\t\t<img decoding=\"async\" width=\"300\" height=\"225\" src=\"https:\/\/www.marinigerardi.it\/shop\/wp-content\/uploads\/2021\/02\/filanda-tessuto-in-lino-per-tendaggi-struttura-rete-jeans-7-FF449-300x225.jpg.webp\" class=\"wd-gallery-image image-5\" alt=\"Filanda Tessuto In Lino Per Tendaggi Struttura Rete Jeans 7 FF449\" srcset=\"https:\/\/www.marinigerardi.it\/shop\/wp-content\/uploads\/2021\/02\/filanda-tessuto-in-lino-per-tendaggi-struttura-rete-jeans-7-FF449-300x225.jpg.webp 300w, https:\/\/www.marinigerardi.it\/shop\/wp-content\/uploads\/2021\/02\/filanda-tessuto-in-lino-per-tendaggi-struttura-rete-jeans-7-FF449-768x576.jpg.webp 768w, https:\/\/www.marinigerardi.it\/shop\/wp-content\/uploads\/2021\/02\/filanda-tessuto-in-lino-per-tendaggi-struttura-rete-jeans-7-FF449-450x338.jpg.webp 450w, https:\/\/www.marinigerardi.it\/shop\/wp-content\/uploads\/2021\/02\/filanda-tessuto-in-lino-per-tendaggi-struttura-rete-jeans-7-FF449-1000x750.jpg.webp 1000w, https:\/\/www.marinigerardi.it\/shop\/wp-content\/uploads\/2021\/02\/filanda-tessuto-in-lino-per-tendaggi-struttura-rete-jeans-7-FF449.jpg.webp 1024w\" sizes=\"(max-width: 300px) 100vw, 300px\" \/>\n\t\t\t\t\t\t\t\t\t\t\t\t\t\t\t<\/a>\n\t\t\t\t\t\t\t\t\t\t\t\t<\/div>\n\t\t\t\t\t\t\t\t\t\t\t<div class=\"wd-gallery-item wd-col\">\n\t\t\t\t\t\t\t\t\t\t\t\t\t\t<a href=\"https:\/\/www.marinigerardi.it\/shop\/wp-content\/uploads\/2021\/02\/filanda-tessuto-in-lino-per-tende-struttura-rete-cenere-8-FF449.jpg\" data-elementor-open-lightbox=\"no\" data-index=\"6\" data-width=\"1024\" data-height=\"768\" \n\t\t\t\t\t\t\t\t\t\t\t\t\t\t\t\t\t\t\t\t\t\t\t\t\t\t\t\ttitle=\"Filanda Tessuto In Lino Per Tende Struttura Rete Cenere 8 FF449\">\n\t\t\t\t\t\t\t\t\n\t\t\t\t\t\t\t\t<img decoding=\"async\" width=\"300\" height=\"225\" src=\"https:\/\/www.marinigerardi.it\/shop\/wp-content\/uploads\/2021\/02\/filanda-tessuto-in-lino-per-tende-struttura-rete-cenere-8-FF449-300x225.jpg.webp\" class=\"wd-gallery-image image-6\" alt=\"Filanda Tessuto In Lino Per Tende Struttura Rete Cenere 8 FF449\" srcset=\"https:\/\/www.marinigerardi.it\/shop\/wp-content\/uploads\/2021\/02\/filanda-tessuto-in-lino-per-tende-struttura-rete-cenere-8-FF449-300x225.jpg.webp 300w, https:\/\/www.marinigerardi.it\/shop\/wp-content\/uploads\/2021\/02\/filanda-tessuto-in-lino-per-tende-struttura-rete-cenere-8-FF449-768x576.jpg.webp 768w, https:\/\/www.marinigerardi.it\/shop\/wp-content\/uploads\/2021\/02\/filanda-tessuto-in-lino-per-tende-struttura-rete-cenere-8-FF449-450x338.jpg.webp 450w, https:\/\/www.marinigerardi.it\/shop\/wp-content\/uploads\/2021\/02\/filanda-tessuto-in-lino-per-tende-struttura-rete-cenere-8-FF449-1000x750.jpg.webp 1000w, https:\/\/www.marinigerardi.it\/shop\/wp-content\/uploads\/2021\/02\/filanda-tessuto-in-lino-per-tende-struttura-rete-cenere-8-FF449.jpg.webp 1024w\" sizes=\"(max-width: 300px) 100vw, 300px\" \/>\n\t\t\t\t\t\t\t\t\t\t\t\t\t\t\t<\/a>\n\t\t\t\t\t\t\t\t\t\t\t\t<\/div>\n\t\t\t\t\t\t\t\t\t\t\t<div class=\"wd-gallery-item wd-col\">\n\t\t\t\t\t\t\t\t\t\t\t\t\t\t<a href=\"https:\/\/www.marinigerardi.it\/shop\/wp-content\/uploads\/2021\/02\/filanda-tessuto-in-lino-struttura-rete-bianco-naturale-1-FF449.jpg\" data-elementor-open-lightbox=\"no\" data-index=\"7\" data-width=\"1024\" data-height=\"768\" \n\t\t\t\t\t\t\t\t\t\t\t\t\t\t\t\t\t\t\t\t\t\t\t\t\t\t\t\ttitle=\"Filanda Tessuto In Lino Struttura Rete Bianco Naturale 1 FF449\">\n\t\t\t\t\t\t\t\t\n\t\t\t\t\t\t\t\t<img decoding=\"async\" width=\"300\" height=\"225\" src=\"https:\/\/www.marinigerardi.it\/shop\/wp-content\/uploads\/2021\/02\/filanda-tessuto-in-lino-struttura-rete-bianco-naturale-1-FF449-300x225.jpg.webp\" class=\"wd-gallery-image image-7\" alt=\"Filanda Tessuto In Lino Struttura Rete Bianco Naturale 1 FF449\" srcset=\"https:\/\/www.marinigerardi.it\/shop\/wp-content\/uploads\/2021\/02\/filanda-tessuto-in-lino-struttura-rete-bianco-naturale-1-FF449-300x225.jpg.webp 300w, https:\/\/www.marinigerardi.it\/shop\/wp-content\/uploads\/2021\/02\/filanda-tessuto-in-lino-struttura-rete-bianco-naturale-1-FF449-450x338.jpg 450w, https:\/\/www.marinigerardi.it\/shop\/wp-content\/uploads\/2021\/02\/filanda-tessuto-in-lino-struttura-rete-bianco-naturale-1-FF449-1000x750.jpg 1000w, https:\/\/www.marinigerardi.it\/shop\/wp-content\/uploads\/2021\/02\/filanda-tessuto-in-lino-struttura-rete-bianco-naturale-1-FF449-768x576.jpg.webp 768w, https:\/\/www.marinigerardi.it\/shop\/wp-content\/uploads\/2021\/02\/filanda-tessuto-in-lino-struttura-rete-bianco-naturale-1-FF449.jpg.webp 1024w\" sizes=\"(max-width: 300px) 100vw, 300px\" \/>\n\t\t\t\t\t\t\t\t\t\t\t\t\t\t\t<\/a>\n\t\t\t\t\t\t\t\t\t\t\t\t<\/div>\n\t\t\t\t\t\t\t\t\t\t\t<div class=\"wd-gallery-item wd-col\">\n\t\t\t\t\t\t\t\t\t\t\t\t\t\t<a href=\"https:\/\/www.marinigerardi.it\/shop\/wp-content\/uploads\/2021\/02\/filanda-tessuto-in-lino-struttura-rete-senape-06-per-tendaggi.jpg\" data-elementor-open-lightbox=\"no\" data-index=\"8\" data-width=\"1024\" data-height=\"768\" \n\t\t\t\t\t\t\t\t\t\t\t\t\t\t\t\t\t\t\t\t\t\t\t\t\t\t\t\ttitle=\"Filanda Tessuto In Lino Struttura Rete Senape 06 Per Tendaggi\">\n\t\t\t\t\t\t\t\t\n\t\t\t\t\t\t\t\t<img decoding=\"async\" width=\"300\" height=\"225\" src=\"https:\/\/www.marinigerardi.it\/shop\/wp-content\/uploads\/2021\/02\/filanda-tessuto-in-lino-struttura-rete-senape-06-per-tendaggi-300x225.jpg.webp\" class=\"wd-gallery-image image-8\" alt=\"Filanda Tessuto In Lino Struttura Rete Senape 06 Per Tendaggi\" srcset=\"https:\/\/www.marinigerardi.it\/shop\/wp-content\/uploads\/2021\/02\/filanda-tessuto-in-lino-struttura-rete-senape-06-per-tendaggi-300x225.jpg.webp 300w, https:\/\/www.marinigerardi.it\/shop\/wp-content\/uploads\/2021\/02\/filanda-tessuto-in-lino-struttura-rete-senape-06-per-tendaggi-450x338.jpg 450w, https:\/\/www.marinigerardi.it\/shop\/wp-content\/uploads\/2021\/02\/filanda-tessuto-in-lino-struttura-rete-senape-06-per-tendaggi-1000x750.jpg 1000w, https:\/\/www.marinigerardi.it\/shop\/wp-content\/uploads\/2021\/02\/filanda-tessuto-in-lino-struttura-rete-senape-06-per-tendaggi-768x576.jpg.webp 768w, https:\/\/www.marinigerardi.it\/shop\/wp-content\/uploads\/2021\/02\/filanda-tessuto-in-lino-struttura-rete-senape-06-per-tendaggi.jpg.webp 1024w\" sizes=\"(max-width: 300px) 100vw, 300px\" \/>\n\t\t\t\t\t\t\t\t\t\t\t\t\t\t\t<\/a>\n\t\t\t\t\t\t\t\t\t\t\t\t<\/div>\n\t\t\t\t\t\t\t\t\t\n\t\t\t\t\t\t\t<\/div>\n\n\t\t\t\t\t<\/div>\n\t\t[\/vc_column][\/vc_row][vc_row][vc_column][vc_empty_space height=&#8221;25px&#8221; woodmart_hide_large=&#8221;0&#8243; woodmart_hide_medium=&#8221;0&#8243; woodmart_hide_small=&#8221;0&#8243;]\n\t\t<div id=\"wd-694746d5af387\" class=\"title-wrapper wd-wpb wd-set-mb reset-last-child  wd-rs-694746d5af387 wd-title-color-default wd-title-style-bordered text-center  wd-underline-colored\">\n\t\t\t\n\t\t\t<div class=\"liner-continer\">\n\t\t\t\t<h3 class=\"woodmart-title-container title  wd-font-weight- wd-fontsize-l\" >DUBLINO - Tovaglia Lino da 170<\/h3>\n\t\t\t\t\t\t\t<\/div>\n\t\t\t\n\t\t\t\n\t\t\t\n\t\t<\/div>\n\t\t\n\t\t[\/vc_column][\/vc_row][vc_row content_placement=&#8221;middle&#8221; woodmart_bg_position=&#8221;center-bottom&#8221; css=&#8221;.vc_custom_1699225334131{background-color: #f3f3f3 !important;background-position: 0 0 !important;background-repeat: no-repeat !important;}&#8221; el_class=&#8221;mobile-bg-img-hidden&#8221; mobile_bg_img_hidden=&#8221;no&#8221; tablet_bg_img_hidden=&#8221;no&#8221; woodmart_parallax=&#8221;0&#8243; woodmart_gradient_switch=&#8221;no&#8221; row_reverse_mobile=&#8221;0&#8243; row_reverse_tablet=&#8221;0&#8243; woodmart_disable_overflow=&#8221;0&#8243; woodmart_css_id=&#8221;65481eeb1bf7b&#8221; responsive_spacing=&#8221;eyJwYXJhbV90eXBlIjoid29vZG1hcnRfcmVzcG9uc2l2ZV9zcGFjaW5nIiwic2VsZWN0b3JfaWQiOiI2NTQ4MWVlYjFiZjdiIiwic2hvcnRjb2RlIjoidmNfcm93IiwiZGF0YSI6eyJ0YWJsZXQiOnt9LCJtb2JpbGUiOnt9fX0=&#8221; woodmart_box_shadow=&#8221;yes&#8221; wd_box_shadow=&#8221;eyJkZXZpY2VzIjp7ImRlc2t0b3AiOnsiaG9yaXpvbnRhbCI6IjAiLCJ2ZXJ0aWNhbCI6IjAiLCJibHVyIjoiOSIsInNwcmVhZCI6IjAiLCJjb2xvciI6InJnYmEoMCwgMCwgMCwgLjE1KSJ9fX0=&#8221; wd_z_index=&#8221;no&#8221;][vc_column mobile_bg_img_hidden=&#8221;no&#8221; tablet_bg_img_hidden=&#8221;no&#8221; woodmart_parallax=&#8221;0&#8243; woodmart_sticky_column=&#8221;false&#8221; parallax_scroll=&#8221;no&#8221; mobile_reset_margin=&#8221;no&#8221; tablet_reset_margin=&#8221;no&#8221;][vc_single_image image=&#8221;36866&#8243; img_size=&#8221;full&#8221; alignment=&#8221;center&#8221; onclick=&#8221;link_image&#8221; parallax_scroll=&#8221;no&#8221; woodmart_inline=&#8221;no&#8221;][vc_single_image image=&#8221;36868&#8243; img_size=&#8221;full&#8221; alignment=&#8221;center&#8221; onclick=&#8221;link_image&#8221; parallax_scroll=&#8221;no&#8221; woodmart_inline=&#8221;no&#8221;][\/vc_column][\/vc_row][vc_row][vc_column]\n\t\t<div id=\"wd-694746dfb9594\" class=\"title-wrapper wd-wpb wd-set-mb reset-last-child  wd-rs-694746dfb9594 wd-title-color-primary wd-title-style-bordered text-center justify  wd-underline-colored\">\n\t\t\t\n\t\t\t<div class=\"liner-continer\">\n\t\t\t\t<h3 class=\"woodmart-title-container title  wd-font-weight- wd-fontsize-l\" >DUBLINO - Tovaglia Lino da 170 Pratica e Informale<\/h3>\n\t\t\t\t\t\t\t<\/div>\n\t\t\t\n\t\t\t\t\t\t\t<div class=\"title-after_title reset-last-child  wd-fontsize-xs\">Amore a prima vista!<\/div>\n\t\t\t\n\t\t\t\n\t\t<\/div>\n\t\t\n\t\t[\/vc_column][\/vc_row][vc_row css=&#8221;.vc_custom_1699225889108{background-color: #f3f3f3 !important;}&#8221; woodmart_css_id=&#8221;654821080dee5&#8243; responsive_spacing=&#8221;eyJwYXJhbV90eXBlIjoid29vZG1hcnRfcmVzcG9uc2l2ZV9zcGFjaW5nIiwic2VsZWN0b3JfaWQiOiI2NTQ4MjEwODBkZWU1Iiwic2hvcnRjb2RlIjoidmNfcm93IiwiZGF0YSI6eyJ0YWJsZXQiOnt9LCJtb2JpbGUiOnt9fX0=&#8221; mobile_bg_img_hidden=&#8221;no&#8221; tablet_bg_img_hidden=&#8221;no&#8221; woodmart_parallax=&#8221;0&#8243; woodmart_gradient_switch=&#8221;no&#8221; woodmart_box_shadow=&#8221;yes&#8221; wd_box_shadow=&#8221;eyJkZXZpY2VzIjp7ImRlc2t0b3AiOnsiaG9yaXpvbnRhbCI6IjAiLCJ2ZXJ0aWNhbCI6IjAiLCJibHVyIjoiOSIsInNwcmVhZCI6IjAiLCJjb2xvciI6InJnYmEoMCwgMCwgMCwgLjE1KSJ9fX0=&#8221; wd_z_index=&#8221;no&#8221; woodmart_disable_overflow=&#8221;0&#8243; row_reverse_mobile=&#8221;0&#8243; row_reverse_tablet=&#8221;0&#8243;][vc_column][vc_single_image image=&#8221;36870&#8243; img_size=&#8221;full&#8221; alignment=&#8221;center&#8221; onclick=&#8221;link_image&#8221; parallax_scroll=&#8221;no&#8221; woodmart_inline=&#8221;no&#8221;][\/vc_column][\/vc_row][vc_row][vc_column]\n\t\t<div id=\"wd-694746eaaa520\" class=\"title-wrapper wd-wpb wd-set-mb reset-last-child  wd-rs-694746eaaa520 wd-title-color-default wd-title-style-bordered text-left  wd-underline-colored\">\n\t\t\t\n\t\t\t<div class=\"liner-continer\">\n\t\t\t\t<h3 class=\"woodmart-title-container title  wd-font-weight- wd-fontsize-l\" >DUBLINO - Tovaglia Lino da 170<\/h3>\n\t\t\t\t\t\t\t<\/div>\n\t\t\t\n\t\t\t\n\t\t\t\n\t\t<\/div>\n\t\t\n\t\t\t\t<div id=\"wd-654820e945904\" class=\"wd-text-block wd-wpb reset-last-child wd-rs-654820e945904 text-left \">\n\t\t\t<p style=\"text-align: justify;\">\u00c8 un colpo di fulmine a prima vista! Dublino, il tovagliolo in lino grezzo dal fascino informale, \u00e8 come un&#8217;opera d&#8217;arte per la tua tavola. Questo capolavoro tessile cattura lo sguardo con una combinazione di colori che scintilla di calore e vitalit\u00e0, trasformando ogni pasto in un&#8217;esperienza visiva e sensoriale straordinaria.<\/p>\n<p style=\"text-align: justify;\">Dublino \u00e8 il compagno ideale per qualsiasi occasione, pronto a elevare ogni momento a un&#8217;esperienza speciale. Che tu stia preparando una cena romantica a lume di candela o un pranzo informale con gli amici, non devi far altro che accomodarti e lasciarti avvolgere dall&#8217;atmosfera di convivialit\u00e0 che crea.<\/p>\n<p style=\"text-align: justify;\">Come la citt\u00e0 che porta il suo nome, Dublino \u00e8 una sinfonia di eleganza, accoglienza, delizia e divertimento. Proprio come Dublino offre una ricca storia e cultura, unite alla vivacit\u00e0 dei suoi pub e locali notturni, il nostro tovagliolo aggiunge un tocco di bellezza e versatilit\u00e0 alla tua tavola. \u00c8 un inno alla spontaneit\u00e0 e alla gioia di condividere momenti speciali con coloro che ami, proprio come farebbe un autentico abitante di Dublino in una delle citt\u00e0 pi\u00f9 vivaci del mondo.<\/p>\n\t\t<\/div>\n\t\t[\/vc_column][\/vc_row][vc_row css=&#8221;.vc_custom_1699225989032{background-color: #f3f3f3 !important;}&#8221; woodmart_css_id=&#8221;6548217a4444a&#8221; responsive_spacing=&#8221;eyJwYXJhbV90eXBlIjoid29vZG1hcnRfcmVzcG9uc2l2ZV9zcGFjaW5nIiwic2VsZWN0b3JfaWQiOiI2NTQ4MjE3YTQ0NDRhIiwic2hvcnRjb2RlIjoidmNfcm93IiwiZGF0YSI6eyJ0YWJsZXQiOnt9LCJtb2JpbGUiOnt9fX0=&#8221; mobile_bg_img_hidden=&#8221;no&#8221; tablet_bg_img_hidden=&#8221;no&#8221; woodmart_parallax=&#8221;0&#8243; woodmart_gradient_switch=&#8221;no&#8221; woodmart_box_shadow=&#8221;yes&#8221; wd_box_shadow=&#8221;eyJkZXZpY2VzIjp7ImRlc2t0b3AiOnsiaG9yaXpvbnRhbCI6IjAiLCJ2ZXJ0aWNhbCI6IjAiLCJibHVyIjoiOSIsInNwcmVhZCI6IjAiLCJjb2xvciI6InJnYmEoMCwgMCwgMCwgLjE1KSJ9fX0=&#8221; wd_z_index=&#8221;no&#8221; woodmart_disable_overflow=&#8221;0&#8243; row_reverse_mobile=&#8221;0&#8243; row_reverse_tablet=&#8221;0&#8243;][vc_column][vc_single_image image=&#8221;36871&#8243; img_size=&#8221;full&#8221; alignment=&#8221;center&#8221; onclick=&#8221;link_image&#8221; parallax_scroll=&#8221;no&#8221; woodmart_inline=&#8221;no&#8221;][\/vc_column][\/vc_row]<\/p>\n<\/div>","protected":false},"excerpt":{"rendered":"<p>DUBLINO &#8211; Tovaglia Lino da 170 disponibile in due combinazioni base di colore. Tessuto 100% LINO a trama fitta ben strutturato con Finitura rasata per una piacevole sensazione al tatto.<br \/>\n<strong>Omaggio n.2 Tovagliette Decorative 47&#215;47 cm.<\/strong><\/p>\n","protected":false},"featured_media":36863,"template":"","meta":[],"product_brand":[],"product_cat":[145],"product_tag":[],"class_list":{"0":"post-7234","1":"product","2":"type-product","3":"status-publish","4":"has-post-thumbnail","6":"product_cat-tovaglie-di-lino","8":"first","9":"instock","10":"taxable","11":"shipping-taxable","12":"purchasable","13":"product-type-simple"},"_links":{"self":[{"href":"https:\/\/www.marinigerardi.it\/shop\/wp-json\/wp\/v2\/product\/7234","targetHints":{"allow":["GET"]}}],"collection":[{"href":"https:\/\/www.marinigerardi.it\/shop\/wp-json\/wp\/v2\/product"}],"about":[{"href":"https:\/\/www.marinigerardi.it\/shop\/wp-json\/wp\/v2\/types\/product"}],"wp:featuredmedia":[{"embeddable":true,"href":"https:\/\/www.marinigerardi.it\/shop\/wp-json\/wp\/v2\/media\/36863"}],"wp:attachment":[{"href":"https:\/\/www.marinigerardi.it\/shop\/wp-json\/wp\/v2\/media?parent=7234"}],"wp:term":[{"taxonomy":"product_brand","embeddable":true,"href":"https:\/\/www.marinigerardi.it\/shop\/wp-json\/wp\/v2\/product_brand?post=7234"},{"taxonomy":"product_cat","embeddable":true,"href":"https:\/\/www.marinigerardi.it\/shop\/wp-json\/wp\/v2\/product_cat?post=7234"},{"taxonomy":"product_tag","embeddable":true,"href":"https:\/\/www.marinigerardi.it\/shop\/wp-json\/wp\/v2\/product_tag?post=7234"}],"curies":[{"name":"wp","href":"https:\/\/api.w.org\/{rel}","templated":true}]}}