{"id":7169,"date":"2021-01-28T10:30:08","date_gmt":"2021-01-28T10:30:08","guid":{"rendered":"https:\/\/marinigerardi.it\/shop\/product\/import-placeholder-for-3904\/"},"modified":"2025-12-20T16:26:38","modified_gmt":"2025-12-20T16:26:38","slug":"agrigento-tovaglia-lino-ricamata-da-160","status":"publish","type":"product","link":"https:\/\/www.marinigerardi.it\/shop\/prodotto\/agrigento-tovaglia-lino-ricamata-da-160\/","title":{"rendered":"AGRIGENTO &#8211; Tovaglia Lino Ricamata &#8211; Tovaglie su Misura"},"content":{"rendered":"<div class=\"wpb-content-wrapper\"><p>[vc_row equal_height=&#8221;yes&#8221; mobile_bg_img_hidden=&#8221;no&#8221; tablet_bg_img_hidden=&#8221;no&#8221; woodmart_parallax=&#8221;0&#8243; woodmart_gradient_switch=&#8221;no&#8221; row_reverse_mobile=&#8221;0&#8243; row_reverse_tablet=&#8221;0&#8243; woodmart_disable_overflow=&#8221;0&#8243;][vc_column offset=&#8221;vc_col-lg-6 vc_col-md-6&#8243; mobile_bg_img_hidden=&#8221;no&#8221; tablet_bg_img_hidden=&#8221;no&#8221; woodmart_parallax=&#8221;0&#8243; woodmart_sticky_column=&#8221;false&#8221; parallax_scroll=&#8221;no&#8221; mobile_reset_margin=&#8221;no&#8221; tablet_reset_margin=&#8221;no&#8221; css=&#8221;.vc_custom_1613071403480{margin-top: 0px !important;}&#8221;]\n\t\t<div id=\"wd-6946cdf33c3c3\" class=\"title-wrapper wd-wpb wd-set-mb reset-last-child  wd-rs-6946cdf33c3c3 wd-title-color-primary wd-title-style-bordered text-left vc_custom_1766247879119 wd-underline-colored\">\n\t\t\t\n\t\t\t<div class=\"liner-continer\">\n\t\t\t\t<h2 class=\"woodmart-title-container title  wd-font-weight- wd-fontsize-l\" >AGRIGENTO - Tovaglia Lino Ricamata<\/h2>\n\t\t\t\t\t\t\t<\/div>\n\t\t\t\n\t\t\t\n\t\t\t\n\t\t<\/div>\n\t\t\n\t\t\t\t<div id=\"wd-654809dfbac08\" class=\"wd-text-block wd-wpb reset-last-child wd-rs-654809dfbac08 text-left \">\n\t\t\t<p style=\"text-align: justify;\">Agrigento, una <a href=\"https:\/\/www.marinigerardi.it\/shop\/prodotto\/agrigento-tovaglia-lino-ricamata-da-160\/\">tovaglia<\/a> ricamata realizzata in tessuto di puro lino \u00e8 cucita sartorialmente nel nostro laboratorio al momento dell\u2019ordine Una Grande Tovaglia, fatta come si deve per fare la differenza, perfetta e adatta per ogni occasione. Una Musa ispiratrice che pu\u00f2 essere utilizzata secondo le diverse interpretazioni.<\/p>\n\t\t<\/div>\n\t\t[vc_message message_box_style=&#8221;outline&#8221; message_box_color=&#8221;grey&#8221; css=&#8221;&#8221;]<strong>Tessuto: <\/strong>100% lino Grezzo.<br \/>\n<strong>Peso tessuto:<\/strong> 450 gr\/m.l 140 h.<br \/>\n<strong>Colori:<\/strong> Pistacchio | Verde Marcio | Glicine | Salmone | Caff\u00e8 Latte | Tabacco | Panna | Avio | Cielo | Grigio Antracite | Cenere | Pannocchia | Zucca | Denim | Malva | Corda<br \/>\n<strong>Misure:<\/strong> 160\u00d7160 | 160\u00d7180 | 160\u00d7200 | 160\u00d7240 | 160\u00d7260 | 160\u00d7280 | 160\u00d7300<\/p>\n<p>Per misure particolari vi preghiamo di contattarci al Indirizzo mail <strong>assistenza@marinigerardi.it<\/strong>[\/vc_message][\/vc_column][vc_column css=&#8221;.vc_custom_1612434787067{background-position: center !important;background-repeat: no-repeat !important;background-size: cover !important;}&#8221; offset=&#8221;vc_col-lg-6 vc_col-md-6&#8243; mobile_bg_img_hidden=&#8221;no&#8221; tablet_bg_img_hidden=&#8221;no&#8221; woodmart_parallax=&#8221;0&#8243; woodmart_sticky_column=&#8221;false&#8221; parallax_scroll=&#8221;no&#8221; mobile_reset_margin=&#8221;no&#8221; tablet_reset_margin=&#8221;no&#8221;][vc_gallery interval=&#8221;3&#8243; images=&#8221;29817,12036,11728,8858,11725,11730&#8243; img_size=&#8221;large&#8221;][\/vc_column][\/vc_row][vc_row][vc_column][vc_text_separator title=&#8221;&#8221; css=&#8221;&#8221;]\n\t\t<div id=\"wd-6946ce083dc66\" class=\"title-wrapper wd-wpb wd-set-mb reset-last-child  wd-rs-6946ce083dc66 wd-title-color-default wd-title-style-default text-center  wd-underline-colored\">\n\t\t\t\n\t\t\t<div class=\"liner-continer\">\n\t\t\t\t<h3 class=\"woodmart-title-container title  wd-font-weight- wd-fontsize-l\" >Tovaglia Lino Ricamata<\/h3>\n\t\t\t\t\t\t\t<\/div>\n\t\t\t\n\t\t\t\n\t\t\t\n\t\t<\/div>\n\t\t\n\t\t[\/vc_column][\/vc_row][vc_row content_placement=&#8221;middle&#8221; woodmart_bg_position=&#8221;center-bottom&#8221; css=&#8221;.vc_custom_1699219916297{background-color: #f3f3f3 !important;background-position: 0 0 !important;background-repeat: no-repeat !important;}&#8221; el_class=&#8221;mobile-bg-img-hidden&#8221; mobile_bg_img_hidden=&#8221;no&#8221; tablet_bg_img_hidden=&#8221;no&#8221; woodmart_parallax=&#8221;0&#8243; woodmart_gradient_switch=&#8221;no&#8221; row_reverse_mobile=&#8221;0&#8243; row_reverse_tablet=&#8221;0&#8243; woodmart_disable_overflow=&#8221;0&#8243; woodmart_css_id=&#8221;654809c214dfe&#8221; responsive_spacing=&#8221;eyJwYXJhbV90eXBlIjoid29vZG1hcnRfcmVzcG9uc2l2ZV9zcGFjaW5nIiwic2VsZWN0b3JfaWQiOiI2NTQ4MDljMjE0ZGZlIiwic2hvcnRjb2RlIjoidmNfcm93IiwiZGF0YSI6eyJ0YWJsZXQiOnt9LCJtb2JpbGUiOnt9fX0=&#8221; woodmart_box_shadow=&#8221;yes&#8221; wd_box_shadow=&#8221;eyJkZXZpY2VzIjp7ImRlc2t0b3AiOnsiaG9yaXpvbnRhbCI6IjAiLCJ2ZXJ0aWNhbCI6IjAiLCJibHVyIjoiOSIsInNwcmVhZCI6IjAiLCJjb2xvciI6InJnYmEoMCwgMCwgMCwgLjE1KSJ9fX0=&#8221; wd_z_index=&#8221;no&#8221;][vc_column mobile_bg_img_hidden=&#8221;no&#8221; tablet_bg_img_hidden=&#8221;no&#8221; woodmart_parallax=&#8221;0&#8243; woodmart_sticky_column=&#8221;false&#8221; parallax_scroll=&#8221;no&#8221; mobile_reset_margin=&#8221;no&#8221; tablet_reset_margin=&#8221;no&#8221;][vc_single_image image=&#8221;11726&#8243; img_size=&#8221;full&#8221; alignment=&#8221;center&#8221; style=&#8221;vc_box_shadow&#8221; onclick=&#8221;link_image&#8221; parallax_scroll=&#8221;no&#8221; woodmart_inline=&#8221;no&#8221;][\/vc_column][\/vc_row][vc_row][vc_column]\n\t\t<div id=\"wd-6946ce14796bf\" class=\"title-wrapper wd-wpb wd-set-mb reset-last-child  wd-rs-6946ce14796bf wd-title-color-primary wd-title-style-bordered text-center justify  wd-underline-colored\">\n\t\t\t\n\t\t\t<div class=\"liner-continer\">\n\t\t\t\t<h3 class=\"woodmart-title-container title  wd-font-weight- wd-fontsize-l\" >AGRIGENTO - Tovaglia ricamata in Lino Elegante per le grandi occasioni<\/h3>\n\t\t\t\t\t\t\t<\/div>\n\t\t\t\n\t\t\t\t\t\t\t<div class=\"title-after_title reset-last-child  wd-fontsize-xs\">Tovaglie di lino ricamate di tradizione!<\/div>\n\t\t\t\n\t\t\t\n\t\t<\/div>\n\t\t\n\t\t\t\t<div id=\"wd-6548098949533\" class=\"wd-text-block wd-wpb reset-last-child wd-rs-6548098949533 text-left \">\n\t\t\t<p style=\"text-align: justify;\"><strong>Tutti gli accessori tessili in cucina servono per rendere pi\u00f9 bella ed elegante la tavola,<\/strong> noi disegniamo\u00a0e produciamo tovaglie, runner, <a href=\"https:\/\/tovagliati.com\/\" rel=\"nofollow noopener\" target=\"_blank\">tovagliette americane<\/a> dal design davvero irresistibile.<br \/>\nE\u2019 arrivato il momento di dare alla tua sala da pranzo, quell\u2019originale tocco di stile che distingue una stanza monotona e piatta da una piena di personalit\u00e0.<br \/>\nPer la serie Tovaglie Ricamate Arredo di Qualit\u00e0, <strong>\u00a0Agrigento detta\u00a0una nota di classicismo,<\/strong> in una\u00a0chiave semplice e assolutamente originale.<br \/>\n<strong>Utilizzala\u00a0in tutte le occasioni\u2026 senza paura!<\/strong> \u00a0Quindi non resta\u00a0che accomodarti a Tavola e gustare il sapore di una Festa\u00a0con amici.<\/p>\n\t\t<\/div>\n\t\t[\/vc_column][\/vc_row]<\/p>\n<\/div>","protected":false},"excerpt":{"rendered":"<p>AGRTIGENTO &#8211; Una Tovaglia semplice, elegante d&#8217;impostazione classica. Tovaglia Lino Ricamata con tessuto a trama fitta ben strutturato e finitura rasata per una piacevole sensazione al tatto. Cornice e Bordo con tramezzo ricamato.<\/p>\n","protected":false},"featured_media":29814,"template":"","meta":[],"product_brand":[],"product_cat":[145],"product_tag":[],"class_list":{"0":"post-7169","1":"product","2":"type-product","3":"status-publish","4":"has-post-thumbnail","6":"product_cat-tovaglie-di-lino","8":"first","9":"instock","10":"taxable","11":"shipping-taxable","12":"purchasable","13":"product-type-simple"},"_links":{"self":[{"href":"https:\/\/www.marinigerardi.it\/shop\/wp-json\/wp\/v2\/product\/7169","targetHints":{"allow":["GET"]}}],"collection":[{"href":"https:\/\/www.marinigerardi.it\/shop\/wp-json\/wp\/v2\/product"}],"about":[{"href":"https:\/\/www.marinigerardi.it\/shop\/wp-json\/wp\/v2\/types\/product"}],"wp:featuredmedia":[{"embeddable":true,"href":"https:\/\/www.marinigerardi.it\/shop\/wp-json\/wp\/v2\/media\/29814"}],"wp:attachment":[{"href":"https:\/\/www.marinigerardi.it\/shop\/wp-json\/wp\/v2\/media?parent=7169"}],"wp:term":[{"taxonomy":"product_brand","embeddable":true,"href":"https:\/\/www.marinigerardi.it\/shop\/wp-json\/wp\/v2\/product_brand?post=7169"},{"taxonomy":"product_cat","embeddable":true,"href":"https:\/\/www.marinigerardi.it\/shop\/wp-json\/wp\/v2\/product_cat?post=7169"},{"taxonomy":"product_tag","embeddable":true,"href":"https:\/\/www.marinigerardi.it\/shop\/wp-json\/wp\/v2\/product_tag?post=7169"}],"curies":[{"name":"wp","href":"https:\/\/api.w.org\/{rel}","templated":true}]}}