{"id":67072,"date":"2024-04-15T06:23:34","date_gmt":"2024-04-15T06:23:34","guid":{"rendered":"https:\/\/www.marinigerardi.it\/shop\/?post_type=product&#038;p=67072"},"modified":"2024-08-08T15:14:52","modified_gmt":"2024-08-08T15:14:52","slug":"runner-tavola-moderni","status":"publish","type":"product","link":"https:\/\/www.marinigerardi.it\/shop\/prodotto\/runner-tavola-moderni\/","title":{"rendered":"ZEUS Runner Tavola Moderni in Lino: Eleganza e Praticit\u00e0 per la Tua Casa"},"content":{"rendered":"<div class=\"wpb-content-wrapper\"><p>[vc_row equal_height=&#8221;yes&#8221; mobile_bg_img_hidden=&#8221;no&#8221; tablet_bg_img_hidden=&#8221;no&#8221; woodmart_parallax=&#8221;0&#8243; woodmart_gradient_switch=&#8221;no&#8221; row_reverse_mobile=&#8221;0&#8243; row_reverse_tablet=&#8221;0&#8243; woodmart_disable_overflow=&#8221;0&#8243;][vc_column offset=&#8221;vc_col-lg-6 vc_col-md-6&#8243; mobile_bg_img_hidden=&#8221;no&#8221; tablet_bg_img_hidden=&#8221;no&#8221; woodmart_parallax=&#8221;0&#8243; woodmart_sticky_column=&#8221;false&#8221; parallax_scroll=&#8221;no&#8221; mobile_reset_margin=&#8221;no&#8221; tablet_reset_margin=&#8221;no&#8221; css=&#8221;.vc_custom_1613071403480{margin-top: 0px !important;}&#8221;]\n\t\t<div id=\"wd-661cda10c055b\" class=\"title-wrapper wd-wpb wd-set-mb reset-last-child  wd-rs-661cda10c055b wd-title-color-primary wd-title-style-bordered text-left vc_custom_1713166879223 wd-underline-colored\">\n\t\t\t\n\t\t\t<div class=\"liner-continer\">\n\t\t\t\t<h2 class=\"woodmart-title-container title  wd-font-weight-500 wd-fontsize-l\" >Runner Tavola Moderni in Lino: Eleganza e Praticit\u00e0 per la Tua Casa - Vintage style<\/h2>\n\t\t\t\t\t\t\t<\/div>\n\t\t\t\n\t\t\t\n\t\t\t\n\t\t<\/div>\n\t\t\n\t\t\t\t<div id=\"wd-66b4e0d93f8a9\" class=\"wd-text-block wd-wpb reset-last-child wd-rs-66b4e0d93f8a9 text-left \">\n\t\t\t<p>Arricchire la propria casa con accessori che valorizzino le sue caratteristiche \u00e8 un passo importante, soprattutto quando desideri far sentire i tuoi ospiti accolti con la massima attenzione.<\/p>\n<h4>Una Scelta Intelligente: <a href=\"https:\/\/www.marinigerardi.it\/shop\/prodotto\/runner-tavola-moderni\/\">Runner Tavola Moderni in Lino Naturale<\/a><\/h4>\n<p>Se cerchi un tocco di eleganza senza tempo per la tua tavola, non puoi rinunciare al runner in lino naturale. Questo componente essenziale si presta magnificamente non solo per i pasti pi\u00f9 importanti, ma anche per quelli di ogni giorno, aggiungendo un tocco di classe a ogni occasione.<\/p>\n\t\t<\/div>\n\t\t[vc_message message_box_style=&#8221;outline&#8221; message_box_color=&#8221;grey&#8221;]<\/p>\n<ul>\n<li>Lino 75% \u2013 HE 25% (L\u2019<b>henequen<\/b>\u00a0<i><b>Agave fourcroydes \u2013 l\u2019oro verde dei Maya)<\/b><\/i>\u00a0\u00e8 una\u00a0pianta\u00a0della\u00a0famiglia\u00a0delle\u00a0Asparagaceae, originaria del\u00a0Messico\u00a0sud-orientale.<\/li>\n<li>Peso: gr.1528 m\u00b2<\/li>\n<\/ul>\n<p>Per altre misure contattarci al Indirizzo mail <strong>assistenza@marinigerardi.it<\/strong>[\/vc_message][\/vc_column][vc_column css=&#8221;.vc_custom_1612434787067{background-position: center !important;background-repeat: no-repeat !important;background-size: cover !important;}&#8221; offset=&#8221;vc_col-lg-6 vc_col-md-6&#8243; mobile_bg_img_hidden=&#8221;no&#8221; tablet_bg_img_hidden=&#8221;no&#8221; woodmart_parallax=&#8221;0&#8243; woodmart_sticky_column=&#8221;false&#8221; parallax_scroll=&#8221;no&#8221; mobile_reset_margin=&#8221;no&#8221; tablet_reset_margin=&#8221;no&#8221;][vc_single_image image=&#8221;67039&#8243; img_size=&#8221;large&#8221; alignment=&#8221;center&#8221; style=&#8221;vc_box_shadow&#8221; onclick=&#8221;link_image&#8221; css=&#8221;.vc_custom_1712844180326{margin-right: 20px !important;}&#8221; parallax_scroll=&#8221;no&#8221; woodmart_inline=&#8221;no&#8221;][\/vc_column][\/vc_row][vc_row][vc_column][vc_text_separator title=&#8221;Tessuti Naturali&#8221;]\n\t\t<div id=\"wd-66b4e06d222e8\" class=\"title-wrapper wd-wpb wd-set-mb reset-last-child  wd-rs-66b4e06d222e8 wd-title-color-primary wd-title-style-default text-center justify  wd-underline-colored\">\n\t\t\t\n\t\t\t<div class=\"liner-continer\">\n\t\t\t\t<h3 class=\"woodmart-title-container title  wd-font-weight-400 wd-fontsize-m\" >Runner Tavola Moderni in Lino: Eleganza e Praticit\u00e0 per la Tua Casa<\/h3>\n\t\t\t\t\t\t\t<\/div>\n\t\t\t\n\t\t\t\n\t\t\t\n\t\t<\/div>\n\t\t\n\t\t[\/vc_column][\/vc_row][vc_row css=&#8221;.vc_custom_1712828963197{background-color: #f3f3f3 !important;}&#8221; woodmart_css_id=&#8221;6617b21c298c7&#8243; responsive_spacing=&#8221;eyJwYXJhbV90eXBlIjoid29vZG1hcnRfcmVzcG9uc2l2ZV9zcGFjaW5nIiwic2VsZWN0b3JfaWQiOiI2NjE3YjIxYzI5OGM3Iiwic2hvcnRjb2RlIjoidmNfcm93IiwiZGF0YSI6eyJ0YWJsZXQiOnt9LCJtb2JpbGUiOnt9fX0=&#8221; mobile_bg_img_hidden=&#8221;no&#8221; tablet_bg_img_hidden=&#8221;no&#8221; woodmart_parallax=&#8221;0&#8243; woodmart_gradient_switch=&#8221;no&#8221; woodmart_box_shadow=&#8221;no&#8221; wd_z_index=&#8221;no&#8221; woodmart_disable_overflow=&#8221;0&#8243; row_reverse_mobile=&#8221;0&#8243; row_reverse_tablet=&#8221;0&#8243;][vc_column][vc_single_image image=&#8221;67078&#8243; img_size=&#8221;full&#8221; alignment=&#8221;center&#8221; style=&#8221;vc_box_shadow&#8221; onclick=&#8221;link_image&#8221; css=&#8221;.vc_custom_1713167367929{margin-right: 20px !important;}&#8221; parallax_scroll=&#8221;no&#8221; woodmart_inline=&#8221;no&#8221;][\/vc_column][\/vc_row][vc_row content_placement=&#8221;middle&#8221; woodmart_bg_position=&#8221;center-bottom&#8221; css=&#8221;.vc_custom_1712829026128{background-position: 0 0 !important;background-repeat: no-repeat !important;}&#8221; el_class=&#8221;mobile-bg-img-hidden&#8221; mobile_bg_img_hidden=&#8221;no&#8221; tablet_bg_img_hidden=&#8221;no&#8221; woodmart_parallax=&#8221;0&#8243; woodmart_gradient_switch=&#8221;no&#8221; row_reverse_mobile=&#8221;0&#8243; row_reverse_tablet=&#8221;0&#8243; woodmart_disable_overflow=&#8221;0&#8243; woodmart_css_id=&#8221;6617b25979761&#8243; responsive_spacing=&#8221;eyJwYXJhbV90eXBlIjoid29vZG1hcnRfcmVzcG9uc2l2ZV9zcGFjaW5nIiwic2VsZWN0b3JfaWQiOiI2NjE3YjI1OTc5NzYxIiwic2hvcnRjb2RlIjoidmNfcm93IiwiZGF0YSI6eyJ0YWJsZXQiOnt9LCJtb2JpbGUiOnt9fX0=&#8221; woodmart_box_shadow=&#8221;no&#8221; wd_z_index=&#8221;no&#8221;][vc_column mobile_bg_img_hidden=&#8221;no&#8221; tablet_bg_img_hidden=&#8221;no&#8221; woodmart_parallax=&#8221;0&#8243; woodmart_sticky_column=&#8221;false&#8221; parallax_scroll=&#8221;no&#8221; mobile_reset_margin=&#8221;no&#8221; tablet_reset_margin=&#8221;no&#8221;]\n\t\t<div id=\"wd-66b4e087c1e59\" class=\"title-wrapper wd-wpb wd-set-mb reset-last-child  wd-rs-66b4e087c1e59 wd-title-color-primary wd-title-style-bordered text-left justify  wd-underline-colored\">\n\t\t\t\t\t\t\t\n\t\t\t\t<div class=\"title-subtitle  subtitle-color-primary font-alt subtitle-style-default wd-font-weight- wd-fontsize-xs\">Luxury Frabrics - Alta qualit\u00e0 a tavola<\/div>\n\t\t\t\n\t\t\t<div class=\"liner-continer\">\n\t\t\t\t<h2 class=\"woodmart-title-container title  wd-font-weight-400 wd-fontsize-m\" >Runner Tavola Moderni<\/h2>\n\t\t\t\t\t\t\t<\/div>\n\t\t\t\n\t\t\t\n\t\t\t\n\t\t<\/div>\n\t\t\n\t\t\t\t<div id=\"wd-661cd08921e97\" class=\"wd-text-block wd-wpb reset-last-child wd-rs-661cd08921e97 text-left \">\n\t\t\t<h4>Versatilit\u00e0 e Stile in una Sola Scelta<\/h4>\n<p>Il runner tavolo moderno in lino naturale offre la massima versatilit\u00e0: perfetto per cene intime o pranzi con amici, si adatta con eleganza a ogni occasione.<br \/>\nNumerosi interior designer lo propongono come un accessorio indispensabile per arredare con semplicit\u00e0 e funzionalit\u00e0. Prova ad abbinarlo a tavoli in legno o in vetro, arricchendo l&#8217;ambiente con accessori che esaltino ulteriormente la sua classe intrinseca.<\/p>\n<h4>Un Dettaglio di Stile per Ogni Ambiente<\/h4>\n<p>Il runner, nato negli Stati Uniti per rispondere alle esigenze di chi desidera una tavola curata senza troppo impegno, si \u00e8 rapidamente diffuso in tutto il mondo. Il runner in lino naturale, soprattutto nella sua elegante versione bianca, si rivela un vero protagonista, rendendo l&#8217;ambiente pi\u00f9 ricercato e curato nei dettagli.<br \/>\nImmaginalo non solo sulla tavola, ma anche adagiato su panche, cassettiere o credenze, regalando luminosit\u00e0 e stile a ogni angolo della tua casa.<\/p>\n<h4>Esplora le Offerte e le Idee su Marini&amp;Gerardi<\/h4>\n<p>Su Marini&amp;Gerardi troverai il meglio per le tue esigenze di design e praticit\u00e0. Scopri tutte le offerte e lasciati ispirare dalle infinite possibilit\u00e0 per creare una mise en place suggestiva che stupir\u00e0 i tuoi ospiti con dettagli di gusto perfetto.<\/p>\n<p><strong>Non limitare la tua fantasia: scegli il runner tavolo moderno in lino per dare un tocco di classe e innovazione alla tua casa.<\/strong><\/p>\n\t\t<\/div>\n\t\t[\/vc_column][\/vc_row]<\/p>\n<\/div>","protected":false},"excerpt":{"rendered":"<p>ZEUS Runner Tavola Moderni <strong>in Lino Vintage Style<\/strong> con finitura non bordata dalle emozioni forti e dai Colori Straordinari. <strong>Luxury Frabrics ovvero solo Alta qualit\u00e0 a tavola<\/strong><\/p>\n","protected":false},"featured_media":67077,"template":"","meta":[],"product_brand":[],"product_cat":[68,1496],"product_tag":[75,3159],"class_list":{"0":"post-67072","1":"product","2":"type-product","3":"status-publish","4":"has-post-thumbnail","6":"product_cat-runner-tavolo","7":"product_cat-tovaglie","8":"product_tag-runner-in-lino","9":"product_tag-runner-tavolo","11":"first","12":"instock","13":"taxable","14":"shipping-taxable","15":"purchasable","16":"product-type-simple"},"_links":{"self":[{"href":"https:\/\/www.marinigerardi.it\/shop\/wp-json\/wp\/v2\/product\/67072","targetHints":{"allow":["GET"]}}],"collection":[{"href":"https:\/\/www.marinigerardi.it\/shop\/wp-json\/wp\/v2\/product"}],"about":[{"href":"https:\/\/www.marinigerardi.it\/shop\/wp-json\/wp\/v2\/types\/product"}],"wp:featuredmedia":[{"embeddable":true,"href":"https:\/\/www.marinigerardi.it\/shop\/wp-json\/wp\/v2\/media\/67077"}],"wp:attachment":[{"href":"https:\/\/www.marinigerardi.it\/shop\/wp-json\/wp\/v2\/media?parent=67072"}],"wp:term":[{"taxonomy":"product_brand","embeddable":true,"href":"https:\/\/www.marinigerardi.it\/shop\/wp-json\/wp\/v2\/product_brand?post=67072"},{"taxonomy":"product_cat","embeddable":true,"href":"https:\/\/www.marinigerardi.it\/shop\/wp-json\/wp\/v2\/product_cat?post=67072"},{"taxonomy":"product_tag","embeddable":true,"href":"https:\/\/www.marinigerardi.it\/shop\/wp-json\/wp\/v2\/product_tag?post=67072"}],"curies":[{"name":"wp","href":"https:\/\/api.w.org\/{rel}","templated":true}]}}