{"id":65179,"date":"2023-11-03T08:13:28","date_gmt":"2023-11-03T08:13:28","guid":{"rendered":"https:\/\/www.marinigerardi.it\/shop\/?post_type=product&#038;p=65179"},"modified":"2025-11-06T16:40:03","modified_gmt":"2025-11-06T16:40:03","slug":"tende-sala-moderne","status":"publish","type":"product","link":"https:\/\/www.marinigerardi.it\/shop\/prodotto\/tende-sala-moderne\/","title":{"rendered":"METAFISICO &#8211; Tende Sala Moderne Intriganti e Audace Design"},"content":{"rendered":"<div class=\"wpb-content-wrapper\"><p>[vc_row equal_height=&#8221;yes&#8221; mobile_bg_img_hidden=&#8221;no&#8221; tablet_bg_img_hidden=&#8221;no&#8221; woodmart_parallax=&#8221;0&#8243; woodmart_gradient_switch=&#8221;no&#8221; row_reverse_mobile=&#8221;0&#8243; row_reverse_tablet=&#8221;0&#8243; woodmart_disable_overflow=&#8221;0&#8243;][vc_column offset=&#8221;vc_col-lg-6 vc_col-md-6&#8243; mobile_bg_img_hidden=&#8221;no&#8221; tablet_bg_img_hidden=&#8221;no&#8221; woodmart_parallax=&#8221;0&#8243; woodmart_sticky_column=&#8221;false&#8221; parallax_scroll=&#8221;no&#8221; mobile_reset_margin=&#8221;no&#8221; tablet_reset_margin=&#8221;no&#8221; css=&#8221;.vc_custom_1613071403480{margin-top: 0px !important;}&#8221;]\n\t\t<div id=\"wd-66f137bf89719\" class=\"title-wrapper wd-wpb wd-set-mb reset-last-child  wd-rs-66f137bf89719 wd-title-color-primary wd-title-style-bordered text-left vc_custom_1727084507776 wd-underline-colored\">\n\t\t\t\n\t\t\t<div class=\"liner-continer\">\n\t\t\t\t<h2 class=\"woodmart-title-container title  wd-font-weight-500 wd-fontsize-l\" >METAFISICO - Tende Sala Moderne Intriganti e Audace Design anni 20<\/h2>\n\t\t\t\t\t\t\t<\/div>\n\t\t\t\n\t\t\t\n\t\t\t\n\t\t<\/div>\n\t\t\n\t\t[vc_column_text css=&#8221;&#8221; text_larger=&#8221;no&#8221; woodmart_inline=&#8221;no&#8221;]<\/p>\n<p style=\"text-align: justify;\">&#8220;METAFISICO&#8221; \u00e8 una <a href=\"https:\/\/www.marinigerardi.it\/shop\/prodotto\/tende-sala-moderne\/\">tenda sala<\/a> super cool in lino di alta qualit\u00e0. Il design \u00e8 come un tuffo nel passato, direttamente dagli anni &#8217;20. Sembra che qualcuno abbia preso pezzi d&#8217;arte astratta in ceramica e li abbia soffiati a grandezza gigante sulla stoffa. \u00c8 pazzesco! Ci sono linee e colori che ti faranno girare la testa.<br \/>\nGuarda, le forme astratte sono tutte intrecciate in modo intricato, come uno sfogo d&#8217;ispirazione da parte di un pittore hipster. I colori sono audaci e vibranti, e ci sono un sacco di sfumature e dettagli che rendono tutto molto interessante.<\/p>\n<p>[\/vc_column_text][vc_message message_box_style=&#8221;outline&#8221; message_box_color=&#8221;grey&#8221; css=&#8221;&#8221;]<\/p>\n<ul>\n<li>\u00a0Tessuto in\u00a0 55% lino 45% Viscosa<\/li>\n<li>Tessuto mano morbida; che combina design moderno e una combinazione di colore anni 50<\/li>\n<\/ul>\n<p><strong>Per informazioni su prodotti su misura<\/strong>, si prega d\u2019inviare\u00a0 mail ad <strong>assistenza@marinigerardi.it<\/strong>[\/vc_message][\/vc_column][vc_column css=&#8221;.vc_custom_1612434787067{background-position: center !important;background-repeat: no-repeat !important;background-size: cover !important;}&#8221; offset=&#8221;vc_col-lg-6 vc_col-md-6&#8243; mobile_bg_img_hidden=&#8221;no&#8221; tablet_bg_img_hidden=&#8221;no&#8221; woodmart_parallax=&#8221;0&#8243; woodmart_sticky_column=&#8221;false&#8221; parallax_scroll=&#8221;no&#8221; mobile_reset_margin=&#8221;no&#8221; tablet_reset_margin=&#8221;no&#8221;][vc_single_image image=&#8221;65191&#8243; img_size=&#8221;large&#8221; alignment=&#8221;center&#8221; parallax_scroll=&#8221;no&#8221; woodmart_inline=&#8221;no&#8221;][\/vc_column][\/vc_row][vc_row][vc_column][vc_text_separator title=&#8221;Tessuti Naturali&#8221; css=&#8221;.vc_custom_1621409662539{margin-top: 20px !important;margin-bottom: 20px !important;}&#8221;]\n\t\t<div id=\"wd-66bf6b0e7335f\" class=\"title-wrapper wd-wpb wd-set-mb reset-last-child  wd-rs-66bf6b0e7335f wd-title-color-default wd-title-style-default text-center  wd-underline-colored\">\n\t\t\t\n\t\t\t<div class=\"liner-continer\">\n\t\t\t\t<h2 class=\"woodmart-title-container title  wd-font-weight- wd-fontsize-l\" >Tende Sala Moderne<\/h2>\n\t\t\t\t\t\t\t<\/div>\n\t\t\t\n\t\t\t\n\t\t\t\n\t\t<\/div>\n\t\t\n\t\t[\/vc_column][\/vc_row][vc_row content_placement=&#8221;middle&#8221; woodmart_bg_position=&#8221;center-bottom&#8221; css=&#8221;.vc_custom_1612561188989{background-color: #e5e5e5 !important;background-position: 0 0 !important;background-repeat: no-repeat !important;}&#8221; el_class=&#8221;mobile-bg-img-hidden&#8221; mobile_bg_img_hidden=&#8221;no&#8221; tablet_bg_img_hidden=&#8221;no&#8221; woodmart_parallax=&#8221;0&#8243; woodmart_gradient_switch=&#8221;no&#8221; row_reverse_mobile=&#8221;0&#8243; row_reverse_tablet=&#8221;0&#8243; woodmart_disable_overflow=&#8221;0&#8243;][vc_column mobile_bg_img_hidden=&#8221;no&#8221; tablet_bg_img_hidden=&#8221;no&#8221; woodmart_parallax=&#8221;0&#8243; woodmart_sticky_column=&#8221;false&#8221; parallax_scroll=&#8221;no&#8221; mobile_reset_margin=&#8221;no&#8221; tablet_reset_margin=&#8221;no&#8221;][vc_single_image image=&#8221;65192&#8243; img_size=&#8221;full&#8221; alignment=&#8221;center&#8221; onclick=&#8221;link_image&#8221; parallax_scroll=&#8221;no&#8221; woodmart_inline=&#8221;no&#8221;][\/vc_column][\/vc_row][vc_row][vc_column]\n\t\t<div id=\"wd-66f140513293c\" class=\"title-wrapper wd-wpb wd-set-mb reset-last-child  wd-rs-66f140513293c wd-title-color-default wd-title-style-bordered text-center  wd-underline-colored\">\n\t\t\t\n\t\t\t<div class=\"liner-continer\">\n\t\t\t\t<h3 class=\"woodmart-title-container title  wd-font-weight- wd-fontsize-l\" >METAFISICO - Tende Sala Moderne Intriganti e Audaci nel Design<\/h3>\n\t\t\t\t\t\t\t<\/div>\n\t\t\t\n\t\t\t\n\t\t\t\n\t\t<\/div>\n\t\t\n\t\t[vc_column_text css=&#8221;&#8221; text_larger=&#8221;no&#8221; woodmart_inline=&#8221;no&#8221;]<\/p>\n<p style=\"text-align: justify;\"><strong>Beh, questa tenda non \u00e8 solo una tenda, \u00e8 una specie di scossa di creativit\u00e0<\/strong> che pu\u00f2 dare nuova vita a qualsiasi stanza. Vuoi dare al tuo posto un po&#8217; di quel tocco moderno e stravagante? Allora &#8220;METAFISICO&#8221; \u00e8 proprio quello che fa per te. Sar\u00e0 come il capo supremo del tuo arredamento e far\u00e0 s\u00ec che tutti i tuoi amici restino a bocca aperta.<\/p>\n<p style=\"text-align: justify;\">S\u00ec, perch\u00e9 <strong>questa tenda in misto lino \u00e8 un vero colpo di genio.<\/strong> Il lino \u00e8 un materiale fantastico per le tende del soggiorno o della camera da letto. E il nostro modello \u00e8 davvero eccezionale. Si abbina perfettamente a tutto il resto del tuo arredamento, e ha quel tocco di freschezza e leggerezza che ti far\u00e0 sentire proprio bene, un&#8217;atmosfera perfetta per un po&#8217; di relax.<\/p>\n<p style=\"text-align: justify;\"><strong>E ora parliamo di tonalit\u00e0.<\/strong> Scegliere i colori giusti per le tende \u00e8 un po&#8217; come dipingere una parete con pennellate vivaci, ma con la comodit\u00e0 di poterli cambiare facilmente. Se vuoi che il tuo spazio sia pulito e impeccabile o se ami quell&#8217;aspetto di design studiato, una tenda dalle tonalit\u00e0 oniriche \u00e8 proprio quello che ci vuole. E il nostro modello &#8220;METAFISICO&#8221; Tende Sala Moderne in lino, con quei motivi da anni &#8217;20 e quei colori retr\u00f2, aggiunge quel tocco di novit\u00e0 a una stanza moderna di classe. \u00c8 come dare un tocco di vintage al presente, ed \u00e8 davvero un&#8217;accoppiata di stile che fa colpo.<\/p>\n<p>[\/vc_column_text][\/vc_column][\/vc_row][vc_row][vc_column]<style data-type=\"vc_shortcodes-custom-css\">.vc_custom_1696504629777{margin-top: 10px !important;}<\/style><div class=\"wpb-content-wrapper\">[vc_row full_width=\"stretch_row\" gap=\"5\" equal_height=\"yes\" mobile_bg_img_hidden=\"no\" tablet_bg_img_hidden=\"no\" woodmart_parallax=\"0\" woodmart_gradient_switch=\"no\" row_reverse_mobile=\"0\" row_reverse_tablet=\"0\" woodmart_disable_overflow=\"0\" css=\".vc_custom_1696504629777{margin-top: 10px !important;}\" woodmart_css_id=\"651e9b2457d05\" responsive_spacing=\"eyJwYXJhbV90eXBlIjoid29vZG1hcnRfcmVzcG9uc2l2ZV9zcGFjaW5nIiwic2VsZWN0b3JfaWQiOiI2NTFlOWIyNDU3ZDA1Iiwic2hvcnRjb2RlIjoidmNfcm93IiwiZGF0YSI6eyJ0YWJsZXQiOnt9LCJtb2JpbGUiOnt9fX0=\" woodmart_box_shadow=\"no\" wd_z_index=\"no\"][vc_column][vc_message message_box_style=\"outline\" message_box_color=\"peacoc\" css=\"\"]<strong>MARINI &amp; GERARDI s.r.l<\/strong> Tende in Lino e Biancheria Casa\r\nLinea diretta: Mobile; 389 1537 793 <strong>E-Mail: assistenza@marinigerardi.it<\/strong>\r\n<strong>Unico Showroom:<\/strong> Via F. Rubichi,2 - 73047 Monteroni di Lecce - Puglia (Salento)[\/vc_message][\/vc_column][\/vc_row]<\/div>[\/vc_column][\/vc_row]<\/p>\n<\/div>","protected":false},"excerpt":{"rendered":"<p style=\"text-align: justify;\"><strong>METAFISICO &#8211; Tende Sala Moderne Soggiorno <\/strong>&#8211; Tende in Misto Lino un contenitore di emozioni e suggestioni anni 20 dal grande impatto visivo e unicit\u00e0 | Marini &amp; Gerardi<\/p>\n","protected":false},"featured_media":65189,"template":"","meta":[],"product_brand":[],"product_cat":[62],"product_tag":[],"class_list":{"0":"post-65179","1":"product","2":"type-product","3":"status-publish","4":"has-post-thumbnail","6":"product_cat-tende-in-lino","8":"first","9":"instock","10":"taxable","11":"shipping-taxable","12":"purchasable","13":"product-type-simple"},"_links":{"self":[{"href":"https:\/\/www.marinigerardi.it\/shop\/wp-json\/wp\/v2\/product\/65179","targetHints":{"allow":["GET"]}}],"collection":[{"href":"https:\/\/www.marinigerardi.it\/shop\/wp-json\/wp\/v2\/product"}],"about":[{"href":"https:\/\/www.marinigerardi.it\/shop\/wp-json\/wp\/v2\/types\/product"}],"wp:featuredmedia":[{"embeddable":true,"href":"https:\/\/www.marinigerardi.it\/shop\/wp-json\/wp\/v2\/media\/65189"}],"wp:attachment":[{"href":"https:\/\/www.marinigerardi.it\/shop\/wp-json\/wp\/v2\/media?parent=65179"}],"wp:term":[{"taxonomy":"product_brand","embeddable":true,"href":"https:\/\/www.marinigerardi.it\/shop\/wp-json\/wp\/v2\/product_brand?post=65179"},{"taxonomy":"product_cat","embeddable":true,"href":"https:\/\/www.marinigerardi.it\/shop\/wp-json\/wp\/v2\/product_cat?post=65179"},{"taxonomy":"product_tag","embeddable":true,"href":"https:\/\/www.marinigerardi.it\/shop\/wp-json\/wp\/v2\/product_tag?post=65179"}],"curies":[{"name":"wp","href":"https:\/\/api.w.org\/{rel}","templated":true}]}}