{"id":62306,"date":"2024-03-24T18:07:44","date_gmt":"2024-03-24T18:07:44","guid":{"rendered":"https:\/\/www.marinigerardi.it\/shop\/?post_type=product&#038;p=62306"},"modified":"2025-12-20T00:27:38","modified_gmt":"2025-12-20T00:27:38","slug":"copripiumino-singolo-moderno-bris","status":"publish","type":"product","link":"https:\/\/www.marinigerardi.it\/shop\/prodotto\/copripiumino-singolo-moderno-bris\/","title":{"rendered":"BRIS  &#8211; Sacco Copripiumino Singolo Moderno in cotone a una piazza e mezza o matrimoniale"},"content":{"rendered":"<div class=\"wpb-content-wrapper\"><p>[vc_row content_placement=&#8221;middle&#8221; css=&#8221;.vc_custom_1535552883928{margin-bottom: 8vh !important;}&#8221;][vc_column width=&#8221;1\/2&#8243;]\n\t\t<div id=\"wd-6945ed6592e37\" class=\"title-wrapper wd-wpb wd-set-mb reset-last-child  wd-rs-6945ed6592e37 wd-title-color-primary wd-title-style-default text-left vc_custom_1766190395160 wd-width-enabled wd-underline-colored\" style=\"--wd-max-width: 90%;\">\n\t\t\t\n\t\t\t<div class=\"liner-continer\">\n\t\t\t\t<h2 class=\"woodmart-title-container title  wd-font-weight- wd-fontsize-l\" >BRIS - Sacco Copripiumino Singolo Moderno in cotone a una piazza e mezza o matrimoniale<\/h2>\n\t\t\t\t\t\t\t<\/div>\n\t\t\t\n\t\t\t\n\t\t\t\n\t\t<\/div>\n\t\t\n\t\t[vc_message message_box_style=&#8221;outline&#8221; message_box_color=&#8221;grey&#8221; css=&#8221;&#8221;]<\/p>\n<ul>\n<li>Per questa offerta\u00a0 \u00e8 possibile ordinare: <strong><a href=\"https:\/\/www.marinigerardi.it\/shop\/prodotto\/copripiumino-singolo-moderno-bris\/\">Copripiumino Singolo Moderno Chiusura a sacco + patella<\/a> + federe cuscino + Lenzuolo Sotto<\/strong>.<\/li>\n<li>Set Singolo o Set Una Piazza e Mezzo o Set Matrimoniale.<\/li>\n<li><strong>Cotone finissimo <\/strong>leggermente stropicciato.<\/li>\n<\/ul>\n<p>N.B.: I colori dei tessuti presenti nelle immagini possono variare in base al monitor utilizzato. Segnalare nelle note dell&#8217;Ordine eventuale disposizioni aggiuntive. Per altre misure contattare\u00a0 <strong>assistenza@marinigerardi.it <\/strong>[\/vc_message]<div id=\"wd-634e7b5962914\" class=\" wd-rs-634e7b5962914  wd-button-wrapper text-left\"><a href=\"https:\/\/www.marinigerardi.it\/shop\/guida-misure-per-la-biancheria-letto\/\" title=\"\" target=\"_blank\" class=\"btn btn-color-primary btn-style-link btn-shape-rectangle btn-size-default\">GUIDA MISURE PER LA BIANCHERIA LETTO<\/a><\/div>[\/vc_column][vc_column width=&#8221;1\/2&#8243; el_class=&#8221;text-center&#8221;][vc_single_image image=&#8221;62312&#8243; img_size=&#8221;large&#8221; alignment=&#8221;center&#8221; onclick=&#8221;link_image&#8221; parallax_scroll=&#8221;no&#8221; woodmart_inline=&#8221;no&#8221;][\/vc_column][\/vc_row][vc_row][vc_column]\n\t\t<div id=\"wd-6945ed52cc7cb\" class=\"title-wrapper wd-wpb wd-set-mb reset-last-child  wd-rs-6945ed52cc7cb wd-title-color-default wd-title-style-default text-center  wd-underline-colored\">\n\t\t\t\n\t\t\t<div class=\"liner-continer\">\n\t\t\t\t<h3 class=\"woodmart-title-container title  wd-font-weight- wd-fontsize-l\" >Copripiumino Singolo Moderno<br \/>\nDormi bene, vivi meglio. La tua passione per la vita inizia dal sonno.<\/h3>\n\t\t\t\t\t\t\t<\/div>\n\t\t\t\n\t\t\t\n\t\t\t\n\t\t<\/div>\n\t\t\n\t\t\t\t<div id=\"wd-6799f31fda447\" class=\"wd-text-block wd-wpb reset-last-child wd-rs-6799f31fda447 text-left \">\n\t\t\t<p style=\"text-align: justify;\"><strong>Immergiti in sogni avvolgenti e notti di puro lusso grazie al cotone stropicciato di Bris,<\/strong> un&#8217;esperienza dall&#8217;anima tutta italiana. Questo tessuto \u00e8 stato creato per avvolgerti in un abbraccio di morbidezza e bellezza, trasformando il tuo sonno in un&#8217;esperienza di puro comfort e stile. <strong>Con Bris, il tuo riposo diventa un viaggio attraverso la tradizione artigianale italiana,<\/strong> dove la qualit\u00e0 e l&#8217;eleganza si fondono in un unico abbraccio di lusso.<\/p>\n\t\t<\/div>\n\t\t[\/vc_column][\/vc_row][vc_row content_placement=&#8221;middle&#8221; woodmart_bg_position=&#8221;center-bottom&#8221; css=&#8221;.vc_custom_1689864104839{background-color: #f3f3f3 !important;background-position: 0 0 !important;background-repeat: no-repeat !important;}&#8221; el_class=&#8221;mobile-bg-img-hidden&#8221; mobile_bg_img_hidden=&#8221;no&#8221; tablet_bg_img_hidden=&#8221;no&#8221; woodmart_parallax=&#8221;0&#8243; woodmart_gradient_switch=&#8221;no&#8221; row_reverse_mobile=&#8221;0&#8243; row_reverse_tablet=&#8221;0&#8243; woodmart_disable_overflow=&#8221;0&#8243; woodmart_css_id=&#8221;64b9479c80ddc&#8221; responsive_spacing=&#8221;eyJwYXJhbV90eXBlIjoid29vZG1hcnRfcmVzcG9uc2l2ZV9zcGFjaW5nIiwic2VsZWN0b3JfaWQiOiI2NGI5NDc5YzgwZGRjIiwic2hvcnRjb2RlIjoidmNfcm93IiwiZGF0YSI6eyJ0YWJsZXQiOnt9LCJtb2JpbGUiOnt9fX0=&#8221; woodmart_box_shadow=&#8221;yes&#8221; wd_box_shadow=&#8221;eyJkZXZpY2VzIjp7ImRlc2t0b3AiOnsiaG9yaXpvbnRhbCI6IjAiLCJ2ZXJ0aWNhbCI6IjAiLCJibHVyIjoiOSIsInNwcmVhZCI6IjAiLCJjb2xvciI6InJnYmEoMCwgMCwgMCwgLjE1KSJ9fX0=&#8221; wd_z_index=&#8221;no&#8221;][vc_column mobile_bg_img_hidden=&#8221;no&#8221; tablet_bg_img_hidden=&#8221;no&#8221; woodmart_parallax=&#8221;0&#8243; woodmart_sticky_column=&#8221;false&#8221; parallax_scroll=&#8221;no&#8221; mobile_reset_margin=&#8221;no&#8221; tablet_reset_margin=&#8221;no&#8221;][vc_single_image image=&#8221;37660&#8243; img_size=&#8221;full&#8221; alignment=&#8221;center&#8221; style=&#8221;vc_box_shadow&#8221; onclick=&#8221;link_image&#8221; parallax_scroll=&#8221;no&#8221; woodmart_inline=&#8221;no&#8221;][\/vc_column][\/vc_row][vc_row][vc_column]\n\t\t<div id=\"wd-68d85ba375744\" class=\"title-wrapper wd-wpb wd-set-mb reset-last-child  wd-rs-68d85ba375744 wd-title-color-default wd-title-style-default text-center  wd-underline-colored\">\n\t\t\t\n\t\t\t<div class=\"liner-continer\">\n\t\t\t\t<h3 class=\"woodmart-title-container title  wd-font-weight-600 wd-fontsize-l\" >Copripiumino Singolo Moderno<\/h3>\n\t\t\t\t\t\t\t<\/div>\n\t\t\t\n\t\t\t\t\t\t\t<div class=\"title-after_title reset-last-child  wd-fontsize-xs\">La tua notte perfetta, la nostra missione. Perch\u00e9 il sonno \u00e8 un'arte.<\/div>\n\t\t\t\n\t\t\t\n\t\t<\/div>\n\t\t\n\t\t[vc_tta_accordion][vc_tta_section title=&#8221;La Perfezione a Letto&#8221; tab_id=&#8221;1689847773988-0fc11fab-a1ae&#8221;]\t\t<div id=\"wd-660065357e308\" class=\"wd-text-block wd-wpb reset-last-child wd-rs-660065357e308 text-left \">\n\t\t\t<p style=\"text-align: justify;\">La stanza pi\u00f9 intima della nostra casa \u00e8 quella che maggiormente esalta le nostre emozioni, ci porta, ci coccola al giusto riposo, il copripiumino <strong>BRIS<\/strong> regala alla tua pelle sensazioni ed emozioni mai provate:\u00a0 colore, passione, estrema morbidezza e piacevoleza sulla pelle, dolce al tatto.<br \/>\nIl nostro copripiumino \u00e8 di facile manutenzione, si lava in lavatrice con cautela perch\u00e8 prezioso. <strong>Perfetto per Biancheria da letto in ambito domestico che alberghiero.<\/strong><\/p>\n\t\t<\/div>\n\t\t[\/vc_tta_section][vc_tta_section title=&#8221;Info. Box&#8221; tab_id=&#8221;1689848288157-48b130e3-9ff4&#8243;]\t\t<div id=\"wd-68d85bb7489a9\" class=\"wd-text-block wd-wpb reset-last-child wd-rs-68d85bb7489a9 text-left \">\n\t\t\t<ul>\n<li>COTONE DELAVE&#8217; leggermente stropicciato;<\/li>\n<li><strong>Chiusura a sacco + patella.<\/strong><\/li>\n<li><strong>Design: <\/strong>colori moda 2026 &#8211; cuciture professionali.<\/li>\n<\/ul>\n<p>Per altre misure o diverse esigenze contattate: <strong>assistenza@marinigerardi.it<\/strong><\/p>\n\t\t<\/div>\n\t\t[\/vc_tta_section][\/vc_tta_accordion][\/vc_column][\/vc_row][vc_row][vc_column]\n\t\t<div id=\"wd-6945ed350f57e\" class=\"title-wrapper wd-wpb wd-set-mb reset-last-child  wd-rs-6945ed350f57e wd-title-color-default wd-title-style-default text-center  wd-underline-colored\">\n\t\t\t\n\t\t\t<div class=\"liner-continer\">\n\t\t\t\t<h3 class=\"woodmart-title-container title  wd-font-weight- wd-fontsize-xl\" >Copripiumino Singolo Moderno<\/h3>\n\t\t\t\t\t\t\t<\/div>\n\t\t\t\n\t\t\t\t\t\t\t<div class=\"title-after_title reset-last-child  wd-fontsize-s\">Il tuo corpo ti ringrazier\u00e0. Il tuo sonno, la nostra priorit\u00e0.<\/div>\n\t\t\t\n\t\t\t\n\t\t<\/div>\n\t\t\n\t\t[\/vc_column][\/vc_row][vc_row content_placement=&#8221;middle&#8221; woodmart_bg_position=&#8221;center-bottom&#8221; css=&#8221;.vc_custom_1689864104839{background-color: #f3f3f3 !important;background-position: 0 0 !important;background-repeat: no-repeat !important;}&#8221; el_class=&#8221;mobile-bg-img-hidden&#8221; mobile_bg_img_hidden=&#8221;no&#8221; tablet_bg_img_hidden=&#8221;no&#8221; woodmart_parallax=&#8221;0&#8243; woodmart_gradient_switch=&#8221;no&#8221; row_reverse_mobile=&#8221;0&#8243; row_reverse_tablet=&#8221;0&#8243; woodmart_disable_overflow=&#8221;0&#8243; woodmart_css_id=&#8221;64b9479c80ddc&#8221; responsive_spacing=&#8221;eyJwYXJhbV90eXBlIjoid29vZG1hcnRfcmVzcG9uc2l2ZV9zcGFjaW5nIiwic2VsZWN0b3JfaWQiOiI2NGI5NDc5YzgwZGRjIiwic2hvcnRjb2RlIjoidmNfcm93IiwiZGF0YSI6eyJ0YWJsZXQiOnt9LCJtb2JpbGUiOnt9fX0=&#8221; woodmart_box_shadow=&#8221;yes&#8221; wd_box_shadow=&#8221;eyJkZXZpY2VzIjp7ImRlc2t0b3AiOnsiaG9yaXpvbnRhbCI6IjAiLCJ2ZXJ0aWNhbCI6IjAiLCJibHVyIjoiOSIsInNwcmVhZCI6IjAiLCJjb2xvciI6InJnYmEoMCwgMCwgMCwgLjE1KSJ9fX0=&#8221; wd_z_index=&#8221;no&#8221;][vc_column mobile_bg_img_hidden=&#8221;no&#8221; tablet_bg_img_hidden=&#8221;no&#8221; woodmart_parallax=&#8221;0&#8243; woodmart_sticky_column=&#8221;false&#8221; parallax_scroll=&#8221;no&#8221; mobile_reset_margin=&#8221;no&#8221; tablet_reset_margin=&#8221;no&#8221;][vc_single_image image=&#8221;62313&#8243; img_size=&#8221;full&#8221; alignment=&#8221;center&#8221; style=&#8221;vc_box_shadow&#8221; onclick=&#8221;link_image&#8221; parallax_scroll=&#8221;no&#8221; woodmart_inline=&#8221;no&#8221;][\/vc_column][\/vc_row][vc_row][vc_column]\n\t\t<div id=\"wd-6945ed110a8e0\" class=\"title-wrapper wd-wpb wd-set-mb reset-last-child  wd-rs-6945ed110a8e0 wd-title-color-primary wd-title-style-underlined text-center justify  wd-underline-colored\">\n\t\t\t\n\t\t\t<div class=\"liner-continer\">\n\t\t\t\t<h3 class=\"woodmart-title-container title  wd-font-weight- wd-fontsize-l\" >BRIS - Sacco Copripiumino Singolo Moderno in cotone a una piazza e mezza o matrimoniale<\/h3>\n\t\t\t\t\t\t\t<\/div>\n\t\t\t\n\t\t\t\t\t\t\t<div class=\"title-after_title reset-last-child  wd-fontsize-xs\">Il tuo sonno, la nostra passione. Notti serene, risvegli sereni.<\/div>\n\t\t\t\n\t\t\t\n\t\t<\/div>\n\t\t\n\t\t\t\t<div id=\"wd-6802b9bd53e6a\" class=\"wd-text-block wd-wpb reset-last-child wd-rs-6802b9bd53e6a text-left \">\n\t\t\t<p style=\"text-align: justify;\"><strong>Siamo entusiasti di presentarti il Bris Copripiumino Singolo Moderno un autentico capolavoro dei colori realizzato con un raffinato tessuto di cotone stropicciato Delav\u00e8. Questo tessuto \u00e8 la quintessenza del Progetto Moda 2023 \/ 2024, capace di fondersi armoniosamente con ambienti moderni o arredi shabby chic, conferendo uno stile unico agli spazi contemporanei.<\/strong><\/p>\n<p style=\"text-align: justify;\"><strong>I nostri copripiumini a sacco sono un&#8217;ode alla raffinatezza. <\/strong>Prova la soavit\u00e0 del cotone stropicciato Delav\u00e8, con i suoi colori affascinanti e una trama leggermente stropicciata che aggiunge un tocco di fascino naturale. La morbidezza del cotone \u00e8 un vero piacere per la pelle, e il delicato tocco conferisce una sensazione di lusso ad ogni contatto.<\/p>\n\t\t<\/div>\n\t\t[\/vc_column][\/vc_row][vc_row content_placement=&#8221;middle&#8221; woodmart_bg_position=&#8221;center-bottom&#8221; css=&#8221;.vc_custom_1689864104839{background-color: #f3f3f3 !important;background-position: 0 0 !important;background-repeat: no-repeat !important;}&#8221; el_class=&#8221;mobile-bg-img-hidden&#8221; mobile_bg_img_hidden=&#8221;no&#8221; tablet_bg_img_hidden=&#8221;no&#8221; woodmart_parallax=&#8221;0&#8243; woodmart_gradient_switch=&#8221;no&#8221; row_reverse_mobile=&#8221;0&#8243; row_reverse_tablet=&#8221;0&#8243; woodmart_disable_overflow=&#8221;0&#8243; woodmart_css_id=&#8221;64b9479c80ddc&#8221; responsive_spacing=&#8221;eyJwYXJhbV90eXBlIjoid29vZG1hcnRfcmVzcG9uc2l2ZV9zcGFjaW5nIiwic2VsZWN0b3JfaWQiOiI2NGI5NDc5YzgwZGRjIiwic2hvcnRjb2RlIjoidmNfcm93IiwiZGF0YSI6eyJ0YWJsZXQiOnt9LCJtb2JpbGUiOnt9fX0=&#8221; woodmart_box_shadow=&#8221;yes&#8221; wd_box_shadow=&#8221;eyJkZXZpY2VzIjp7ImRlc2t0b3AiOnsiaG9yaXpvbnRhbCI6IjAiLCJ2ZXJ0aWNhbCI6IjAiLCJibHVyIjoiOSIsInNwcmVhZCI6IjAiLCJjb2xvciI6InJnYmEoMCwgMCwgMCwgLjE1KSJ9fX0=&#8221; wd_z_index=&#8221;no&#8221;][vc_column mobile_bg_img_hidden=&#8221;no&#8221; tablet_bg_img_hidden=&#8221;no&#8221; woodmart_parallax=&#8221;0&#8243; woodmart_sticky_column=&#8221;false&#8221; parallax_scroll=&#8221;no&#8221; mobile_reset_margin=&#8221;no&#8221; tablet_reset_margin=&#8221;no&#8221;][vc_single_image image=&#8221;62314&#8243; img_size=&#8221;full&#8221; alignment=&#8221;center&#8221; style=&#8221;vc_box_shadow&#8221; onclick=&#8221;link_image&#8221; parallax_scroll=&#8221;no&#8221; woodmart_inline=&#8221;no&#8221;][\/vc_column][\/vc_row][vc_row][vc_column]\n\t\t<div id=\"wd-6945ed1e2274c\" class=\"title-wrapper wd-wpb wd-set-mb reset-last-child  wd-rs-6945ed1e2274c wd-title-color-primary wd-title-style-bordered text-center justify  wd-underline-colored\">\n\t\t\t\n\t\t\t<div class=\"liner-continer\">\n\t\t\t\t<h3 class=\"woodmart-title-container title  wd-font-weight- wd-fontsize-l\" >Copripiumino Singolo Moderno<br \/>\nScegli Bris per Rendere Ogni Notte un Viaggio nel Mondo dell'Eleganza e della Qualit\u00e0, con un Tessuto che Parla l'Italiano del Lusso.<\/h3>\n\t\t\t\t\t\t\t<\/div>\n\t\t\t\n\t\t\t\n\t\t\t\n\t\t<\/div>\n\t\t\n\t\t\t\t<div id=\"wd-64e91f254bfec\" class=\"wd-text-block wd-wpb reset-last-child wd-rs-64e91f254bfec text-left \">\n\t\t\t<p style=\"text-align: justify;\"><strong>Ma c&#8217;\u00e8 di pi\u00f9. Il Bris \u00e8 realizzato in Tessuto Cotone NO STIRO,<\/strong> un&#8217;opzione di comfort senza compromessi. Questo tessuto \u00e8 progettato per resistere alle pieghe e alle grinze, eliminando la fastidiosa necessit\u00e0 di stirare. \u00c8 il compagno perfetto per creare un ambiente accogliente e invitante nella tua casa.<br \/>\n<strong>La versatilit\u00e0 ed eleganza del Bris Copripiumino a sacco sono sorprendenti.<\/strong> Disponibile in una vasta gamma di colori, da tonalit\u00e0 classiche a toni vivaci, questo tessuto si fonde perfettamente con ogni stile. Con sfumature che spaziano tra nuance chiare e intense, aggiunge un tocco di informalit\u00e0 e classe ad ogni camera da letto.<br \/>\n<strong>Scegli il Bris per creare un rifugio di comfort nel tuo letto.<\/strong> E non dimenticare di scoprire la meraviglia di Marini&amp;Gerardi, dove la bellezza si traduce in realt\u00e0 e il tuo stile trova la sua perfetta espressione. Siamo qui per offrirti solo il meglio, perch\u00e9 per noi, la tua soddisfazione \u00e8 la cosa pi\u00f9 importante. Preparati a dare alla tua casa un nuovo capitolo di eleganza, e scopri l&#8217;unicit\u00e0 dei nostri tessuti in cotone stropicciato!<\/p>\n\t\t<\/div>\n\t\t[\/vc_column][\/vc_row]<\/p>\n<\/div>","protected":false},"excerpt":{"rendered":"<p><strong>Bris &#8211; Sacco Copripiumino Singolo Moderno in cotone No Stiro tinta unita<\/strong> \u00e8 l&#8217;essenza stessa della qualit\u00e0 e del lusso. Questa collezione dal design esclusivo rappresenta la migliore espressione del gusto italiano. <strong>Chiusura tradizionale con patella.<\/strong><\/p>\n","protected":false},"featured_media":62311,"template":"","meta":[],"product_brand":[],"product_cat":[3154,460,461,2888],"product_tag":[],"class_list":{"0":"post-62306","1":"product","2":"type-product","3":"status-publish","4":"has-post-thumbnail","6":"product_cat-biancheria-da-letto","7":"product_cat-biancheria-letto","8":"product_cat-copripiumini","9":"product_cat-copripiumini-cotone","11":"first","12":"instock","13":"taxable","14":"shipping-taxable","15":"purchasable","16":"product-type-simple"},"_links":{"self":[{"href":"https:\/\/www.marinigerardi.it\/shop\/wp-json\/wp\/v2\/product\/62306","targetHints":{"allow":["GET"]}}],"collection":[{"href":"https:\/\/www.marinigerardi.it\/shop\/wp-json\/wp\/v2\/product"}],"about":[{"href":"https:\/\/www.marinigerardi.it\/shop\/wp-json\/wp\/v2\/types\/product"}],"wp:featuredmedia":[{"embeddable":true,"href":"https:\/\/www.marinigerardi.it\/shop\/wp-json\/wp\/v2\/media\/62311"}],"wp:attachment":[{"href":"https:\/\/www.marinigerardi.it\/shop\/wp-json\/wp\/v2\/media?parent=62306"}],"wp:term":[{"taxonomy":"product_brand","embeddable":true,"href":"https:\/\/www.marinigerardi.it\/shop\/wp-json\/wp\/v2\/product_brand?post=62306"},{"taxonomy":"product_cat","embeddable":true,"href":"https:\/\/www.marinigerardi.it\/shop\/wp-json\/wp\/v2\/product_cat?post=62306"},{"taxonomy":"product_tag","embeddable":true,"href":"https:\/\/www.marinigerardi.it\/shop\/wp-json\/wp\/v2\/product_tag?post=62306"}],"curies":[{"name":"wp","href":"https:\/\/api.w.org\/{rel}","templated":true}]}}