{"id":61238,"date":"2023-07-14T07:43:51","date_gmt":"2023-07-14T07:43:51","guid":{"rendered":"https:\/\/www.marinigerardi.it\/shop\/?post_type=product&#038;p=61238"},"modified":"2024-08-22T22:30:24","modified_gmt":"2024-08-22T22:30:24","slug":"tovaglia-antimacchia-no-stiro-su-misura","status":"publish","type":"product","link":"https:\/\/www.marinigerardi.it\/shop\/prodotto\/tovaglia-antimacchia-no-stiro-su-misura\/","title":{"rendered":"DOLCE VITA &#8211; Tovaglia Antimacchia no stiro su misura in lino"},"content":{"rendered":"<div class=\"wpb-content-wrapper\"><p>[vc_row equal_height=&#8221;yes&#8221; mobile_bg_img_hidden=&#8221;no&#8221; tablet_bg_img_hidden=&#8221;no&#8221; woodmart_parallax=&#8221;0&#8243; woodmart_gradient_switch=&#8221;no&#8221; row_reverse_mobile=&#8221;0&#8243; row_reverse_tablet=&#8221;0&#8243; woodmart_disable_overflow=&#8221;0&#8243;][vc_column offset=&#8221;vc_col-lg-6 vc_col-md-6&#8243; mobile_bg_img_hidden=&#8221;no&#8221; tablet_bg_img_hidden=&#8221;no&#8221; woodmart_parallax=&#8221;0&#8243; woodmart_sticky_column=&#8221;false&#8221; parallax_scroll=&#8221;no&#8221; mobile_reset_margin=&#8221;no&#8221; tablet_reset_margin=&#8221;no&#8221; css=&#8221;.vc_custom_1613071403480{margin-top: 0px !important;}&#8221;]\n\t\t<div id=\"wd-64b100a867609\" class=\"title-wrapper wd-wpb wd-set-mb reset-last-child  wd-rs-64b100a867609 wd-title-color-primary wd-title-style-bordered text-left vc_custom_1689321670279 wd-underline-colored\">\n\t\t\t\n\t\t\t<div class=\"liner-continer\">\n\t\t\t\t<h2 class=\"woodmart-title-container title  wd-font-weight-500 wd-fontsize-l\" >DOLCE VITA - Tovaglia Antimacchia no stiro su misura in lino antracite bordo a fiori<\/h2>\n\t\t\t\t\t\t\t<\/div>\n\t\t\t\n\t\t\t\n\t\t\t\n\t\t<\/div>\n\t\t\n\t\t\t\t<div id=\"wd-64fad93530f92\" class=\"wd-text-block wd-wpb reset-last-child wd-rs-64fad93530f92 text-left \">\n\t\t\t<p style=\"text-align: justify;\">Per una <a href=\"https:\/\/www.marinigerardi.it\/shop\/prodotto\/tovaglia-antimacchia-no-stiro-su-misura\/\">Tovaglia di Lino disponibile in 12 combinazioni base di colore.<\/a> Tessuto 100% LINO a trama fitta con un asuperfice dalla piacevole sensazione al tatto. Rifinita sul profilo con un alto bordo in puro lino a contrasto di colore di almeno 15 cm. I colori da noi selezionati rendono questo prodotto unico.<\/p>\n\t\t<\/div>\n\t\t[vc_message message_box_style=&#8221;outline&#8221; message_box_color=&#8221;grey&#8221; css=&#8221;&#8221;]<strong>Tessuto: <\/strong>100% Lino idrorepellente<br \/>\n<strong>Colori: <\/strong>12 colori con bordo di circa 15 cm in\u00a0 balza floreale 55% lino 45% Viscosa<br \/>\n<strong>Misure cm: <\/strong>170\u00d7170 | 170\u00d7200 | 170\u00d7220 | 170\u00d7240 | 170\u00d7260 | 170\u00d7280<\/p>\n<p>Per misure particolari vi preghiamo di contattarci al Indirizzo mail <strong>assistenza@marinigerardi.it<\/strong>[\/vc_message][\/vc_column][vc_column css=&#8221;.vc_custom_1612434787067{background-position: center !important;background-repeat: no-repeat !important;background-size: cover !important;}&#8221; offset=&#8221;vc_col-lg-6 vc_col-md-6&#8243; mobile_bg_img_hidden=&#8221;no&#8221; tablet_bg_img_hidden=&#8221;no&#8221; woodmart_parallax=&#8221;0&#8243; woodmart_sticky_column=&#8221;false&#8221; parallax_scroll=&#8221;no&#8221; mobile_reset_margin=&#8221;no&#8221; tablet_reset_margin=&#8221;no&#8221;]\t\t<div id=\"gallery_864\" class=\"wd-images-gallery wd-wpb wd-rs-619df58b5dd22 photoswipe-images\" style=\"--wd-justify-content:center;--wd-align-items:center;\">\n\t\t\t\n\t\t\t<div class=\" wd-grid-g\" style=\"--wd-col-lg:2;--wd-col-md:2;--wd-col-sm:1;--wd-gap-lg:10px;\">\n\t\t\t\t\n\t\t\t\t\t\t\t\t\t\t\t\t\t\t\t<div class=\"wd-gallery-item wd-col\">\n\t\t\t\t\t\t\t\t\t\t\t\t\t\t<a href=\"https:\/\/www.marinigerardi.it\/shop\/wp-content\/uploads\/2021\/06\/tovaglia-tessuto-antimacchia-in-lino-tovaglioli-e-balsa-con-fiori.jpg\" data-elementor-open-lightbox=\"no\" data-index=\"1\" data-width=\"1024\" data-height=\"768\" \n\t\t\t\t\t\t\t\t\t\t\t\t\t\t\t\t\t\t\t\t\t\t\t\t\t\t\t\ttitle=\"Tovaglia Tessuto Antimacchia In Lino Tovaglioli E Balsa Con Fiori\">\n\t\t\t\t\t\t\t\t\n\t\t\t\t\t\t\t\t<img decoding=\"async\" width=\"1024\" height=\"768\" src=\"https:\/\/www.marinigerardi.it\/shop\/wp-content\/uploads\/2021\/06\/tovaglia-tessuto-antimacchia-in-lino-tovaglioli-e-balsa-con-fiori.jpg.webp\" class=\"wd-gallery-image image-1\" alt=\"Tovaglia Tessuto Antimacchia In Lino Tovaglioli E Balsa Con Fiori\" srcset=\"https:\/\/www.marinigerardi.it\/shop\/wp-content\/uploads\/2021\/06\/tovaglia-tessuto-antimacchia-in-lino-tovaglioli-e-balsa-con-fiori.jpg.webp 1024w, https:\/\/www.marinigerardi.it\/shop\/wp-content\/uploads\/2021\/06\/tovaglia-tessuto-antimacchia-in-lino-tovaglioli-e-balsa-con-fiori-450x338.jpg 450w, https:\/\/www.marinigerardi.it\/shop\/wp-content\/uploads\/2021\/06\/tovaglia-tessuto-antimacchia-in-lino-tovaglioli-e-balsa-con-fiori-1000x750.jpg 1000w, https:\/\/www.marinigerardi.it\/shop\/wp-content\/uploads\/2021\/06\/tovaglia-tessuto-antimacchia-in-lino-tovaglioli-e-balsa-con-fiori-300x225.jpg.webp 300w, https:\/\/www.marinigerardi.it\/shop\/wp-content\/uploads\/2021\/06\/tovaglia-tessuto-antimacchia-in-lino-tovaglioli-e-balsa-con-fiori-768x576.jpg.webp 768w\" sizes=\"(max-width: 1024px) 100vw, 1024px\" \/>\n\t\t\t\t\t\t\t\t\t\t\t\t\t\t\t<\/a>\n\t\t\t\t\t\t\t\t\t\t\t\t<\/div>\n\t\t\t\t\t\t\t\t\t\t\t<div class=\"wd-gallery-item wd-col\">\n\t\t\t\t\t\t\t\t\t\t\t\t\t\t<a href=\"https:\/\/www.marinigerardi.it\/shop\/wp-content\/uploads\/2021\/01\/tovaglia-rotonda-antimacchia-in-giardino-in-puro-lino-la-dolce-vita.jpg\" data-elementor-open-lightbox=\"no\" data-index=\"2\" data-width=\"1024\" data-height=\"768\" \n\t\t\t\t\t\t\t\t\t\t\t\t\t\t\t\t\t\t\t\t\t\t\t\t\t\t\t\ttitle=\"Tovaglia Rotonda Antimacchia In Giardino In Puro Lino La Dolce Vita\">\n\t\t\t\t\t\t\t\t\n\t\t\t\t\t\t\t\t<img decoding=\"async\" width=\"1024\" height=\"768\" src=\"https:\/\/www.marinigerardi.it\/shop\/wp-content\/uploads\/2021\/01\/tovaglia-rotonda-antimacchia-in-giardino-in-puro-lino-la-dolce-vita.jpg.webp\" class=\"wd-gallery-image image-2\" alt=\"Tovaglia Rotonda Antimacchia In Giardino In Puro Lino La Dolce Vita\" srcset=\"https:\/\/www.marinigerardi.it\/shop\/wp-content\/uploads\/2021\/01\/tovaglia-rotonda-antimacchia-in-giardino-in-puro-lino-la-dolce-vita.jpg.webp 1024w, https:\/\/www.marinigerardi.it\/shop\/wp-content\/uploads\/2021\/01\/tovaglia-rotonda-antimacchia-in-giardino-in-puro-lino-la-dolce-vita-450x338.jpg 450w, https:\/\/www.marinigerardi.it\/shop\/wp-content\/uploads\/2021\/01\/tovaglia-rotonda-antimacchia-in-giardino-in-puro-lino-la-dolce-vita-1000x750.jpg 1000w, https:\/\/www.marinigerardi.it\/shop\/wp-content\/uploads\/2021\/01\/tovaglia-rotonda-antimacchia-in-giardino-in-puro-lino-la-dolce-vita-300x225.jpg.webp 300w, https:\/\/www.marinigerardi.it\/shop\/wp-content\/uploads\/2021\/01\/tovaglia-rotonda-antimacchia-in-giardino-in-puro-lino-la-dolce-vita-768x576.jpg.webp 768w\" sizes=\"(max-width: 1024px) 100vw, 1024px\" \/>\n\t\t\t\t\t\t\t\t\t\t\t\t\t\t\t<\/a>\n\t\t\t\t\t\t\t\t\t\t\t\t<\/div>\n\t\t\t\t\t\t\t\t\t\n\t\t\t\t\t\t\t<\/div>\n\n\t\t\t\t\t<\/div>\n\t\t[\/vc_column][\/vc_row][vc_row][vc_column][vc_text_separator title=&#8221;Tessuti Naturali&#8221;]\n\t\t<div id=\"wd-66c7bba66c9d7\" class=\"title-wrapper wd-wpb wd-set-mb reset-last-child  wd-rs-66c7bba66c9d7 wd-title-color-default wd-title-style-default text-center  wd-underline-colored\">\n\t\t\t\n\t\t\t<div class=\"liner-continer\">\n\t\t\t\t<h2 class=\"woodmart-title-container title  wd-font-weight- wd-fontsize-l\" >Tovaglia Antimacchia no stiro<\/h2>\n\t\t\t\t\t\t\t<\/div>\n\t\t\t\n\t\t\t\n\t\t\t\n\t\t<\/div>\n\t\t\n\t\t[\/vc_column][\/vc_row][vc_row content_placement=&#8221;middle&#8221; woodmart_bg_position=&#8221;center-bottom&#8221; css=&#8221;.vc_custom_1694161116321{background-color: #f3f3f3 !important;background-position: 0 0 !important;background-repeat: no-repeat !important;}&#8221; el_class=&#8221;mobile-bg-img-hidden&#8221; mobile_bg_img_hidden=&#8221;no&#8221; tablet_bg_img_hidden=&#8221;no&#8221; woodmart_parallax=&#8221;0&#8243; woodmart_gradient_switch=&#8221;no&#8221; row_reverse_mobile=&#8221;0&#8243; row_reverse_tablet=&#8221;0&#8243; woodmart_disable_overflow=&#8221;0&#8243; woodmart_css_id=&#8221;64fad8d1e289d&#8221; responsive_spacing=&#8221;eyJwYXJhbV90eXBlIjoid29vZG1hcnRfcmVzcG9uc2l2ZV9zcGFjaW5nIiwic2VsZWN0b3JfaWQiOiI2NGZhZDhkMWUyODlkIiwic2hvcnRjb2RlIjoidmNfcm93IiwiZGF0YSI6eyJ0YWJsZXQiOnt9LCJtb2JpbGUiOnt9fX0=&#8221; woodmart_box_shadow=&#8221;yes&#8221; wd_box_shadow=&#8221;eyJkZXZpY2VzIjp7ImRlc2t0b3AiOnsiaG9yaXpvbnRhbCI6IjAiLCJ2ZXJ0aWNhbCI6IjAiLCJibHVyIjoiOSIsInNwcmVhZCI6IjAiLCJjb2xvciI6InJnYmEoMCwgMCwgMCwgLjE1KSJ9fX0=&#8221; wd_z_index=&#8221;no&#8221;][vc_column mobile_bg_img_hidden=&#8221;no&#8221; tablet_bg_img_hidden=&#8221;no&#8221; woodmart_parallax=&#8221;0&#8243; woodmart_sticky_column=&#8221;false&#8221; parallax_scroll=&#8221;no&#8221; mobile_reset_margin=&#8221;no&#8221; tablet_reset_margin=&#8221;no&#8221;][vc_single_image image=&#8221;12087&#8243; img_size=&#8221;full&#8221; alignment=&#8221;center&#8221; onclick=&#8221;link_image&#8221; css=&#8221;.vc_custom_1694161125523{margin-right: 20px !important;}&#8221; parallax_scroll=&#8221;no&#8221; woodmart_inline=&#8221;no&#8221;][\/vc_column][\/vc_row][vc_row][vc_column]\n\t\t<div id=\"wd-64b100dd433d9\" class=\"title-wrapper wd-wpb wd-set-mb reset-last-child  wd-rs-64b100dd433d9 wd-title-color-primary wd-title-style-bordered text-center justify  wd-underline-colored\">\n\t\t\t\t\t\t\t\n\t\t\t\t<div class=\"title-subtitle  subtitle-color-primary font-alt subtitle-style-default wd-font-weight- wd-fontsize-xs\">con bordo in fiore suggestivo<\/div>\n\t\t\t\n\t\t\t<div class=\"liner-continer\">\n\t\t\t\t<h3 class=\"woodmart-title-container title  wd-font-weight-400 wd-fontsize-l\" >DOLCE VITA - Tovaglia Antimacchia no stiro su misura in lino antracite bordo a fiori<\/h3>\n\t\t\t\t\t\t\t<\/div>\n\t\t\t\n\t\t\t\n\t\t\t\n\t\t<\/div>\n\t\t\n\t\t\t\t<div id=\"wd-64fad8bea21a9\" class=\"wd-text-block wd-wpb reset-last-child wd-rs-64fad8bea21a9 text-left \">\n\t\t\t<p style=\"text-align: justify;\">&#8220;La Dolce Vita&#8221;. Realizzata con pregiato lino e trattata con un rivestimento antimacchia, questa creazione esclusiva presenta un elegante bordo in puro lino, creando un affascinante contrasto di colori.<\/p>\n<p style=\"text-align: justify;\">La nostra rinomata sartoria, situata a Lecce, Italia, dedica cura e maestria alla creazione di queste splendide tovaglie. Ogni pezzo \u00e8 frutto di una lavorazione artigianale che garantisce la massima qualit\u00e0 e un&#8217;attenzione meticolosa per i dettagli. Scegli tra una vasta gamma di colori e misure per trovare la tovaglia perfetta che si adatta al tuo stile e alle tue esigenze.<\/p>\n<p style=\"text-align: justify;\">L&#8217;elegante tovagliato della collezione &#8220;La Dolce Vita&#8221; \u00e8 l&#8217;ideale per creare un&#8217;atmosfera raffinata in ogni occasione. Si adatta con versatilit\u00e0 sia a ambienti dallo stile moderno che a quelli pi\u00f9 classici, aggiungendo un tocco di raffinatezza e stile alla tua tavola.<\/p>\n<p style=\"text-align: justify;\">Offriamo inoltre un servizio di confezione su misura estremamente rapido, che ti permette di vestire la tua tavola con una tovaglia perfettamente adattata a qualsiasi forma e dimensione. Questa opzione personalizzata garantisce un risultato impeccabile e un aspetto curato nei minimi dettagli.<\/p>\n\t\t<\/div>\n\t\t[\/vc_column][\/vc_row]<\/p>\n<\/div>","protected":false},"excerpt":{"rendered":"<p style=\"text-align: justify;\"><strong>DOLCE VITA &#8211; Tovaglia Antimacchia no stiro in lino<\/strong> bella e funzionale\u2026. di una modernit\u00e0 e freschezza assoluta. <strong>STOP alle macchie a Tavola la pulizia con un colpo di spugna!<\/strong><\/p>\n","protected":false},"featured_media":60468,"template":"","meta":[],"product_brand":[],"product_cat":[3578],"product_tag":[],"class_list":{"0":"post-61238","1":"product","2":"type-product","3":"status-publish","4":"has-post-thumbnail","6":"product_cat-tovagliato","8":"first","9":"instock","10":"taxable","11":"shipping-taxable","12":"purchasable","13":"product-type-simple"},"_links":{"self":[{"href":"https:\/\/www.marinigerardi.it\/shop\/wp-json\/wp\/v2\/product\/61238","targetHints":{"allow":["GET"]}}],"collection":[{"href":"https:\/\/www.marinigerardi.it\/shop\/wp-json\/wp\/v2\/product"}],"about":[{"href":"https:\/\/www.marinigerardi.it\/shop\/wp-json\/wp\/v2\/types\/product"}],"wp:featuredmedia":[{"embeddable":true,"href":"https:\/\/www.marinigerardi.it\/shop\/wp-json\/wp\/v2\/media\/60468"}],"wp:attachment":[{"href":"https:\/\/www.marinigerardi.it\/shop\/wp-json\/wp\/v2\/media?parent=61238"}],"wp:term":[{"taxonomy":"product_brand","embeddable":true,"href":"https:\/\/www.marinigerardi.it\/shop\/wp-json\/wp\/v2\/product_brand?post=61238"},{"taxonomy":"product_cat","embeddable":true,"href":"https:\/\/www.marinigerardi.it\/shop\/wp-json\/wp\/v2\/product_cat?post=61238"},{"taxonomy":"product_tag","embeddable":true,"href":"https:\/\/www.marinigerardi.it\/shop\/wp-json\/wp\/v2\/product_tag?post=61238"}],"curies":[{"name":"wp","href":"https:\/\/api.w.org\/{rel}","templated":true}]}}