{"id":60635,"date":"2023-06-14T00:12:06","date_gmt":"2023-06-14T00:12:06","guid":{"rendered":"https:\/\/www.marinigerardi.it\/shop\/?post_type=product&#038;p=60635"},"modified":"2026-01-23T11:20:02","modified_gmt":"2026-01-23T11:20:02","slug":"tessuti-per-tende-da-interno","status":"publish","type":"product","link":"https:\/\/www.marinigerardi.it\/shop\/prodotto\/tessuti-per-tende-da-interno\/","title":{"rendered":"LA TARANTA Pistacchio &#8211; Tessuti per Tende da interno in Lino Stropicciato"},"content":{"rendered":"<div class=\"wpb-content-wrapper\"><p>[vc_row equal_height=&#8221;yes&#8221; mobile_bg_img_hidden=&#8221;no&#8221; tablet_bg_img_hidden=&#8221;no&#8221; woodmart_parallax=&#8221;0&#8243; woodmart_gradient_switch=&#8221;no&#8221; row_reverse_mobile=&#8221;0&#8243; row_reverse_tablet=&#8221;0&#8243; woodmart_disable_overflow=&#8221;0&#8243;][vc_column offset=&#8221;vc_col-lg-6 vc_col-md-6&#8243; mobile_bg_img_hidden=&#8221;no&#8221; tablet_bg_img_hidden=&#8221;no&#8221; woodmart_parallax=&#8221;0&#8243; woodmart_sticky_column=&#8221;false&#8221; parallax_scroll=&#8221;no&#8221; mobile_reset_margin=&#8221;no&#8221; tablet_reset_margin=&#8221;no&#8221; css=&#8221;.vc_custom_1613071403480{margin-top: 0px !important;}&#8221;]\n\t\t<div id=\"wd-6973583bce6de\" class=\"title-wrapper wd-wpb wd-set-mb reset-last-child  wd-rs-6973583bce6de wd-title-color-primary wd-title-style-bordered text-left vc_custom_1769166921564 wd-underline-colored\">\n\t\t\t\n\t\t\t<div class=\"liner-continer\">\n\t\t\t\t<h2 class=\"woodmart-title-container title  wd-font-weight- wd-fontsize-l\" >LA TARANTA \u00e8 ITALIANA - Tessuti per Tende da interno in Lino Stropicciato<\/h2>\n\t\t\t\t\t\t\t<\/div>\n\t\t\t\n\t\t\t\n\t\t\t\n\t\t<\/div>\n\t\t\n\t\t[vc_column_text css=&#8221;&#8221; woodmart_inline=&#8221;no&#8221; text_larger=&#8221;no&#8221;]<\/p>\n<p style=\"text-align: justify;\">Il tessuto \u00e8 straordinariamente bello sia da vedere che da toccare, rendendolo perfetto per tende. La sua trama fitta e ben strutturata con finitura rasata offre una sensazione morbida e piacevole al tatto. <strong>Il tessuto \u00e8 certificato come &#8220;MASTERS OF LINEN\u00ae&#8221;,<\/strong> un&#8217;etichetta che rappresenta aziende tessili europee impegnate nella produzione di lino di eccellenza. Questo sistema garantisce la tracciabilit\u00e0 del 100% del lino coltivato in Europa, conferendo al tessuto un valore aggiunto e una qualit\u00e0 superiore.<\/p>\n<p>[\/vc_column_text][vc_tta_accordion title_tag=&#8221;h3&#8243; section_title_tag=&#8221;h3&#8243; active_section=&#8221;&#8221; collapsible_all=&#8221;true&#8221;][vc_tta_section title=&#8221;Info &amp; Scheda Prodotto&#8221; tab_id=&#8221;1769166958691-de10b7b7-5c72&#8243;]\t\t<div id=\"wd-6973594ab80ce\" class=\"wd-text-block wd-wpb reset-last-child wd-rs-6973594ab80ce text-left \">\n\t\t\t<ul>\n<li><a href=\"https:\/\/www.marinigerardi.it\/shop\/prodotto\/tessuti-per-tende-da-interno\/\">Tessuti per Tende<\/a> da interno: LINO STROPICCIATO;<\/li>\n<li>Peso: 342 gr. ml.<\/li>\n<li>Altezza: h. 310 cm.<\/li>\n<\/ul>\n<p><strong>Minimo acquisto 1 m.<\/strong>, se avete necessit\u00e0 di aiuto contattateci all&#8217; indirizzo mail <strong>assistenza@marinigerardi.it<\/strong><\/p>\n\t\t<\/div>\n\t\t[\/vc_tta_section][\/vc_tta_accordion]<div id=\"wd-697358dd72640\" class=\" wd-rs-697358dd72640  wd-button-wrapper text-left\"><a href=\"https:\/\/www.marinigerardi.it\/shop\/guida-come-calcolare-il-metraggio-dei-tessuti\/\" title=\"Guida Come Calcolare il Metraggio dei Tessuti\" target=\"_blank\" class=\"btn btn-style-default btn-shape-rectangle btn-size-default\">Guida Come Calcolare il Metraggio dei Tessuti<\/a><\/div>[\/vc_column][vc_column css=&#8221;.vc_custom_1612434787067{background-position: center !important;background-repeat: no-repeat !important;background-size: cover !important;}&#8221; offset=&#8221;vc_col-lg-6 vc_col-md-6&#8243; mobile_bg_img_hidden=&#8221;no&#8221; tablet_bg_img_hidden=&#8221;no&#8221; woodmart_parallax=&#8221;0&#8243; woodmart_sticky_column=&#8221;false&#8221; parallax_scroll=&#8221;no&#8221; mobile_reset_margin=&#8221;no&#8221; tablet_reset_margin=&#8221;no&#8221;][vc_single_image image=&#8221;67516&#8243; img_size=&#8221;large&#8221; alignment=&#8221;center&#8221; style=&#8221;vc_box_shadow&#8221; onclick=&#8221;link_image&#8221; css=&#8221;&#8221; woodmart_inline=&#8221;no&#8221; parallax_scroll=&#8221;no&#8221;][\/vc_column][\/vc_row][vc_row][vc_column][vc_text_separator title=&#8221;&#8221; css=&#8221;.vc_custom_1750081384251{margin-top: 20px !important;}&#8221;]\n\t\t<div id=\"wd-697358528b1e8\" class=\"title-wrapper wd-wpb wd-set-mb reset-last-child  wd-rs-697358528b1e8 wd-title-color-primary wd-title-style-bordered text-center justify  wd-underline-colored\">\n\t\t\t\n\t\t\t<div class=\"liner-continer\">\n\t\t\t\t<h3 class=\"woodmart-title-container title  wd-font-weight- wd-fontsize-l\" >LA TARANTA Pistacchio - Tessuti per Tende da interno in Lino Stropicciato: Semplicit\u00e0 ed eleganza, tutto in un unico prodotto!<\/h3>\n\t\t\t\t\t\t\t<\/div>\n\t\t\t\n\t\t\t\t\t\t\t<div class=\"title-after_title reset-last-child  wd-fontsize-xs\">Puro Lino 100%, tinto in filo<\/div>\n\t\t\t\n\t\t\t\n\t\t<\/div>\n\t\t\n\t\t[\/vc_column][\/vc_row][vc_row content_placement=&#8221;middle&#8221; woodmart_bg_position=&#8221;center-bottom&#8221; css=&#8221;.vc_custom_1716386074981{background-color: #f3f3f3 !important;background-position: 0 0 !important;background-repeat: no-repeat !important;}&#8221; el_class=&#8221;mobile-bg-img-hidden&#8221; mobile_bg_img_hidden=&#8221;no&#8221; tablet_bg_img_hidden=&#8221;no&#8221; woodmart_parallax=&#8221;0&#8243; woodmart_gradient_switch=&#8221;no&#8221; row_reverse_mobile=&#8221;0&#8243; row_reverse_tablet=&#8221;0&#8243; woodmart_disable_overflow=&#8221;0&#8243; woodmart_css_id=&#8221;664df8fccfd59&#8243; responsive_spacing=&#8221;eyJwYXJhbV90eXBlIjoid29vZG1hcnRfcmVzcG9uc2l2ZV9zcGFjaW5nIiwic2VsZWN0b3JfaWQiOiI2NjRkZjhmY2NmZDU5Iiwic2hvcnRjb2RlIjoidmNfcm93IiwiZGF0YSI6eyJ0YWJsZXQiOnt9LCJtb2JpbGUiOnt9fX0=&#8221; woodmart_box_shadow=&#8221;no&#8221; wd_z_index=&#8221;no&#8221;][vc_column mobile_bg_img_hidden=&#8221;no&#8221; tablet_bg_img_hidden=&#8221;no&#8221; woodmart_parallax=&#8221;0&#8243; woodmart_sticky_column=&#8221;false&#8221; parallax_scroll=&#8221;no&#8221; mobile_reset_margin=&#8221;no&#8221; tablet_reset_margin=&#8221;no&#8221;][vc_single_image image=&#8221;60587&#8243; img_size=&#8221;full&#8221; alignment=&#8221;center&#8221; style=&#8221;vc_box_shadow&#8221; onclick=&#8221;link_image&#8221; css=&#8221;&#8221; woodmart_inline=&#8221;no&#8221; parallax_scroll=&#8221;no&#8221;][\/vc_column][\/vc_row][vc_row][vc_column]\n\t\t<div id=\"wd-697358ead27fb\" class=\"title-wrapper wd-wpb wd-set-mb reset-last-child  wd-rs-697358ead27fb wd-title-color-default wd-title-style-bordered text-center  wd-underline-colored\">\n\t\t\t\n\t\t\t<div class=\"liner-continer\">\n\t\t\t\t<h3 class=\"woodmart-title-container title  wd-font-weight- wd-fontsize-l\" >Tessuti per Tende da interno<\/h3>\n\t\t\t\t\t\t\t<\/div>\n\t\t\t\n\t\t\t\n\t\t\t\n\t\t<\/div>\n\t\t\n\t\t[\/vc_column][\/vc_row][vc_row content_placement=&#8221;middle&#8221; woodmart_bg_position=&#8221;center-bottom&#8221; css=&#8221;.vc_custom_1716386074981{background-color: #f3f3f3 !important;background-position: 0 0 !important;background-repeat: no-repeat !important;}&#8221; el_class=&#8221;mobile-bg-img-hidden&#8221; mobile_bg_img_hidden=&#8221;no&#8221; tablet_bg_img_hidden=&#8221;no&#8221; woodmart_parallax=&#8221;0&#8243; woodmart_gradient_switch=&#8221;no&#8221; row_reverse_mobile=&#8221;0&#8243; row_reverse_tablet=&#8221;0&#8243; woodmart_disable_overflow=&#8221;0&#8243; woodmart_css_id=&#8221;664df8fccfd59&#8243; responsive_spacing=&#8221;eyJwYXJhbV90eXBlIjoid29vZG1hcnRfcmVzcG9uc2l2ZV9zcGFjaW5nIiwic2VsZWN0b3JfaWQiOiI2NjRkZjhmY2NmZDU5Iiwic2hvcnRjb2RlIjoidmNfcm93IiwiZGF0YSI6eyJ0YWJsZXQiOnt9LCJtb2JpbGUiOnt9fX0=&#8221; woodmart_box_shadow=&#8221;no&#8221; wd_z_index=&#8221;no&#8221;][vc_column mobile_bg_img_hidden=&#8221;no&#8221; tablet_bg_img_hidden=&#8221;no&#8221; woodmart_parallax=&#8221;0&#8243; woodmart_sticky_column=&#8221;false&#8221; parallax_scroll=&#8221;no&#8221; mobile_reset_margin=&#8221;no&#8221; tablet_reset_margin=&#8221;no&#8221;][vc_single_image image=&#8221;13149&#8243; img_size=&#8221;full&#8221; alignment=&#8221;center&#8221; style=&#8221;vc_box_shadow&#8221; onclick=&#8221;link_image&#8221; css=&#8221;&#8221; woodmart_inline=&#8221;no&#8221; parallax_scroll=&#8221;no&#8221;][\/vc_column][\/vc_row][vc_row][vc_column]\n\t\t<div id=\"wd-697358f7b4074\" class=\"title-wrapper wd-wpb wd-set-mb reset-last-child  wd-rs-697358f7b4074 wd-title-color-default wd-title-style-bordered text-left  wd-underline-colored\">\n\t\t\t\n\t\t\t<div class=\"liner-continer\">\n\t\t\t\t<h3 class=\"woodmart-title-container title  wd-font-weight- wd-fontsize-l\" >Tessuti per Tende da interno<\/h3>\n\t\t\t\t\t\t\t<\/div>\n\t\t\t\n\t\t\t\n\t\t\t\n\t\t<\/div>\n\t\t\n\t\t[vc_column_text css=&#8221;.vc_custom_1690847242718{padding-right: 10px !important;}&#8221; text_larger=&#8221;no&#8221; woodmart_inline=&#8221;no&#8221;]<\/p>\n<p style=\"text-align: justify;\"><strong>Entra nel mondo Marini&amp;Gerardi<\/strong> dove la qualit\u00e0 \u00e8 di casa e i nostri tessuti in puro lino stropicciato per l&#8217;arredamento sono fantastici, con una perfetta combinazione di colori moderni e invitanti.\u00a0 I nostri tessuti, sono la soluzione naturale per tende e tendaggi che riflettono la tua forte personalit\u00e0, con un invito alla semplicit\u00e0 e al calore.<br \/>\n<strong>Siamo convinti che la bellezza sia soggettiva<\/strong> e sia espressa attraverso le emozioni, ma crediamo fermamente che la vera magia risieda in ognuno di noi. Ecco perch\u00e9 i nostri tessuti sono realizzati con cura e passione, per portare una scintilla di magia e bellezza nella tua casa.<br \/>\n<strong>Indipendentemente dalle dimensioni della tua casa,<\/strong> essa \u00e8 sempre la tua piccola oasi di pace in un mondo frenetico. Le nostre stoffe in lino e le tende che offriamo sono in grado di trasformare ogni spazio, aggiungendo stile, buon umore e un tocco di novit\u00e0.<br \/>\n<strong>Ogni tessuto per\u00a0 tende <\/strong>che proponiamo rappresenta una lunga tradizione di ricerca della qualit\u00e0 e del design. La nostra missione \u00e8 offrirti soluzioni senza compromessi, garantendo che la tua casa rispecchi veramente la tua personalit\u00e0 e il tuo stile unico.<br \/>\n<strong>Le tue stanze ti aspettano a braccia aperte<\/strong> per essere trasformate in spazi unici ed esclusivi. Con i nostri tessuti e tende, vogliamo aiutarti a creare un ambiente che ti faccia sentire a casa, che ti ispiri e ti dia fiducia. <strong>Siamo qui per offrirti il meglio, perch\u00e9 tu meriti solo il meglio.<\/strong> Scopri la magia dei nostri tessuti in lino stropicciato e regala alla tua casa l&#8217;eleganza che si merita!<\/p>\n<p>[\/vc_column_text][\/vc_column][\/vc_row]<\/p>\n<\/div>","protected":false},"excerpt":{"rendered":"<p><strong>La Taranta \u00e8 un tessuto pregiato realizzato esclusivamente al 100% in lino di alta qualit\u00e0.<\/strong> La sua creazione \u00e8 stata progettata per offrire un&#8217;atmosfera esclusiva e sofisticata. La particolare texture stropicciata del tessuto dona alle tende un aspetto poetico e affascinante.\u00a0 Tessuti per Tende da interno.<\/p>\n","protected":false},"featured_media":60636,"template":"","meta":[],"product_brand":[],"product_cat":[1515,3588,284,3051,3584,3583,287],"product_tag":[290],"class_list":{"0":"post-60635","1":"product","2":"type-product","3":"status-publish","4":"has-post-thumbnail","6":"product_cat-lino-per-tende","7":"product_cat-stoffe-online","8":"product_cat-tessuti","9":"product_cat-tessuti-di-lino","10":"product_cat-tessuti-online","11":"product_cat-tessuti-per-la-casa","12":"product_cat-tessuti-per-tende","13":"product_tag-tessuti-per-tende-in-lino","15":"first","16":"instock","17":"sale","18":"sold-individually","19":"taxable","20":"shipping-taxable","21":"purchasable","22":"product-type-simple"},"_links":{"self":[{"href":"https:\/\/www.marinigerardi.it\/shop\/wp-json\/wp\/v2\/product\/60635","targetHints":{"allow":["GET"]}}],"collection":[{"href":"https:\/\/www.marinigerardi.it\/shop\/wp-json\/wp\/v2\/product"}],"about":[{"href":"https:\/\/www.marinigerardi.it\/shop\/wp-json\/wp\/v2\/types\/product"}],"wp:featuredmedia":[{"embeddable":true,"href":"https:\/\/www.marinigerardi.it\/shop\/wp-json\/wp\/v2\/media\/60636"}],"wp:attachment":[{"href":"https:\/\/www.marinigerardi.it\/shop\/wp-json\/wp\/v2\/media?parent=60635"}],"wp:term":[{"taxonomy":"product_brand","embeddable":true,"href":"https:\/\/www.marinigerardi.it\/shop\/wp-json\/wp\/v2\/product_brand?post=60635"},{"taxonomy":"product_cat","embeddable":true,"href":"https:\/\/www.marinigerardi.it\/shop\/wp-json\/wp\/v2\/product_cat?post=60635"},{"taxonomy":"product_tag","embeddable":true,"href":"https:\/\/www.marinigerardi.it\/shop\/wp-json\/wp\/v2\/product_tag?post=60635"}],"curies":[{"name":"wp","href":"https:\/\/api.w.org\/{rel}","templated":true}]}}