{"id":57375,"date":"2023-03-07T17:25:14","date_gmt":"2023-03-07T17:25:14","guid":{"rendered":"https:\/\/www.marinigerardi.it\/shop\/?post_type=product&#038;p=57375"},"modified":"2026-03-17T19:33:41","modified_gmt":"2026-03-17T19:33:41","slug":"tende-da-sala-moderne","status":"publish","type":"product","link":"https:\/\/www.marinigerardi.it\/shop\/prodotto\/tende-da-sala-moderne\/","title":{"rendered":"LA FRANCESINA &#8211; Tende da Sala Moderne in Lino Delav\u00e8"},"content":{"rendered":"<div class=\"wpb-content-wrapper\"><p>[vc_row equal_height=&#8221;yes&#8221; mobile_bg_img_hidden=&#8221;no&#8221; tablet_bg_img_hidden=&#8221;no&#8221; woodmart_parallax=&#8221;0&#8243; woodmart_gradient_switch=&#8221;no&#8221; row_reverse_mobile=&#8221;0&#8243; row_reverse_tablet=&#8221;0&#8243; woodmart_disable_overflow=&#8221;0&#8243;][vc_column offset=&#8221;vc_col-lg-6 vc_col-md-6&#8243; mobile_bg_img_hidden=&#8221;no&#8221; tablet_bg_img_hidden=&#8221;no&#8221; woodmart_parallax=&#8221;0&#8243; woodmart_sticky_column=&#8221;false&#8221; parallax_scroll=&#8221;no&#8221; mobile_reset_margin=&#8221;no&#8221; tablet_reset_margin=&#8221;no&#8221; css=&#8221;.vc_custom_1613071403480{margin-top: 0px !important;}&#8221;]\n\t\t<div id=\"wd-64077c5f6935a\" class=\"title-wrapper wd-wpb wd-set-mb reset-last-child  wd-rs-64077c5f6935a wd-title-color-primary wd-title-style-bordered text-left vc_custom_1678212198352 wd-underline-colored\">\n\t\t\t\n\t\t\t<div class=\"liner-continer\">\n\t\t\t\t<h2 class=\"woodmart-title-container title  wd-font-weight-500 wd-fontsize-xl\" >LA FRANCESINA - Tende da Sala Moderne in Lino Esclusivi<\/h2>\n\t\t\t\t\t\t\t<\/div>\n\t\t\t\n\t\t\t\n\t\t\t\n\t\t<\/div>\n\t\t\n\t\t\t\t<div id=\"wd-66b9472079bd3\" class=\"wd-text-block wd-wpb reset-last-child wd-rs-66b9472079bd3 text-left \">\n\t\t\t<p style=\"text-align: justify;\"><a href=\"https:\/\/www.marinigerardi.it\/shop\/prodotto\/tende-da-sala-moderne\/\">Tenda realizzata con <strong>tessuto in puro lino stropicciato delav\u00e8 effetto vintage<\/strong><\/a> semi oscurante.<\/p>\n\t\t<\/div>\n\t\t[vc_message message_box_style=&#8221;outline&#8221; message_box_color=&#8221;grey&#8221; css=&#8221;&#8221;]<\/p>\n<ul>\n<li>Tende da Sala Moderne in tessuto lino italiano 100%<\/li>\n<li>Pannello Base in 2 colori.<\/li>\n<li>Tessuto in lino stropicciato con una delicata sensazione di morbido al tatto\u00a0 \/ tessuto semi-oscurante<\/li>\n<\/ul>\n<p><strong>Per le misure non incluse<\/strong>, si prega d\u2019inviare il dettaglio della dimensione desiderate all&#8217; indirizzo mail <strong>assistenza@marinigerardi.it<\/strong>[\/vc_message][\/vc_column][vc_column css=&#8221;.vc_custom_1612434787067{background-position: center !important;background-repeat: no-repeat !important;background-size: cover !important;}&#8221; offset=&#8221;vc_col-lg-6 vc_col-md-6&#8243; mobile_bg_img_hidden=&#8221;no&#8221; tablet_bg_img_hidden=&#8221;no&#8221; woodmart_parallax=&#8221;0&#8243; woodmart_sticky_column=&#8221;false&#8221; parallax_scroll=&#8221;no&#8221; mobile_reset_margin=&#8221;no&#8221; tablet_reset_margin=&#8221;no&#8221;][vc_single_image image=&#8221;57382&#8243; img_size=&#8221;large&#8221; style=&#8221;vc_box_shadow_border&#8221; onclick=&#8221;link_image&#8221; parallax_scroll=&#8221;no&#8221; woodmart_inline=&#8221;no&#8221;][\/vc_column][\/vc_row][vc_row][vc_column][vc_text_separator title=&#8221;Tessuti Naturali&#8221; css=&#8221;.vc_custom_1621409662539{margin-top: 20px !important;margin-bottom: 20px !important;}&#8221;]\n\t\t<div id=\"wd-66b946a0e6c66\" class=\"title-wrapper wd-wpb wd-set-mb reset-last-child  wd-rs-66b946a0e6c66 wd-title-color-default wd-title-style-default text-center  wd-underline-colored\">\n\t\t\t\n\t\t\t<div class=\"liner-continer\">\n\t\t\t\t<h2 class=\"woodmart-title-container title  wd-font-weight- wd-fontsize-l\" >Tende da Sala Moderne<\/h2>\n\t\t\t\t\t\t\t<\/div>\n\t\t\t\n\t\t\t\n\t\t\t\n\t\t<\/div>\n\t\t\n\t\t[\/vc_column][\/vc_row][vc_row content_placement=&#8221;middle&#8221; woodmart_bg_position=&#8221;center-bottom&#8221; css=&#8221;.vc_custom_1698095441441{background-color: #f3f3f3 !important;background-position: 0 0 !important;background-repeat: no-repeat !important;}&#8221; el_class=&#8221;mobile-bg-img-hidden&#8221; mobile_bg_img_hidden=&#8221;no&#8221; tablet_bg_img_hidden=&#8221;no&#8221; woodmart_parallax=&#8221;0&#8243; woodmart_gradient_switch=&#8221;no&#8221; row_reverse_mobile=&#8221;0&#8243; row_reverse_tablet=&#8221;0&#8243; woodmart_disable_overflow=&#8221;0&#8243; woodmart_css_id=&#8221;6536e14608796&#8243; responsive_spacing=&#8221;eyJwYXJhbV90eXBlIjoid29vZG1hcnRfcmVzcG9uc2l2ZV9zcGFjaW5nIiwic2VsZWN0b3JfaWQiOiI2NTM2ZTE0NjA4Nzk2Iiwic2hvcnRjb2RlIjoidmNfcm93IiwiZGF0YSI6eyJ0YWJsZXQiOnt9LCJtb2JpbGUiOnt9fX0=&#8221; woodmart_box_shadow=&#8221;yes&#8221; wd_box_shadow=&#8221;eyJkZXZpY2VzIjp7ImRlc2t0b3AiOnsiaG9yaXpvbnRhbCI6IjAiLCJ2ZXJ0aWNhbCI6IjAiLCJibHVyIjoiOSIsInNwcmVhZCI6IjAiLCJjb2xvciI6InJnYmEoMCwgMCwgMCwgLjE1KSJ9fX0=&#8221; wd_z_index=&#8221;no&#8221;][vc_column mobile_bg_img_hidden=&#8221;no&#8221; tablet_bg_img_hidden=&#8221;no&#8221; woodmart_parallax=&#8221;0&#8243; woodmart_sticky_column=&#8221;false&#8221; parallax_scroll=&#8221;no&#8221; mobile_reset_margin=&#8221;no&#8221; tablet_reset_margin=&#8221;no&#8221;][vc_single_image image=&#8221;57379&#8243; img_size=&#8221;full&#8221; alignment=&#8221;center&#8221; onclick=&#8221;link_image&#8221; parallax_scroll=&#8221;no&#8221; woodmart_inline=&#8221;no&#8221;][\/vc_column][\/vc_row][vc_row][vc_column]\n\t\t<div id=\"wd-6536e11889237\" class=\"title-wrapper wd-wpb wd-set-mb reset-last-child  wd-rs-6536e11889237 wd-title-color-primary wd-title-style-bordered text-center justify  wd-underline-colored\">\n\t\t\t\n\t\t\t<div class=\"liner-continer\">\n\t\t\t\t<h3 class=\"woodmart-title-container title  wd-font-weight-400 wd-fontsize-xl\" >LA FRANCESINA - Tende da Sala Moderne per Interni in Lino<\/h3>\n\t\t\t\t\t\t\t<\/div>\n\t\t\t\n\t\t\t\n\t\t\t\n\t\t<\/div>\n\t\t\n\t\t\t\t<div id=\"wd-657b86f22acb3\" class=\"wd-text-block wd-wpb reset-last-child wd-rs-657b86f22acb3 text-left \">\n\t\t\t<p style=\"text-align: justify;\"><strong>Il lino stropicciato Delav\u00e8 conferisce un aspetto vissuto e informale,<\/strong> creando un&#8217;atmosfera vintage che trasmette calore e autenticit\u00e0. La praticit\u00e0 \u00e8 un elemento chiave, poich\u00e9 queste tende non richiedono alcuna attenzione particolare: non si stirano, permettendovi di godere appieno della bellezza senza sacrificare la comodit\u00e0.<\/p>\n<p style=\"text-align: justify;\">La Francesina: una Tenda ricca di segreti che vi regaler\u00e0 le sue infinite storie, leggende e suggestioni. Ma non temete: ci\u00f2 che vi verr\u00e0 concesso sar\u00e0 sufficiente per vivere un sogno a occhi aperti. I colori teneri del Sud Salento: Grigio Perla, Grigio Salvia,\u00a0 per una casa assolutamente unica e indimenticabile; una Tenda accattivante, dal grande impatto visivo, con un tessuto in lino importante, dalla grande personalit\u00e0 e carattere.<\/p>\n<p style=\"text-align: justify;\">Lasciate che &#8220;La Francesina&#8221; trasformi il vostro ambiente in un luogo dove la bellezza e la funzionalit\u00e0 si fondono armoniosamente, offrendo un&#8217;esperienza visiva e sensoriale che rimarr\u00e0 impressa nella vostra memoria. Una tenda che va oltre l&#8217;aspetto pratico, diventando un&#8217;opera d&#8217;arte dinamica capace di ispirare e trasformare gli spazi domestici.&#8221;<\/p>\n\t\t<\/div>\n\t\t[\/vc_column][\/vc_row]<\/p>\n<\/div>","protected":false},"excerpt":{"rendered":"<p><span class=\"tagify__tag-text\" contenteditable=\"true\" spellcheck=\"false\" data-lt-tmp-id=\"lt-708341\" data-gramm=\"false\">LA FRANCESINA &#8211; Tende da Sala Moderne\u00a0<\/span> realizzate sartorialmente in <span style=\"color: #333333;\"><strong>puro lino stropicciato Delav\u00e8 Vintage.<\/strong><\/span> Una Splendida tenda fresca, giovane, informale e seducente; disponibile in due toni neutri dal grande impatto visivo. <span style=\"color: #333333;\"><strong>No Stiro<\/strong><\/span><\/p>\n","protected":false},"featured_media":57382,"template":"","meta":[],"product_brand":[],"product_cat":[62],"product_tag":[],"class_list":{"0":"post-57375","1":"product","2":"type-product","3":"status-publish","4":"has-post-thumbnail","6":"product_cat-tende-in-lino","8":"first","9":"instock","10":"taxable","11":"shipping-taxable","12":"purchasable","13":"product-type-simple"},"_links":{"self":[{"href":"https:\/\/www.marinigerardi.it\/shop\/wp-json\/wp\/v2\/product\/57375","targetHints":{"allow":["GET"]}}],"collection":[{"href":"https:\/\/www.marinigerardi.it\/shop\/wp-json\/wp\/v2\/product"}],"about":[{"href":"https:\/\/www.marinigerardi.it\/shop\/wp-json\/wp\/v2\/types\/product"}],"wp:featuredmedia":[{"embeddable":true,"href":"https:\/\/www.marinigerardi.it\/shop\/wp-json\/wp\/v2\/media\/57382"}],"wp:attachment":[{"href":"https:\/\/www.marinigerardi.it\/shop\/wp-json\/wp\/v2\/media?parent=57375"}],"wp:term":[{"taxonomy":"product_brand","embeddable":true,"href":"https:\/\/www.marinigerardi.it\/shop\/wp-json\/wp\/v2\/product_brand?post=57375"},{"taxonomy":"product_cat","embeddable":true,"href":"https:\/\/www.marinigerardi.it\/shop\/wp-json\/wp\/v2\/product_cat?post=57375"},{"taxonomy":"product_tag","embeddable":true,"href":"https:\/\/www.marinigerardi.it\/shop\/wp-json\/wp\/v2\/product_tag?post=57375"}],"curies":[{"name":"wp","href":"https:\/\/api.w.org\/{rel}","templated":true}]}}