{"id":50267,"date":"2023-01-07T15:38:55","date_gmt":"2023-01-07T15:38:55","guid":{"rendered":"https:\/\/www.marinigerardi.it\/shop\/?post_type=product&#038;p=50267"},"modified":"2024-08-29T21:47:44","modified_gmt":"2024-08-29T21:47:44","slug":"lenzuola-letto-singolo-in-offerta","status":"publish","type":"product","link":"https:\/\/www.marinigerardi.it\/shop\/prodotto\/lenzuola-letto-singolo-in-offerta\/","title":{"rendered":"BRIS sp &#8211; Lenzuola Letto Singolo in offerta | Sopra"},"content":{"rendered":"<div class=\"wpb-content-wrapper\"><p>[vc_row equal_height=&#8221;yes&#8221; mobile_bg_img_hidden=&#8221;no&#8221; tablet_bg_img_hidden=&#8221;no&#8221; woodmart_parallax=&#8221;0&#8243; woodmart_gradient_switch=&#8221;no&#8221; row_reverse_mobile=&#8221;0&#8243; row_reverse_tablet=&#8221;0&#8243; woodmart_disable_overflow=&#8221;0&#8243;][vc_column offset=&#8221;vc_col-lg-6 vc_col-md-6&#8243; mobile_bg_img_hidden=&#8221;no&#8221; tablet_bg_img_hidden=&#8221;no&#8221; woodmart_parallax=&#8221;0&#8243; woodmart_sticky_column=&#8221;false&#8221; parallax_scroll=&#8221;no&#8221; mobile_reset_margin=&#8221;no&#8221; tablet_reset_margin=&#8221;no&#8221; css=&#8221;.vc_custom_1613071403480{margin-top: 0px !important;}&#8221;]\n\t\t<div id=\"wd-63b9939002d68\" class=\"title-wrapper wd-wpb wd-set-mb reset-last-child  wd-rs-63b9939002d68 wd-title-color-primary wd-title-style-bordered text-left vc_custom_1673106361646 wd-underline-colored\">\n\t\t\t\n\t\t\t<div class=\"liner-continer\">\n\t\t\t\t<h2 class=\"woodmart-title-container title  wd-font-weight-500 wd-fontsize-l\" >BRIS - Lenzuola Letto Singolo in offerta Cotone Stropicciato | Sopra in Tinta Unita<\/h2>\n\t\t\t\t\t\t\t<\/div>\n\t\t\t\n\t\t\t\n\t\t\t\n\t\t<\/div>\n\t\t\n\t\t\t\t<div id=\"wd-66d09d770171e\" class=\"wd-text-block wd-wpb reset-last-child wd-rs-66d09d770171e text-left \">\n\t\t\t<p>Le <a href=\"https:\/\/lenzuola.eu\/\" target=\"_blank\" rel=\"noopener nofollow\">Lenzuola<\/a> letto singolo in Cotone sono di manifattura artigianale realizzate con il tessuto <strong>Eolo<\/strong> 100% cotone\u00a0 di primissima qualit\u00e0, leggermente Stropicciato, Delav\u00e8, per una morbida emozione sul tuo corpo. Un soffio di luce dal fascino mediterraneo:<strong> il tuo letto sar\u00e0 sempre splendido e protagonista della bella stagione.<\/strong><\/p>\n\t\t<\/div>\n\t\t[vc_message message_box_style=&#8221;outline&#8221; message_box_color=&#8221;grey&#8221; css=&#8221;.vc_custom_1724947830556{margin-top: 0px !important;}&#8221;]<\/p>\n<p style=\"text-align: left;\"><span class=\"a-list-item\"><a href=\"https:\/\/www.marinigerardi.it\/shop\/prodotto\/lenzuola-letto-singolo-in-offerta\/\">Questa offerta include<\/a> solo <strong>un lenzuolo sopra<\/strong>.<br \/>\nSe avete necessit\u00e0 di altre misure contattate: <strong>assistenza@marinigerardi.it <\/strong><\/span><\/p>\n<p>[\/vc_message]<div id=\"wd-6298756a88019\" class=\" wd-rs-6298756a88019  wd-button-wrapper text-left\"><a href=\"https:\/\/www.marinigerardi.it\/shop\/prodotto\/cot-bris-lenzuolo-con-angoli-matrimoniale-di-cotone-stropicciato-sotto\/\" title=\"Compra Lenzuola Sotto\" class=\"btn btn-style-default btn-shape-rectangle btn-size-default btn-icon-pos-right\">Vai: Bris\/Lenzuolo Sotto<span class=\"wd-btn-icon\"><span class=\"wd-icon fas fa-arrow-right\"><\/span><\/span><\/a><\/div>[vc_empty_space height=&#8221;15px&#8221; woodmart_hide_large=&#8221;0&#8243; woodmart_hide_medium=&#8221;0&#8243; woodmart_hide_small=&#8221;0&#8243;]<div id=\"wd-61d6c600ab377\" class=\" wd-rs-61d6c600ab377  wd-button-wrapper text-left\"><a href=\"https:\/\/www.marinigerardi.it\/shop\/guida-misure-per-la-biancheria-letto\/\" title=\"GUIDA MISURE PER LA BIANCHERIA LETTO\" target=\"_blank\" class=\"btn btn-style-link btn-shape-rectangle btn-size-default btn-icon-pos-left\">GUIDA MISURE PER LA BIANCHERIA LETTO<span class=\"wd-btn-icon\"><span class=\"wd-icon far fa-arrow-alt-circle-right\"><\/span><\/span><\/a><\/div>[\/vc_column][vc_column css=&#8221;.vc_custom_1612434787067{background-position: center !important;background-repeat: no-repeat !important;background-size: cover !important;}&#8221; offset=&#8221;vc_col-lg-6 vc_col-md-6&#8243; mobile_bg_img_hidden=&#8221;no&#8221; tablet_bg_img_hidden=&#8221;no&#8221; woodmart_parallax=&#8221;0&#8243; woodmart_sticky_column=&#8221;false&#8221; parallax_scroll=&#8221;no&#8221; mobile_reset_margin=&#8221;no&#8221; tablet_reset_margin=&#8221;no&#8221;][vc_single_image image=&#8221;37542&#8243; img_size=&#8221;large&#8221; alignment=&#8221;center&#8221; style=&#8221;vc_box_shadow&#8221; onclick=&#8221;link_image&#8221; parallax_scroll=&#8221;no&#8221; woodmart_inline=&#8221;no&#8221;][\/vc_column][\/vc_row][vc_row][vc_column][vc_text_separator title=&#8221;Tessuti Naturali&#8221;]\n\t\t<div id=\"wd-66d09bed5074c\" class=\"title-wrapper wd-wpb wd-set-mb reset-last-child  wd-rs-66d09bed5074c wd-title-color-default wd-title-style-default text-center  wd-underline-colored\">\n\t\t\t\n\t\t\t<div class=\"liner-continer\">\n\t\t\t\t<h2 class=\"woodmart-title-container title  wd-font-weight- wd-fontsize-l\" >Lenzuola Letto Singolo in offerta<\/h2>\n\t\t\t\t\t\t\t<\/div>\n\t\t\t\n\t\t\t\n\t\t\t\n\t\t<\/div>\n\t\t\n\t\t[\/vc_column][\/vc_row][vc_row][vc_column][vc_single_image image=&#8221;37545&#8243; img_size=&#8221;full&#8221; alignment=&#8221;center&#8221; style=&#8221;vc_box_shadow&#8221; onclick=&#8221;link_image&#8221; css=&#8221;&#8221; parallax_scroll=&#8221;no&#8221; woodmart_inline=&#8221;no&#8221;][\/vc_column][\/vc_row][vc_row][vc_column]\n\t\t<div id=\"wd-66d09d4aaa0b4\" class=\"title-wrapper wd-wpb wd-set-mb reset-last-child  wd-rs-66d09d4aaa0b4 wd-title-color-primary wd-title-style-bordered text-center justify  wd-underline-colored\">\n\t\t\t\t\t\t\t\n\t\t\t\t<div class=\"title-subtitle  subtitle-color-primary font-alt subtitle-style-default wd-font-weight- wd-fontsize-xs\">Biancheria Casa in Cotone Home Fashion Marini&amp;Gerardi<\/div>\n\t\t\t\n\t\t\t<div class=\"liner-continer\">\n\t\t\t\t<h3 class=\"woodmart-title-container title  wd-font-weight-400 wd-fontsize-l\" >BRIS - Lenzuola Letto Singolo in offerta Cotone Stropicciato | Sopra in Tinta Unita - Qualit\u00e0 Italiana.<\/h3>\n\t\t\t\t\t\t\t<\/div>\n\t\t\t\n\t\t\t\n\t\t\t\n\t\t<\/div>\n\t\t\n\t\t[\/vc_column][\/vc_row][vc_row][vc_column][vc_single_image image=&#8221;37560&#8243; img_size=&#8221;full&#8221; alignment=&#8221;center&#8221; style=&#8221;vc_box_shadow&#8221; onclick=&#8221;link_image&#8221; parallax_scroll=&#8221;no&#8221; woodmart_inline=&#8221;no&#8221;]\n\t\t<div id=\"wd-66d09c881beb5\" class=\"title-wrapper wd-wpb wd-set-mb reset-last-child  wd-rs-66d09c881beb5 wd-title-color-default wd-title-style-default text-center  wd-underline-colored\">\n\t\t\t\n\t\t\t<div class=\"liner-continer\">\n\t\t\t\t<h3 class=\"woodmart-title-container title  wd-font-weight- wd-fontsize-l\" >BRIS in Cotone \u2013 Lenzuola Letto Singolo in offerta<\/h3>\n\t\t\t\t\t\t\t<\/div>\n\t\t\t\n\t\t\t\n\t\t\t\n\t\t<\/div>\n\t\t\n\t\t[vc_column_text text_larger=&#8221;no&#8221; woodmart_inline=&#8221;no&#8221;]<strong>Un Tessuto Cotone veramente speciale per progettare una casa confortevole, accogliente di gran carattere.<\/strong><br \/>\nVersatile e dal look informale contemporaneo, questo articolo \u00e8 disponibile in un\u2019ampia palette di colori che spazia dai toni classici a quelli pi\u00f9 pop, che sfumano da nuance chiare a quelle pi\u00f9 intense. <a href=\"https:\/\/www.marinigerardi.it\/shop\/prodotto\/tessuto-percalle-di-cotone-florence\/\">Tessuto per biancheria letto<\/a>, che si presta agli abbinamenti pi\u00f9 svariati, capaci d\u2019infondere una nota di eleganza e novit\u00e0. Morbido e piacevole sulla pelle e dolce al tatto, versione sofisticata e contemporanea di un tessuto tradizionale.<br \/>\nLe nostre lenzuola in Cotone sono di facile manutenzione, si lavano in lavatrice con cautela perch\u00e8 belle e preziose.[\/vc_column_text][vc_text_separator title=&#8221;Quando il tessuto fa la differenza e si vede&#8221;][\/vc_column][\/vc_row]<\/p>\n<\/div>","protected":false},"excerpt":{"rendered":"<p><strong>BRIS &#8211; Lenzuola Letto Singolo in offerta | Sopra in Tinta Unita <\/strong>confezionate con tessuto di <strong>Cotone<\/strong> Extra Lusso, fresco, <strong>leggermente Stropicciato dal sapore Vintage<\/strong> di primissima qualit\u00e0 Italiana.<\/p>\n<p>Tessuto (<strong>No Stiro)<\/strong> che puoi anche stirare.<\/p>\n","protected":false},"featured_media":58295,"template":"","meta":[],"product_brand":[],"product_cat":[3154,3155,3135,3221],"product_tag":[506,1073],"class_list":{"0":"post-50267","1":"product","2":"type-product","3":"status-publish","4":"has-post-thumbnail","6":"product_cat-biancheria-da-letto","7":"product_cat-lenzuole","8":"product_cat-lenzuola-letto-singolo","9":"product_cat-lenzuola-sopra-singolo","10":"product_tag-lenzuola","11":"product_tag-lenzuola-letto-singolo","13":"first","14":"instock","15":"taxable","16":"shipping-taxable","17":"purchasable","18":"product-type-simple"},"_links":{"self":[{"href":"https:\/\/www.marinigerardi.it\/shop\/wp-json\/wp\/v2\/product\/50267","targetHints":{"allow":["GET"]}}],"collection":[{"href":"https:\/\/www.marinigerardi.it\/shop\/wp-json\/wp\/v2\/product"}],"about":[{"href":"https:\/\/www.marinigerardi.it\/shop\/wp-json\/wp\/v2\/types\/product"}],"wp:featuredmedia":[{"embeddable":true,"href":"https:\/\/www.marinigerardi.it\/shop\/wp-json\/wp\/v2\/media\/58295"}],"wp:attachment":[{"href":"https:\/\/www.marinigerardi.it\/shop\/wp-json\/wp\/v2\/media?parent=50267"}],"wp:term":[{"taxonomy":"product_brand","embeddable":true,"href":"https:\/\/www.marinigerardi.it\/shop\/wp-json\/wp\/v2\/product_brand?post=50267"},{"taxonomy":"product_cat","embeddable":true,"href":"https:\/\/www.marinigerardi.it\/shop\/wp-json\/wp\/v2\/product_cat?post=50267"},{"taxonomy":"product_tag","embeddable":true,"href":"https:\/\/www.marinigerardi.it\/shop\/wp-json\/wp\/v2\/product_tag?post=50267"}],"curies":[{"name":"wp","href":"https:\/\/api.w.org\/{rel}","templated":true}]}}