{"id":45310,"date":"2024-05-15T23:04:26","date_gmt":"2024-05-15T23:04:26","guid":{"rendered":"https:\/\/www.marinigerardi.it\/shop\/?post_type=product&#038;p=45310"},"modified":"2024-07-31T10:49:22","modified_gmt":"2024-07-31T10:49:22","slug":"parure-letto-singolo-cotone","status":"publish","type":"product","link":"https:\/\/www.marinigerardi.it\/shop\/prodotto\/parure-letto-singolo-cotone\/","title":{"rendered":"BORA &#8211; Set Lenzuola Parure Letto Singolo Cotone Percalle"},"content":{"rendered":"<div class=\"wpb-content-wrapper\"><p>[vc_row equal_height=&#8221;yes&#8221; mobile_bg_img_hidden=&#8221;no&#8221; tablet_bg_img_hidden=&#8221;no&#8221; woodmart_parallax=&#8221;0&#8243; woodmart_gradient_switch=&#8221;no&#8221; row_reverse_mobile=&#8221;0&#8243; row_reverse_tablet=&#8221;0&#8243; woodmart_disable_overflow=&#8221;0&#8243;][vc_column offset=&#8221;vc_col-lg-6 vc_col-md-6&#8243; mobile_bg_img_hidden=&#8221;no&#8221; tablet_bg_img_hidden=&#8221;no&#8221; woodmart_parallax=&#8221;0&#8243; woodmart_sticky_column=&#8221;false&#8221; parallax_scroll=&#8221;no&#8221; mobile_reset_margin=&#8221;no&#8221; tablet_reset_margin=&#8221;no&#8221; css=&#8221;.vc_custom_1613071403480{margin-top: 0px !important;}&#8221;]\n\t\t<div id=\"wd-63a8d8c4dceac\" class=\"title-wrapper wd-wpb wd-set-mb reset-last-child  wd-rs-63a8d8c4dceac wd-title-color-primary wd-title-style-bordered text-left vc_custom_1672009966204 wd-underline-colored\">\n\t\t\t\n\t\t\t<div class=\"liner-continer\">\n\t\t\t\t<h2 class=\"woodmart-title-container title  wd-font-weight-500 wd-fontsize-l\" >BORA - Set Lenzuola Parure Letto Singolo Cotone Percalle<\/h2>\n\t\t\t\t\t\t\t<\/div>\n\t\t\t\n\t\t\t\n\t\t\t\n\t\t<\/div>\n\t\t\n\t\t\t\t<div id=\"wd-6648a8f51fc95\" class=\"wd-text-block wd-wpb reset-last-child wd-rs-6648a8f51fc95 text-left \">\n\t\t\t<p><strong>Completo letto con Lenzuola realizzate in Cotone percalle <\/strong>raffinatissimo per una versione sofisticata, seducente e contemporanea di un tessuto tradizionale. <strong>BORA<\/strong> Lenzuola letto singolo in set regalano alla tua pelle sensazioni ed emozioni mai provate con una lucentezza appena percettibile. <strong>New design con doppio incrocio centrale con inserto a colore Alta Sartoria,<\/strong> un tessuto morbido e piacevole sulla pelle e dolce e vellutato al tatto. Bora \u00e8 disponibile nei toni neutri e nei meravigliosi colori di stagione<br \/>\nLe nostre Lenzuola sono di facile manutenzione, si lavano in lavatrice con cautela perch\u00e8 belle e preziose.<\/p>\n\t\t<\/div>\n\t\t[vc_message message_box_style=&#8221;outline&#8221; message_box_color=&#8221;grey&#8221; css=&#8221;.vc_custom_1722422878474{margin-top: 0px !important;}&#8221;]<\/p>\n<ul>\n<li><a href=\"https:\/\/www.marinigerardi.it\/shop\/prodotto\/parure-letto-singolo-cotone\/\">Questa offerta include<\/a> <strong>uno lenzuolo piano sopra con inserto in doppio colore<\/strong><\/li>\n<li>un lenzuolo sotto Tinta Unita<\/li>\n<li>federa cuscino in combinazione.<\/li>\n<\/ul>\n<p>Per altre misure contattate: <strong>assistenza@marinigerardi.it <\/strong>[\/vc_message]<div id=\"wd-61a480de23dff\" class=\" wd-rs-61a480de23dff  wd-button-wrapper text-left\"><a href=\"https:\/\/www.marinigerardi.it\/shop\/guida-misure-per-la-biancheria-letto\/\" title=\"GUIDA MISURE PER LA BIANCHERIA LETTO\" target=\"_blank\" class=\"btn btn-style-link btn-shape-rectangle btn-size-default\">Guida misure Biancheria Letto<\/a><\/div>[\/vc_column][vc_column css=&#8221;.vc_custom_1612434787067{background-position: center !important;background-repeat: no-repeat !important;background-size: cover !important;}&#8221; offset=&#8221;vc_col-lg-6 vc_col-md-6&#8243; mobile_bg_img_hidden=&#8221;no&#8221; tablet_bg_img_hidden=&#8221;no&#8221; woodmart_parallax=&#8221;0&#8243; woodmart_sticky_column=&#8221;false&#8221; parallax_scroll=&#8221;no&#8221; mobile_reset_margin=&#8221;no&#8221; tablet_reset_margin=&#8221;no&#8221;][vc_single_image image=&#8221;35230&#8243; img_size=&#8221;large&#8221; alignment=&#8221;center&#8221; style=&#8221;vc_box_shadow&#8221; onclick=&#8221;link_image&#8221; parallax_scroll=&#8221;no&#8221; woodmart_inline=&#8221;no&#8221;][\/vc_column][\/vc_row][vc_row][vc_column][vc_text_separator title=&#8221;Tessuti Naturali: completo letto in cotone&#8221;]\n\t\t<div id=\"wd-6648a9b05f47c\" class=\"title-wrapper wd-wpb wd-set-mb reset-last-child  wd-rs-6648a9b05f47c wd-title-color-primary wd-title-style-default text-center justify  wd-underline-colored\">\n\t\t\t\t\t\t\t\n\t\t\t\t<div class=\"title-subtitle  subtitle-color-primary font-alt subtitle-style-default wd-font-weight- wd-fontsize-xs\">Completo letto singolo e matrimoniale<\/div>\n\t\t\t\n\t\t\t<div class=\"liner-continer\">\n\t\t\t\t<h3 class=\"woodmart-title-container title  wd-font-weight-400 wd-fontsize-l\" >BORA - Set Lenzuola Parure Letto Singolo Cotone Percalle<\/h3>\n\t\t\t\t\t\t\t<\/div>\n\t\t\t\n\t\t\t\n\t\t\t\n\t\t<\/div>\n\t\t\n\t\t[\/vc_column][\/vc_row][vc_row content_placement=&#8221;middle&#8221; woodmart_bg_position=&#8221;center-bottom&#8221; css=&#8221;.vc_custom_1716037941260{background-color: #f3f3f3 !important;background-position: 0 0 !important;background-repeat: no-repeat !important;}&#8221; el_class=&#8221;mobile-bg-img-hidden&#8221; mobile_bg_img_hidden=&#8221;no&#8221; tablet_bg_img_hidden=&#8221;no&#8221; woodmart_parallax=&#8221;0&#8243; woodmart_gradient_switch=&#8221;no&#8221; row_reverse_mobile=&#8221;0&#8243; row_reverse_tablet=&#8221;0&#8243; woodmart_disable_overflow=&#8221;0&#8243; woodmart_css_id=&#8221;6648a91985fcb&#8221; responsive_spacing=&#8221;eyJwYXJhbV90eXBlIjoid29vZG1hcnRfcmVzcG9uc2l2ZV9zcGFjaW5nIiwic2VsZWN0b3JfaWQiOiI2NjQ4YTkxOTg1ZmNiIiwic2hvcnRjb2RlIjoidmNfcm93IiwiZGF0YSI6eyJ0YWJsZXQiOnt9LCJtb2JpbGUiOnt9fX0=&#8221; woodmart_box_shadow=&#8221;no&#8221; wd_z_index=&#8221;no&#8221;][vc_column mobile_bg_img_hidden=&#8221;no&#8221; tablet_bg_img_hidden=&#8221;no&#8221; woodmart_parallax=&#8221;0&#8243; woodmart_sticky_column=&#8221;false&#8221; parallax_scroll=&#8221;no&#8221; mobile_reset_margin=&#8221;no&#8221; tablet_reset_margin=&#8221;no&#8221;][vc_single_image image=&#8221;35243&#8243; img_size=&#8221;full&#8221; alignment=&#8221;center&#8221; style=&#8221;vc_box_shadow&#8221; onclick=&#8221;link_image&#8221; css=&#8221;&#8221; parallax_scroll=&#8221;no&#8221; woodmart_inline=&#8221;no&#8221;][\/vc_column][\/vc_row][vc_row][vc_column]\n\t\t<div id=\"wd-66aa169c4286f\" class=\"title-wrapper wd-wpb wd-set-mb reset-last-child  wd-rs-66aa169c4286f wd-title-color-primary wd-title-style-bordered text-left justify  wd-underline-colored\">\n\t\t\t\t\t\t\t\n\t\t\t\t<div class=\"title-subtitle  subtitle-color-primary font-alt subtitle-style-default wd-font-weight- wd-fontsize-xs\">Completo letto singolo e matrimoniale<\/div>\n\t\t\t\n\t\t\t<div class=\"liner-continer\">\n\t\t\t\t<h2 class=\"woodmart-title-container title  wd-font-weight-400 wd-fontsize-l\" >BORA - Parure Letto Singolo Cotone Percalle<\/h2>\n\t\t\t\t\t\t\t<\/div>\n\t\t\t\n\t\t\t\n\t\t\t\n\t\t<\/div>\n\t\t\n\t\t[vc_column_text css=&#8221;&#8221; text_larger=&#8221;no&#8221; woodmart_inline=&#8221;no&#8221;]<strong>Benvenuti a Bora Collection<\/strong> La tradizione tessile italiana \u00e8 un patrimonio di eleganza e qualit\u00e0, e Bora Collection rappresenta la perfetta fusione tra modernit\u00e0 e tradizione. Questa collezione \u00e8 un omaggio alla bellezza e alla praticit\u00e0, con prodotti firmati Marini&amp;Gerardi che portano avanti l&#8217;arte della tessitura italiana.<\/p>\n<p><strong>La tradizione tessile italiana<\/strong> L&#8217;Italia \u00e8 famosa nel mondo per i suoi tessuti di alta qualit\u00e0 e per la sua lunga tradizione tessile. Dai lussuosi tessuti di seta ai tradizionali tessuti di lino, dove ogni regione ha le sue specialit\u00e0. Ma ci\u00f2 che unisce tutte queste tradizioni \u00e8 l&#8217;attenzione ai dettagli, la passione per la qualit\u00e0 e l&#8217;impegno per l&#8217;innovazione.[\/vc_column_text][vc_custom_heading text=&#8221;Il Set Lenzuola Parure Letto Singolo Cotone Percalle&#8221; google_fonts=&#8221;font_family:Nunito%3A300%2Cregular%2C700|font_style:700%20bold%20regular%3A700%3Anormal&#8221; css=&#8221;&#8221;][vc_column_text css=&#8221;&#8221; text_larger=&#8221;no&#8221; woodmart_inline=&#8221;no&#8221;]<strong>Cos&#8217;\u00e8 il cotone percalle?<\/strong> Il cotone percalle \u00e8 un tipo di tessuto di cotone molto fine e denso, noto per la sua morbidezza e resistenza. \u00c8 ottenuto attraverso una particolare tecnica di tessitura che conferisce al tessuto una superficie liscia e setosa, ideale per la biancheria da letto.<\/p>\n<p><strong>Caratteristiche del cotone percalle<\/strong> Le principali caratteristiche del cotone percalle includono la sua morbidezza al tatto, la durata nel tempo e la capacit\u00e0 di mantenere la freschezza anche dopo numerosi lavaggi. \u00c8 anche traspirante, il che lo rende perfetto per tutte le stagioni.<\/p>\n<h4>Design e Stile<\/h4>\n<p><strong>L&#8217;importanza del design nella biancheria da letto<\/strong> Il design della biancheria da letto non \u00e8 solo una questione estetica. Un buon design pu\u00f2 influenzare il comfort e la qualit\u00e0 del sonno. I set lenzuola della Maestrale Collection sono pensati per offrire il massimo del comfort senza rinunciare allo stile.<\/p>\n<p><strong>Marini&amp;Gerardi<\/strong> \u00e8 sinonimo di qualit\u00e0 e stile. Ogni set di lenzuola \u00e8 realizzato con materiali pregiati e con una cura artigianale che riflette la migliore tradizione tessile italiana. I loro design moderni e accattivanti sono perfetti per chi cerca qualcosa di speciale per la propria camera da letto.[\/vc_column_text][\/vc_column][\/vc_row]<\/p>\n<\/div>","protected":false},"excerpt":{"rendered":"<p style=\"text-align: justify;\"><strong>BORA &#8211; Set Lenzuola Parure Letto Singolo &#8211; 2024 \/ 2025<\/strong> &#8211; <strong>Qualit\u00e0 Extra Lusso Cotone Percalle Raffinatissimo &#8211;<\/strong> Eccezionale Design e cura dei particolari per una collezione dai colori vivaci ed esclusivi.<\/p>\n","protected":false},"featured_media":58288,"template":"","meta":[],"product_brand":[],"product_cat":[3154,3225,3210,3155],"product_tag":[506,584],"class_list":{"0":"post-45310","1":"product","2":"type-product","3":"status-publish","4":"has-post-thumbnail","6":"product_cat-biancheria-da-letto","7":"product_cat-completo-lenzuola-singolo","8":"product_cat-completo-letto","9":"product_cat-lenzuole","10":"product_tag-lenzuola","11":"product_tag-set-lenzuola-letto","13":"first","14":"instock","15":"taxable","16":"shipping-taxable","17":"purchasable","18":"product-type-simple"},"_links":{"self":[{"href":"https:\/\/www.marinigerardi.it\/shop\/wp-json\/wp\/v2\/product\/45310","targetHints":{"allow":["GET"]}}],"collection":[{"href":"https:\/\/www.marinigerardi.it\/shop\/wp-json\/wp\/v2\/product"}],"about":[{"href":"https:\/\/www.marinigerardi.it\/shop\/wp-json\/wp\/v2\/types\/product"}],"wp:featuredmedia":[{"embeddable":true,"href":"https:\/\/www.marinigerardi.it\/shop\/wp-json\/wp\/v2\/media\/58288"}],"wp:attachment":[{"href":"https:\/\/www.marinigerardi.it\/shop\/wp-json\/wp\/v2\/media?parent=45310"}],"wp:term":[{"taxonomy":"product_brand","embeddable":true,"href":"https:\/\/www.marinigerardi.it\/shop\/wp-json\/wp\/v2\/product_brand?post=45310"},{"taxonomy":"product_cat","embeddable":true,"href":"https:\/\/www.marinigerardi.it\/shop\/wp-json\/wp\/v2\/product_cat?post=45310"},{"taxonomy":"product_tag","embeddable":true,"href":"https:\/\/www.marinigerardi.it\/shop\/wp-json\/wp\/v2\/product_tag?post=45310"}],"curies":[{"name":"wp","href":"https:\/\/api.w.org\/{rel}","templated":true}]}}