{"id":29602,"date":"2021-12-01T06:53:36","date_gmt":"2021-12-01T06:53:36","guid":{"rendered":"https:\/\/www.marinigerardi.it\/shop\/?post_type=product&#038;p=29602"},"modified":"2026-02-26T02:16:36","modified_gmt":"2026-02-26T02:16:36","slug":"ssolaria-tende-in-seta-moderne","status":"publish","type":"product","link":"https:\/\/www.marinigerardi.it\/shop\/prodotto\/ssolaria-tende-in-seta-moderne\/","title":{"rendered":"SOLARIA &#8211; Tende in Seta Moderne da 140 cm."},"content":{"rendered":"<div class=\"wpb-content-wrapper\"><p>[vc_row equal_height=&#8221;yes&#8221; mobile_bg_img_hidden=&#8221;no&#8221; tablet_bg_img_hidden=&#8221;no&#8221; woodmart_parallax=&#8221;0&#8243; woodmart_gradient_switch=&#8221;no&#8221; row_reverse_mobile=&#8221;0&#8243; row_reverse_tablet=&#8221;0&#8243; woodmart_disable_overflow=&#8221;0&#8243;][vc_column offset=&#8221;vc_col-lg-6 vc_col-md-6&#8243; mobile_bg_img_hidden=&#8221;no&#8221; tablet_bg_img_hidden=&#8221;no&#8221; woodmart_parallax=&#8221;0&#8243; woodmart_sticky_column=&#8221;false&#8221; parallax_scroll=&#8221;no&#8221; mobile_reset_margin=&#8221;no&#8221; tablet_reset_margin=&#8221;no&#8221; css=&#8221;.vc_custom_1613071403480{margin-top: 0px !important;}&#8221;]\n\t\t<div id=\"wd-699facd175fdd\" class=\"title-wrapper wd-wpb wd-set-mb reset-last-child  wd-rs-699facd175fdd wd-title-color-primary wd-title-style-bordered text-left vc_custom_1772072135821 wd-underline-colored\">\n\t\t\t\n\t\t\t<div class=\"liner-continer\">\n\t\t\t\t<h2 class=\"woodmart-title-container title  wd-font-weight- wd-fontsize-l\" >SOLARIA \u2013 Tende in Seta Moderne in Organza - design esclusivo<\/h2>\n\t\t\t\t\t\t\t<\/div>\n\t\t\t\n\t\t\t\n\t\t\t\n\t\t<\/div>\n\t\t\n\t\t[vc_column_text css=&#8221;&#8221; text_larger=&#8221;no&#8221; woodmart_inline=&#8221;no&#8221;]<\/p>\n<p style=\"text-align: justify;\"><strong>Illumina la Tua Casa con SOLARIA &#8211; <\/strong>Cerchi un modo per dare nuova vita alla tua casa, renderla fresca e informale, ma allo stesso tempo elegante? La risposta \u00e8 SOLARIA, la nostra magnifica tenda in organza di seta con inserti in juta. Con una larghezza di 140 cm, questa tenda \u00e8 la soluzione perfetta per portare un tocco di raffinatezza e leggerezza nella tua casa.<\/p>\n<p>[\/vc_column_text][vc_tta_accordion title_tag=&#8221;h3&#8243; section_title_tag=&#8221;h3&#8243; active_section=&#8221;&#8221; collapsible_all=&#8221;true&#8221;][vc_tta_section title=&#8221;Info &amp; Scheda prodotto&#8221; tab_id=&#8221;1772072060343-6cd2491d-f6f0&#8243;]\t\t<div id=\"wd-699fac8b07c9a\" class=\"wd-text-block wd-wpb reset-last-child wd-rs-699fac8b07c9a text-left \">\n\t\t\t<ul>\n<li><a href=\"https:\/\/www.marinigerardi.it\/shop\/prodotto\/ssolaria-tende-in-seta-moderne\/\">Tende in Seta<\/a> Misura standard: 140\u00d7290 circa<\/li>\n<li>Top\u00a0Asole a Torretta\u00a0n 7\u00a0circa<\/li>\n<li>Inserti in Juta senza baffetti esterni..<\/li>\n<\/ul>\n<p><strong>Per informazioni<\/strong>, si prega d\u2019inviare mail ad <strong>assistenza@marinigerardi.it<\/strong><\/p>\n\t\t<\/div>\n\t\t[\/vc_tta_section][\/vc_tta_accordion][\/vc_column][vc_column css=&#8221;.vc_custom_1612434787067{background-position: center !important;background-repeat: no-repeat !important;background-size: cover !important;}&#8221; offset=&#8221;vc_col-lg-6 vc_col-md-6&#8243; mobile_bg_img_hidden=&#8221;no&#8221; tablet_bg_img_hidden=&#8221;no&#8221; woodmart_parallax=&#8221;0&#8243; woodmart_sticky_column=&#8221;false&#8221; parallax_scroll=&#8221;no&#8221; mobile_reset_margin=&#8221;no&#8221; tablet_reset_margin=&#8221;no&#8221;][vc_single_image image=&#8221;13176&#8243; img_size=&#8221;large&#8221; alignment=&#8221;center&#8221; onclick=&#8221;link_image&#8221; parallax_scroll=&#8221;no&#8221; woodmart_inline=&#8221;no&#8221;][\/vc_column][\/vc_row][vc_row][vc_column][vc_text_separator title=&#8221;&#8221; css=&#8221;.vc_custom_1743173825172{margin-top: 20px !important;margin-bottom: 20px !important;}&#8221;]\n\t\t<div id=\"wd-699facdcbc08c\" class=\"title-wrapper wd-wpb wd-set-mb reset-last-child  wd-rs-699facdcbc08c wd-title-color-default wd-title-style-default text-center  wd-underline-colored\">\n\t\t\t\n\t\t\t<div class=\"liner-continer\">\n\t\t\t\t<h3 class=\"woodmart-title-container title  wd-font-weight- wd-fontsize-l\" >Tende in Seta Moderne<\/h3>\n\t\t\t\t\t\t\t<\/div>\n\t\t\t\n\t\t\t\n\t\t\t\n\t\t<\/div>\n\t\t\n\t\t[\/vc_column][\/vc_row][vc_row content_placement=&#8221;middle&#8221; woodmart_bg_position=&#8221;center-bottom&#8221; css=&#8221;.vc_custom_1743173902710{background-color: #F3F3F3 !important;background-position: 0 0 !important;background-repeat: no-repeat !important;}&#8221; el_class=&#8221;mobile-bg-img-hidden&#8221; mobile_bg_img_hidden=&#8221;no&#8221; tablet_bg_img_hidden=&#8221;no&#8221; woodmart_parallax=&#8221;0&#8243; woodmart_gradient_switch=&#8221;no&#8221; row_reverse_mobile=&#8221;0&#8243; row_reverse_tablet=&#8221;0&#8243; woodmart_disable_overflow=&#8221;0&#8243; woodmart_css_id=&#8221;67e6b8f68dec7&#8243; responsive_spacing=&#8221;eyJwYXJhbV90eXBlIjoid29vZG1hcnRfcmVzcG9uc2l2ZV9zcGFjaW5nIiwic2VsZWN0b3JfaWQiOiI2N2U2YjhmNjhkZWM3Iiwic2hvcnRjb2RlIjoidmNfcm93IiwiZGF0YSI6eyJ0YWJsZXQiOnt9LCJtb2JpbGUiOnt9fX0=&#8221; woodmart_box_shadow=&#8221;no&#8221; wd_z_index=&#8221;no&#8221;][vc_column mobile_bg_img_hidden=&#8221;no&#8221; tablet_bg_img_hidden=&#8221;no&#8221; woodmart_parallax=&#8221;0&#8243; woodmart_sticky_column=&#8221;false&#8221; parallax_scroll=&#8221;no&#8221; mobile_reset_margin=&#8221;no&#8221; tablet_reset_margin=&#8221;no&#8221;][vc_single_image image=&#8221;13175&#8243; img_size=&#8221;full&#8221; alignment=&#8221;center&#8221; onclick=&#8221;link_image&#8221; parallax_scroll=&#8221;no&#8221; woodmart_inline=&#8221;no&#8221;]\n\t\t<div id=\"wd-699facebc1dc3\" class=\"title-wrapper wd-wpb wd-set-mb reset-last-child  wd-rs-699facebc1dc3 wd-title-color-default wd-title-style-default text-center  wd-underline-colored\">\n\t\t\t\n\t\t\t<div class=\"liner-continer\">\n\t\t\t\t<h3 class=\"woodmart-title-container title  wd-font-weight- wd-fontsize-l\" >Tende in Seta Moderne<\/h3>\n\t\t\t\t\t\t\t<\/div>\n\t\t\t\n\t\t\t\n\t\t\t\n\t\t<\/div>\n\t\t\n\t\t[vc_single_image image=&#8221;13179&#8243; img_size=&#8221;full&#8221; alignment=&#8221;center&#8221; onclick=&#8221;link_image&#8221; parallax_scroll=&#8221;no&#8221; woodmart_inline=&#8221;no&#8221;][\/vc_column][\/vc_row][vc_row woodmart_css_id=&#8221;67e6ba1bd17d8&#8243; responsive_spacing=&#8221;eyJwYXJhbV90eXBlIjoid29vZG1hcnRfcmVzcG9uc2l2ZV9zcGFjaW5nIiwic2VsZWN0b3JfaWQiOiI2N2U2YmExYmQxN2Q4Iiwic2hvcnRjb2RlIjoidmNfcm93IiwiZGF0YSI6eyJ0YWJsZXQiOnt9LCJtb2JpbGUiOnt9fX0=&#8221; mobile_bg_img_hidden=&#8221;no&#8221; tablet_bg_img_hidden=&#8221;no&#8221; woodmart_parallax=&#8221;0&#8243; woodmart_gradient_switch=&#8221;no&#8221; woodmart_box_shadow=&#8221;no&#8221; wd_z_index=&#8221;no&#8221; woodmart_disable_overflow=&#8221;0&#8243; row_reverse_mobile=&#8221;0&#8243; row_reverse_tablet=&#8221;0&#8243;][vc_column]\n\t\t<div id=\"wd-699facf6b818c\" class=\"title-wrapper wd-wpb wd-set-mb reset-last-child  wd-rs-699facf6b818c wd-title-color-default wd-title-style-bordered text-center  wd-underline-colored\">\n\t\t\t\n\t\t\t<div class=\"liner-continer\">\n\t\t\t\t<h3 class=\"woodmart-title-container title  wd-font-weight- wd-fontsize-l\" >SOLARIA \u2013 Tende in Seta Moderne - Tende in organza di seta sempre di moda<\/h3>\n\t\t\t\t\t\t\t<\/div>\n\t\t\t\n\t\t\t\n\t\t\t\n\t\t<\/div>\n\t\t\n\t\t[vc_column_text text_larger=&#8221;no&#8221; woodmart_inline=&#8221;no&#8221;]<\/p>\n<p style=\"text-align: justify;\"><strong>Materiali di Alta Qualit\u00e0<br \/>\n<\/strong>SOLARIA \u00e8 realizzata al 100% in seta pura, il tessuto dei sogni. La seta \u00e8 notoriamente conosciuta per la sua lucentezza, morbidezza e resistenza. La tenda \u00e8 trasparente, permettendo alla luce naturale di filtrare delicatamente all&#8217;interno della tua casa, creando un&#8217;atmosfera accogliente e luminosa.<br \/>\nGli inserti in juta conferiscono a SOLARIA un tocco di rusticit\u00e0 e originalit\u00e0. Questa combinazione di seta e juta crea un contrasto affascinante tra l&#8217;opulenza della seta e la semplicit\u00e0 della juta, dando alla tenda un aspetto unico e accattivante.<br \/>\n<strong>SOLARIA \u00e8 la scelta perfetta<\/strong> per chi desidera una casa fresca e informale senza rinunciare all&#8217;eleganza. Questa tenda \u00e8 adatta per camere da letto, soggiorni, cucine e molto altro. Offre un&#8217;atmosfera rilassante e invitante che render\u00e0 la tua casa il luogo ideale per rilassarti e intrattenere gli ospiti.<br \/>\n<strong><br \/>\nParlando di seta<\/strong><br \/>\nUna delle propriet\u00e0 della seta \u00e8 la sua capacit\u00e0 unica di riflettere la luce. Pu\u00f2 assorbire facilmente i coloranti e offre quindi un&#8217;ampia variet\u00e0 di tonalit\u00e0.<br \/>\nIl filo \u00e8 molto elastico e i tessuti che ne derivano sono estremamente resistenti. Allo stesso tempo, sono anche morbidi, quindi gli orli cadono perfettamente e il tessuto si drappeggia facilmente.<br \/>\nCome si pu\u00f2 verificare se un prodotto \u00e8 davvero fatto di seta? Provate a bruciarne un filo. Se si tratta di seta, il filo brucer\u00e0 lentamente ed emaner\u00e0 il tipico odore corneo delle fibre animali.<\/p>\n<p><strong>Risveglia la tua casa con la Tenda SOLARIA.<\/strong> Aggiungila al tuo carrello ora e trasforma il tuo spazio in un luogo di bellezza, comfort e stile.<\/p>\n<p>[\/vc_column_text][\/vc_column][\/vc_row]<\/p>\n<\/div>","protected":false},"excerpt":{"rendered":"<p style=\"text-align: justify;\"><strong>SOLARIA &#8211; Tende in Seta Moderne &#8211; Tenda Organza in Seta<\/strong> con inserti in juta da 140 cm. bella e spiritosa per una casa fresca e informale. <b>| <\/b>Pure silk fabric 100%<\/p>\n","protected":false},"featured_media":13178,"template":"","meta":[],"product_brand":[],"product_cat":[3106,1936,3060],"product_tag":[65],"class_list":{"0":"post-29602","1":"product","2":"type-product","3":"status-publish","4":"has-post-thumbnail","6":"product_cat-tende-da-interni","7":"product_cat-tende-in-seta","8":"product_cat-tende-moderne","9":"product_tag-tende-in-seta","11":"first","12":"instock","13":"sale","14":"taxable","15":"shipping-taxable","16":"purchasable","17":"product-type-simple"},"_links":{"self":[{"href":"https:\/\/www.marinigerardi.it\/shop\/wp-json\/wp\/v2\/product\/29602","targetHints":{"allow":["GET"]}}],"collection":[{"href":"https:\/\/www.marinigerardi.it\/shop\/wp-json\/wp\/v2\/product"}],"about":[{"href":"https:\/\/www.marinigerardi.it\/shop\/wp-json\/wp\/v2\/types\/product"}],"wp:featuredmedia":[{"embeddable":true,"href":"https:\/\/www.marinigerardi.it\/shop\/wp-json\/wp\/v2\/media\/13178"}],"wp:attachment":[{"href":"https:\/\/www.marinigerardi.it\/shop\/wp-json\/wp\/v2\/media?parent=29602"}],"wp:term":[{"taxonomy":"product_brand","embeddable":true,"href":"https:\/\/www.marinigerardi.it\/shop\/wp-json\/wp\/v2\/product_brand?post=29602"},{"taxonomy":"product_cat","embeddable":true,"href":"https:\/\/www.marinigerardi.it\/shop\/wp-json\/wp\/v2\/product_cat?post=29602"},{"taxonomy":"product_tag","embeddable":true,"href":"https:\/\/www.marinigerardi.it\/shop\/wp-json\/wp\/v2\/product_tag?post=29602"}],"curies":[{"name":"wp","href":"https:\/\/api.w.org\/{rel}","templated":true}]}}