{"id":10547,"date":"2021-03-11T11:48:25","date_gmt":"2021-03-11T11:48:25","guid":{"rendered":"https:\/\/marinigerardi.it\/shop\/?post_type=product&#038;p=10547"},"modified":"2025-02-02T15:14:16","modified_gmt":"2025-02-02T15:14:16","slug":"basic-lenzuola-sotto-in-puro-lino","status":"publish","type":"product","link":"https:\/\/www.marinigerardi.it\/shop\/prodotto\/basic-lenzuola-sotto-in-puro-lino\/","title":{"rendered":"BASIC st &#8211; Lenzuola Sotto in puro lino con angoli elasticizati"},"content":{"rendered":"<div class=\"wpb-content-wrapper\"><p>[vc_row equal_height=&#8221;yes&#8221; mobile_bg_img_hidden=&#8221;no&#8221; tablet_bg_img_hidden=&#8221;no&#8221; woodmart_parallax=&#8221;0&#8243; woodmart_gradient_switch=&#8221;no&#8221; row_reverse_mobile=&#8221;0&#8243; row_reverse_tablet=&#8221;0&#8243; woodmart_disable_overflow=&#8221;0&#8243;][vc_column offset=&#8221;vc_col-lg-6 vc_col-md-6&#8243; mobile_bg_img_hidden=&#8221;no&#8221; tablet_bg_img_hidden=&#8221;no&#8221; woodmart_parallax=&#8221;0&#8243; woodmart_sticky_column=&#8221;false&#8221; parallax_scroll=&#8221;no&#8221; mobile_reset_margin=&#8221;no&#8221; tablet_reset_margin=&#8221;no&#8221; css=&#8221;.vc_custom_1613071403480{margin-top: 0px !important;}&#8221;]\n\t\t<div id=\"wd-61ceb645528b4\" class=\"title-wrapper wd-wpb wd-set-mb reset-last-child  wd-rs-61ceb645528b4 wd-title-color-primary wd-title-style-bordered text-left vc_custom_1640937045639 wd-underline-colored\">\n\t\t\t\n\t\t\t<div class=\"liner-continer\">\n\t\t\t\t<h2 class=\"woodmart-title-container title  wd-font-weight-500 wd-fontsize-l\" >BASIC - Lenzuola Sotto in puro lino con angoli elasticizati il letto di tradizione tutta Italiana!<\/h2>\n\t\t\t\t\t\t\t<\/div>\n\t\t\t\n\t\t\t\n\t\t\t\n\t\t<\/div>\n\t\t\n\t\t\t\t<div id=\"wd-64f9cbfcdb500\" class=\"wd-text-block wd-wpb reset-last-child wd-rs-64f9cbfcdb500 text-left \">\n\t\t\t<p style=\"text-align: justify;\">La vendita online di lenzuola di alta qualit\u00e0 \u00e8 diventata sempre pi\u00f9 popolare negli ultimi anni, offrendo agli acquirenti la comodit\u00e0 di trovare il massimo comfort per la propria casa con pochi clic. Nel nostro negozio online, ti presentiamo una selezione eccezionale di lenzuola, tra cui lenzuolo singolo, lenzuola matrimoniali e lenzuola una piazza e mezza, tutte realizzate con tessuto puro lino stropicciato di primissima qualit\u00e0.<\/p>\n\t\t<\/div>\n\t\t\t\t\t<div class=\"info-box-wrapper\">\n\t\t\t\t<div id=\"wd-64f9cb16ad4d6\" class=\" wd-rs-64f9cb16ad4d6 wd-info-box wd-wpb text-left box-icon-align-top box-style-border color-scheme-dark wd-bg-none \">\n\t\t\t\t\t\t\t\t\t\t<div class=\"info-box-content\">\n\t\t\t\t\t\t\t\t\t\t\t\t<div class=\"info-box-inner reset-last-child\"><\/p>\n<p style=\"text-align: justify;\"><span class=\"a-list-item\"><a href=\"https:\/\/www.marinigerardi.it\/shop\/prodotto\/basic-lenzuola-sotto-in-puro-lino\/\">Questa offerta include<\/a> solo <strong>uno lenzuolo sotto<\/strong> con elastico. Se avete bisogno di lenzuolo sopra, si prega di ricercare:<strong><span style=\"color: #0000ff;\"><a style=\"color: #0000ff;\" href=\"https:\/\/marinigerardi.it\/shop\/prodotto\/basic-lenzuola-piane-sopra\/\"> Basic-Lenzuolo Sopra<\/a><\/span><\/strong>, se vi servono le federe, si prega di ricercare: <strong><span style=\"text-decoration: underline;\"><a href=\"https:\/\/marinigerardi.it\/shop\/prodotto\/basic-federe-cuscino-federe-in-lino-tutto-italiano\/\"><span style=\"color: #0000ff; text-decoration: underline;\">Basic-Federe letto<\/span><\/a><\/span>. <\/strong>Se avete bisogno di altre misure o combinazioni contattateci ad <strong>assistenza@marinigerardi.it <\/strong><\/span><\/p>\n<p>\n<\/div>\n\n\t\t\t\t\t\t\t\t\t\t\t<\/div>\n\n\t\t\t\t\t\n\t\t\t\t\t\t\t\t\t<\/div>\n\t\t\t<\/div>\n\t\t<div id=\"wd-653a2b06055ff\" class=\" wd-rs-653a2b06055ff  wd-button-wrapper text-left\"><a href=\"https:\/\/www.marinigerardi.it\/shop\/guida-misure-per-la-biancheria-letto\/\" title=\"GUIDA MISURE PER LA BIANCHERIA LETTO\" target=\"_blank\" class=\"btn btn-style-default btn-shape-rectangle btn-size-default btn-icon-pos-left\">GUIDA MISURE PER LA BIANCHERIA LETTO<span class=\"wd-btn-icon\"><span class=\"wd-icon far fa-arrow-alt-circle-right\"><\/span><\/span><\/a><\/div>[\/vc_column][vc_column css=&#8221;.vc_custom_1612434787067{background-position: center !important;background-repeat: no-repeat !important;background-size: cover !important;}&#8221; offset=&#8221;vc_col-lg-6 vc_col-md-6&#8243; mobile_bg_img_hidden=&#8221;no&#8221; tablet_bg_img_hidden=&#8221;no&#8221; woodmart_parallax=&#8221;0&#8243; woodmart_sticky_column=&#8221;false&#8221; parallax_scroll=&#8221;no&#8221; mobile_reset_margin=&#8221;no&#8221; tablet_reset_margin=&#8221;no&#8221;][vc_single_image image=&#8221;11068&#8243; img_size=&#8221;full&#8221; alignment=&#8221;center&#8221; style=&#8221;vc_box_shadow&#8221; parallax_scroll=&#8221;no&#8221; woodmart_inline=&#8221;no&#8221;][\/vc_column][\/vc_row][vc_row][vc_column][vc_empty_space woodmart_hide_large=&#8221;0&#8243; woodmart_hide_medium=&#8221;0&#8243; woodmart_hide_small=&#8221;0&#8243;][vc_text_separator title=&#8221;Tessuti Naturali&#8221;][\/vc_column][\/vc_row][vc_row content_placement=&#8221;middle&#8221; woodmart_bg_position=&#8221;center-bottom&#8221; css=&#8221;.vc_custom_1694092452026{background-color: #f3f3f3 !important;background-position: 0 0 !important;background-repeat: no-repeat !important;}&#8221; el_class=&#8221;mobile-bg-img-hidden&#8221; mobile_bg_img_hidden=&#8221;no&#8221; tablet_bg_img_hidden=&#8221;no&#8221; woodmart_parallax=&#8221;0&#8243; woodmart_gradient_switch=&#8221;no&#8221; row_reverse_mobile=&#8221;0&#8243; row_reverse_tablet=&#8221;0&#8243; woodmart_disable_overflow=&#8221;0&#8243; woodmart_css_id=&#8221;64f9cc98022a0&#8243; responsive_spacing=&#8221;eyJwYXJhbV90eXBlIjoid29vZG1hcnRfcmVzcG9uc2l2ZV9zcGFjaW5nIiwic2VsZWN0b3JfaWQiOiI2NGY5Y2M5ODAyMmEwIiwic2hvcnRjb2RlIjoidmNfcm93IiwiZGF0YSI6eyJ0YWJsZXQiOnt9LCJtb2JpbGUiOnt9fX0=&#8221; woodmart_box_shadow=&#8221;yes&#8221; wd_box_shadow=&#8221;eyJkZXZpY2VzIjp7ImRlc2t0b3AiOnsiaG9yaXpvbnRhbCI6IjAiLCJ2ZXJ0aWNhbCI6IjAiLCJibHVyIjoiOSIsInNwcmVhZCI6IjAiLCJjb2xvciI6InJnYmEoMCwgMCwgMCwgLjE1KSJ9fX0=&#8221; wd_z_index=&#8221;no&#8221;][vc_column mobile_bg_img_hidden=&#8221;no&#8221; tablet_bg_img_hidden=&#8221;no&#8221; woodmart_parallax=&#8221;0&#8243; woodmart_sticky_column=&#8221;false&#8221; parallax_scroll=&#8221;no&#8221; mobile_reset_margin=&#8221;no&#8221; tablet_reset_margin=&#8221;no&#8221;][vc_single_image image=&#8221;11082&#8243; img_size=&#8221;full&#8221; alignment=&#8221;center&#8221; style=&#8221;vc_box_shadow&#8221; onclick=&#8221;link_image&#8221; parallax_scroll=&#8221;no&#8221; woodmart_inline=&#8221;no&#8221;][\/vc_column][\/vc_row][vc_row][vc_column]\n\t\t<div id=\"wd-64f9cc6c4057c\" class=\"title-wrapper wd-wpb wd-set-mb reset-last-child  wd-rs-64f9cc6c4057c wd-title-color-primary wd-title-style-underlined text-center justify  wd-underline-colored\">\n\t\t\t\t\t\t\t\n\t\t\t\t<div class=\"title-subtitle  subtitle-color-primary font-alt subtitle-style-default wd-font-weight- wd-fontsize-xs\">Le Classiche Lenzuola della Nonna<\/div>\n\t\t\t\n\t\t\t<div class=\"liner-continer\">\n\t\t\t\t<h3 class=\"woodmart-title-container title  wd-font-weight-500 wd-fontsize-xl\" >BASIC - Lenzuola Sotto con Angoli in puro lino<\/h3>\n\t\t\t\t\t\t\t<\/div>\n\t\t\t\n\t\t\t\n\t\t\t\n\t\t<\/div>\n\t\t\n\t\t[vc_column_text text_larger=&#8221;no&#8221; woodmart_inline=&#8221;no&#8221;]<\/p>\n<p style=\"text-align: justify;\"><strong>Le nostre lenzuola BASIC sono caratterizzate da un design semplice ma elegante<\/strong>. Sono lenzuola sotto in puro lino con angoli elasticizzati, disponibili per lenzuola singole, lenzuola matrimoniali e lenzuola una piazza e mezza. Il tessuto utilizzato \u00e8 il prestigioso ACAJA, un lino stropicciato italiano di primissima qualit\u00e0 che garantisce comfort e durabilit\u00e0.<\/p>\n<p style=\"text-align: justify;\"><strong>Per noi, la biancheria per la casa \u00e8 molto pi\u00f9 di semplici lenzuola.<\/strong> Rappresenta il connubio perfetto tra comfort, lusso e un tocco di informalit\u00e0. Le lenzuola matrimoniali sono disponibili con angoli sotto per una vestibilit\u00e0 perfetta, mentre le lenzuola letto piane sopra completano il set, permettendoti di personalizzare il tuo letto secondo il tuo stile.<\/p>\n<p style=\"text-align: justify;\"><strong>Scegliendo le nostre lenzuola di lino, stai investendo nella qualit\u00e0 e nel comfort per il tuo sonno notturno.<\/strong> E grazie alla vendita online, tutto ci\u00f2 \u00e8 a portata di click, consegnato direttamente alla tua porta. Rendiamo la tua esperienza di shopping per la biancheria da letto semplice e conveniente, perch\u00e9 crediamo che il comfort e il lusso dovrebbero essere alla portata di tutti. Scopri il nostro assortimento e trasforma la tua camera da letto in un&#8217;oasi di comfort e stile con le nostre lenzuola di lino di primissima qualit\u00e0.<\/p>\n<p>[\/vc_column_text][\/vc_column][\/vc_row]<\/p>\n<\/div>","protected":false},"excerpt":{"rendered":"<p style=\"text-align: justify;\"><strong>BASIC &#8211; Lenzuola Sotto in puro lino con angoli elasticizati<\/strong> Lenzuola Singole, Lenzuola Matrimoniali, Lenzuola una Piazza e Mezza confezionate con tessuto ACAJA, lino stropicciato italiano di primissima qualit\u00e0.<\/p>\n","protected":false},"featured_media":11070,"template":"","meta":[],"product_brand":[],"product_cat":[460,614,3611,1563],"product_tag":[506,1629,1622],"class_list":{"0":"post-10547","1":"product","2":"type-product","3":"status-publish","4":"has-post-thumbnail","6":"product_cat-biancheria-letto","7":"product_cat-lenzuola","8":"product_cat-lenzuola-con-angoli","9":"product_cat-lenzuolo-sotto","10":"product_tag-lenzuola","11":"product_tag-lenzuola-sotto","12":"product_tag-lenzuola-sotto-con-angoli","14":"first","15":"instock","16":"taxable","17":"shipping-taxable","18":"purchasable","19":"product-type-simple"},"_links":{"self":[{"href":"https:\/\/www.marinigerardi.it\/shop\/wp-json\/wp\/v2\/product\/10547","targetHints":{"allow":["GET"]}}],"collection":[{"href":"https:\/\/www.marinigerardi.it\/shop\/wp-json\/wp\/v2\/product"}],"about":[{"href":"https:\/\/www.marinigerardi.it\/shop\/wp-json\/wp\/v2\/types\/product"}],"wp:featuredmedia":[{"embeddable":true,"href":"https:\/\/www.marinigerardi.it\/shop\/wp-json\/wp\/v2\/media\/11070"}],"wp:attachment":[{"href":"https:\/\/www.marinigerardi.it\/shop\/wp-json\/wp\/v2\/media?parent=10547"}],"wp:term":[{"taxonomy":"product_brand","embeddable":true,"href":"https:\/\/www.marinigerardi.it\/shop\/wp-json\/wp\/v2\/product_brand?post=10547"},{"taxonomy":"product_cat","embeddable":true,"href":"https:\/\/www.marinigerardi.it\/shop\/wp-json\/wp\/v2\/product_cat?post=10547"},{"taxonomy":"product_tag","embeddable":true,"href":"https:\/\/www.marinigerardi.it\/shop\/wp-json\/wp\/v2\/product_tag?post=10547"}],"curies":[{"name":"wp","href":"https:\/\/api.w.org\/{rel}","templated":true}]}}