{"id":90739,"date":"2026-03-08T15:47:02","date_gmt":"2026-03-08T15:47:02","guid":{"rendered":"https:\/\/www.marinigerardi.it\/shop\/?page_id=90739"},"modified":"2026-04-13T11:25:12","modified_gmt":"2026-04-13T11:25:12","slug":"chillout-radio","status":"publish","type":"page","link":"https:\/\/www.marinigerardi.it\/shop\/chillout-radio\/","title":{"rendered":"The Great Deceleration: Perch\u00e9 il ChillOut \u00e8 diventato il nuovo Pop (senza nemmeno alzare il volume)"},"content":{"rendered":"<div class=\"wpb-content-wrapper\"><p>[vc_row][vc_column][vc_single_image image=&#8221;94017&#8243; img_size=&#8221;full&#8221; css=&#8221;&#8221; parallax_scroll=&#8221;no&#8221; woodmart_inline=&#8221;no&#8221;]<style data-type=\"vc_shortcodes-custom-css\">.vc_custom_1772985555454{margin-bottom: 30px !important;background-color: #F3F3F3F3 !important;border-radius: 10px !important;}.wd-rs-69ad9dada0746.wd-menu > .wd-nav{--nav-bg: #ffffff;}.wd-rs-69ad9dada0746.wd-menu > .wd-nav > li > a{box-shadow: 0px 0px 9px 0px rgba(0, 0, 0, .15);}<\/style><div class=\"wpb-content-wrapper\">[vc_row woodmart_css_id=\"69ad9ccf9e05e\" responsive_spacing=\"eyJwYXJhbV90eXBlIjoid29vZG1hcnRfcmVzcG9uc2l2ZV9zcGFjaW5nIiwic2VsZWN0b3JfaWQiOiI2OWFkOWNjZjllMDVlIiwic2hvcnRjb2RlIjoidmNfcm93IiwiZGF0YSI6eyJ0YWJsZXQiOnt9LCJtb2JpbGUiOnt9fX0=\" mobile_bg_img_hidden=\"no\" tablet_bg_img_hidden=\"no\" woodmart_parallax=\"0\" woodmart_gradient_switch=\"no\" woodmart_box_shadow=\"no\" wd_z_index=\"no\" woodmart_disable_overflow=\"0\" row_reverse_mobile=\"0\" row_reverse_tablet=\"0\" css=\".vc_custom_1772985555454{margin-bottom: 30px !important;background-color: #F3F3F3F3 !important;border-radius: 10px !important;}\"][vc_column]\n\t\t\t<div id=\"wd-69ad9dada0746\" class=\"wd-menu widget_nav_mega_menu wd-nav-wrapper wd-rs-69ad9dada0746  text-center\">\n\n\t\t\t\t\n\t\t\t\t<ul id=\"menu-menu-radio\" class=\"menu wd-nav wd-nav-horizontal wd-style-underline wd-gap-l wd-add-pd\"><li id=\"menu-item-93528\" class=\"menu-item menu-item-type-taxonomy menu-item-object-category menu-item-93528 item-level-0 menu-simple-dropdown wd-event-hover\" ><a href=\"https:\/\/www.marinigerardi.it\/shop\/blog\/24h-music-radio\/\" class=\"woodmart-nav-link\"><span class=\"nav-link-text\">24h Music Radio<\/span><\/a><\/li>\n<li id=\"menu-item-93308\" class=\"menu-item menu-item-type-custom menu-item-object-custom menu-item-93308 item-level-0 menu-simple-dropdown wd-event-hover\" ><a href=\"https:\/\/www.marinigerardi.it\/shop\/smooth-jazz\/\" class=\"woodmart-nav-link\"><span class=\"nav-link-text\">Smooth Jazz<\/span><\/a><\/li>\n<li id=\"menu-item-93302\" class=\"menu-item menu-item-type-custom menu-item-object-custom menu-item-93302 item-level-0 menu-simple-dropdown wd-event-hover\" ><a href=\"https:\/\/www.marinigerardi.it\/shop\/chillout-radio\/\" class=\"woodmart-nav-link\"><span class=\"nav-link-text\">ChillOut<\/span><\/a><\/li>\n<li id=\"menu-item-93997\" class=\"menu-item menu-item-type-custom menu-item-object-custom menu-item-93997 item-level-0 menu-simple-dropdown wd-event-hover\" ><a href=\"https:\/\/www.marinigerardi.it\/shop\/mc2-gipsy-lounge-radio-monte-carlo\/\" class=\"woodmart-nav-link\"><span class=\"nav-link-text\">Lounge<\/span><\/a><\/li>\n<\/ul>\n\t\t\t\t\t\t\t<\/div>\n\t\t[\/vc_column][\/vc_row]<\/div>\t\t<div id=\"wd-69dcb4fb4f877\" class=\"wd-text-block wd-wpb reset-last-child wd-rs-69dcb4fb4f877 text-left \">\n\t\t\t<p>In un\u2019epoca dominata da notifiche h24 e ritmi frenetici, l&#8217;industria musicale sta assistendo a un paradosso affascinante: pi\u00f9 il mondo accelera, pi\u00f9 le classifiche rallentano. Il <b>ChillOut<\/b>, un tempo confinato alle &#8220;backrooms&#8221; dei club di Ibiza o ai salotti d&#8217;hotel ultra-minimalisti, \u00e8 esploso definitivamente. Nel 2026, non \u00e8 pi\u00f9 solo un genere: \u00e8 l&#8217;infrastruttura sonora della nostra resistenza allo stress.<\/p>\n\t\t<\/div>\n\t\t[\/vc_column][\/vc_row][vc_row][vc_column]<div id=\"69e20356321f2\" class=\"wd-blog-element wd-rs-69dcb786cc1e1 wd-wpb\"><h3 class=\"wd-el-title title element-title\">ChillOut<\/h3><div class=\"wd-posts wd-blog-holder wd-grid-g\" data-paged=\"1\" data-atts=\"{&quot;carousel_id&quot;:&quot;5000&quot;,&quot;speed&quot;:&quot;5000&quot;,&quot;slides_per_view&quot;:&quot;3&quot;,&quot;slides_per_view_tablet&quot;:&quot;auto&quot;,&quot;slides_per_view_mobile&quot;:&quot;auto&quot;,&quot;wrap&quot;:&quot;&quot;,&quot;loop&quot;:false,&quot;autoplay&quot;:&quot;no&quot;,&quot;autoheight&quot;:&quot;no&quot;,&quot;hide_pagination_control&quot;:&quot;&quot;,&quot;hide_pagination_control_tablet&quot;:&quot;yes&quot;,&quot;hide_pagination_control_mobile&quot;:&quot;yes&quot;,&quot;dynamic_pagination_control&quot;:&quot;no&quot;,&quot;hide_prev_next_buttons&quot;:&quot;&quot;,&quot;hide_prev_next_buttons_tablet&quot;:&quot;&quot;,&quot;hide_prev_next_buttons_mobile&quot;:&quot;&quot;,&quot;carousel_arrows_position&quot;:&quot;&quot;,&quot;hide_scrollbar&quot;:&quot;yes&quot;,&quot;hide_scrollbar_tablet&quot;:&quot;yes&quot;,&quot;hide_scrollbar_mobile&quot;:&quot;yes&quot;,&quot;scroll_per_page&quot;:&quot;yes&quot;,&quot;dragEndSpeed&quot;:200,&quot;center_mode&quot;:&quot;no&quot;,&quot;custom_sizes&quot;:&quot;&quot;,&quot;sliding_speed&quot;:false,&quot;animation&quot;:false,&quot;content_animation&quot;:false,&quot;post_type&quot;:&quot;post&quot;,&quot;slider&quot;:&quot;&quot;,&quot;library&quot;:&quot;&quot;,&quot;css&quot;:&quot;&quot;,&quot;effect&quot;:&quot;&quot;,&quot;spacing&quot;:&quot;&quot;,&quot;spacing_tablet&quot;:&quot;&quot;,&quot;spacing_mobile&quot;:&quot;&quot;,&quot;carousel_sync&quot;:&quot;&quot;,&quot;sync_parent_id&quot;:&quot;&quot;,&quot;sync_child_id&quot;:&quot;&quot;,&quot;scroll_carousel_init&quot;:&quot;no&quot;,&quot;disable_overflow_carousel&quot;:&quot;no&quot;,&quot;include&quot;:&quot;&quot;,&quot;custom_query&quot;:&quot;&quot;,&quot;taxonomies&quot;:&quot;4050&quot;,&quot;pagination&quot;:&quot;more-btn&quot;,&quot;parts_media&quot;:true,&quot;parts_title&quot;:&quot;1&quot;,&quot;parts_meta&quot;:&quot;0&quot;,&quot;parts_text&quot;:&quot;1&quot;,&quot;parts_btn&quot;:&quot;1&quot;,&quot;parts_published_date&quot;:&quot;0&quot;,&quot;items_per_page&quot;:12,&quot;offset&quot;:&quot;&quot;,&quot;orderby&quot;:&quot;date&quot;,&quot;order&quot;:&quot;DESC&quot;,&quot;meta_key&quot;:&quot;&quot;,&quot;exclude&quot;:&quot;&quot;,&quot;class&quot;:&quot;&quot;,&quot;ajax_page&quot;:&quot;&quot;,&quot;img_size&quot;:&quot;medium&quot;,&quot;img_size_custom&quot;:[],&quot;blog_design&quot;:&quot;masonry&quot;,&quot;blog_masonry&quot;:&quot;0&quot;,&quot;blog_carousel_design&quot;:&quot;masonry&quot;,&quot;blog_columns&quot;:3,&quot;blog_columns_tablet&quot;:&quot;auto&quot;,&quot;blog_columns_mobile&quot;:&quot;auto&quot;,&quot;blog_spacing&quot;:&quot;&quot;,&quot;blog_spacing_tablet&quot;:&quot;&quot;,&quot;blog_spacing_mobile&quot;:&quot;&quot;,&quot;lazy_loading&quot;:&quot;no&quot;,&quot;search&quot;:&quot;&quot;,&quot;woodmart_css_id&quot;:&quot;69dcb786cc1e1&quot;,&quot;element_title&quot;:&quot;ChillOut&quot;,&quot;element_title_tag&quot;:&quot;h3&quot;,&quot;inner_content&quot;:&quot;&quot;,&quot;el_id&quot;:&quot;&quot;,&quot;el_class&quot;:&quot;&quot;,&quot;wrapper_classes&quot;:&quot;&quot;}\" data-source=\"shortcode\" style=\"--wd-col-lg:3;--wd-col-md:3;--wd-col-sm:1;--wd-gap-lg:20px;--wd-gap-sm:10px;\">\n<article id=\"post-94041\" class=\"wd-post blog-design-masonry blog-post-loop blog-style-bg wd-add-shadow wd-col post-94041 post type-post status-publish format-standard has-post-thumbnail hentry category-chillout-radio category-24h-music-radio tag-chillyout\">\n\t<div class=\"wd-post-inner article-inner\">\n\t\t\t\t\t<div class=\"wd-post-thumb entry-header\">\n\t\t\t\t\t\t\t\t\t<div class=\"wd-post-img post-img-wrapp\">\n\t\t\t\t\t\t<img decoding=\"async\" width=\"294\" height=\"300\" src=\"https:\/\/www.marinigerardi.it\/shop\/wp-content\/uploads\/2026\/04\/costa-del-mar-chillout-lounge-web-radio-294x300.jpg.avif\" class=\"attachment-medium size-medium\" alt=\"Costa del mar chillout lounge web radio\" srcset=\"https:\/\/www.marinigerardi.it\/shop\/wp-content\/uploads\/2026\/04\/costa-del-mar-chillout-lounge-web-radio-294x300.jpg.avif 294w, https:\/\/www.marinigerardi.it\/shop\/wp-content\/uploads\/2026\/04\/costa-del-mar-chillout-lounge-web-radio.jpg.avif 450w\" sizes=\"(max-width: 294px) 100vw, 294px\" \/>\t\t\t\t\t<\/div>\n\t\t\t\t\t\t\t\t\t\t<a class=\"wd-fill\" tabindex=\"-1\" href=\"https:\/\/www.marinigerardi.it\/shop\/costa-del-mar-chillout\/\" aria-label=\"Link on post Costa del Mar Chillout Ambient e Downtempo Web Radio\"><\/a>\n\t\t\t\t\n\t\t\t\t\t\t\t<\/div>\n\t\t\n\t\t<div class=\"wd-post-content article-body-container\">\n\t\t\t\n\t\t\t\t\t\t\t<h3 class=\"wd-post-title wd-entities-title title post-title\">\n\t\t\t\t\t<a href=\"https:\/\/www.marinigerardi.it\/shop\/costa-del-mar-chillout\/\" rel=\"bookmark\">Costa del Mar Chillout Ambient e Downtempo Web Radio<\/a>\n\t\t\t\t<\/h3>\n\t\t\t\n\t\t\t\n\t\t\t\t\t\t\t\t\t\t\t\t<div class=\"wd-post-excerpt entry-content\">\n\t\t\t\t\t\tCosta del Mar Chillout Radio \u00e8 molto pi\u00f9 di una semplice stazione radiofonica; \u00e8 un'istituzione digitale che trasmette direttamente dal...\t\t\t\t\t<\/div>\n\t\t\t\t\n\t\t\t\t\t\t\t\t\t\t\t\t\t\t<div class=\"wd-post-read-more wd-style-link read-more-section\">\n\t\t\t\t\t\t<a class=\"\" href=\"https:\/\/www.marinigerardi.it\/shop\/costa-del-mar-chillout\/\">Continua a leggere<\/a>\t\t\t\t\t<\/div>\n\t\t\t\t\t\t\t\t\t\t\t\t\t<\/div>\n\t<\/div>\n<\/article>\n\n\n<article id=\"post-93955\" class=\"wd-post blog-design-masonry blog-post-loop blog-style-bg wd-add-shadow wd-col post-93955 post type-post status-publish format-standard has-post-thumbnail hentry category-24h-music-radio category-chillout-radio tag-lounge tag-smooth-jazz\">\n\t<div class=\"wd-post-inner article-inner\">\n\t\t\t\t\t<div class=\"wd-post-thumb entry-header\">\n\t\t\t\t\t\t\t\t\t<div class=\"wd-post-img post-img-wrapp\">\n\t\t\t\t\t\t<img decoding=\"async\" width=\"300\" height=\"300\" src=\"https:\/\/www.marinigerardi.it\/shop\/wp-content\/uploads\/2026\/04\/smoothjazz.com-smoothlounge-300x300.png.avif\" class=\"attachment-medium size-medium\" alt=\"Smoothjazz.com smoothlounge Chillout, Lounge, Acid Jazz, Downtempo, Ambient.\" srcset=\"https:\/\/www.marinigerardi.it\/shop\/wp-content\/uploads\/2026\/04\/smoothjazz.com-smoothlounge-300x300.png.avif 300w, https:\/\/www.marinigerardi.it\/shop\/wp-content\/uploads\/2026\/04\/smoothjazz.com-smoothlounge-150x150.png.avif 150w, https:\/\/www.marinigerardi.it\/shop\/wp-content\/uploads\/2026\/04\/smoothjazz.com-smoothlounge.png.avif 450w\" sizes=\"(max-width: 300px) 100vw, 300px\" \/>\t\t\t\t\t<\/div>\n\t\t\t\t\t\t\t\t\t\t<a class=\"wd-fill\" tabindex=\"-1\" href=\"https:\/\/www.marinigerardi.it\/shop\/smoothlounge-com\/\" aria-label=\"Link on post SmoothLounge.com Chillout, Lounge, Acid Jazz, Downtempo, Ambient.\"><\/a>\n\t\t\t\t\n\t\t\t\t\t\t\t<\/div>\n\t\t\n\t\t<div class=\"wd-post-content article-body-container\">\n\t\t\t\n\t\t\t\t\t\t\t<h3 class=\"wd-post-title wd-entities-title title post-title\">\n\t\t\t\t\t<a href=\"https:\/\/www.marinigerardi.it\/shop\/smoothlounge-com\/\" rel=\"bookmark\">SmoothLounge.com Chillout, Lounge, Acid Jazz, Downtempo, Ambient.<\/a>\n\t\t\t\t<\/h3>\n\t\t\t\n\t\t\t\n\t\t\t\t\t\t\t\t\t\t\t\t<div class=\"wd-post-excerpt entry-content\">\n\t\t\t\t\t\tNata come estensione \"chill\" della storica SmoothJazz.com, SmoothLounge.com trasmette h24 dalla costa californiana, portando nelle case...\t\t\t\t\t<\/div>\n\t\t\t\t\n\t\t\t\t\t\t\t\t\t\t\t\t\t\t<div class=\"wd-post-read-more wd-style-link read-more-section\">\n\t\t\t\t\t\t<a class=\"\" href=\"https:\/\/www.marinigerardi.it\/shop\/smoothlounge-com\/\">Continua a leggere<\/a>\t\t\t\t\t<\/div>\n\t\t\t\t\t\t\t\t\t\t\t\t\t<\/div>\n\t<\/div>\n<\/article>\n\n\n<article id=\"post-93388\" class=\"wd-post blog-design-masonry blog-post-loop blog-style-bg wd-add-shadow wd-col post-93388 post type-post status-publish format-standard has-post-thumbnail hentry category-chillout-radio category-24h-music-radio tag-chillyout\">\n\t<div class=\"wd-post-inner article-inner\">\n\t\t\t\t\t<div class=\"wd-post-thumb entry-header\">\n\t\t\t\t\t\t\t\t\t<div class=\"wd-post-img post-img-wrapp\">\n\t\t\t\t\t\t<img decoding=\"async\" width=\"300\" height=\"300\" src=\"https:\/\/www.marinigerardi.it\/shop\/wp-content\/uploads\/2026\/03\/181fm-radio-300x300.avif\" class=\"attachment-medium size-medium\" alt=\"Qualit\u00e0 Audio e Streaming: L&#039;Esperienza Sonora di 181.FM radio ChillyOut\" srcset=\"https:\/\/www.marinigerardi.it\/shop\/wp-content\/uploads\/2026\/03\/181fm-radio-300x300.avif 300w, https:\/\/www.marinigerardi.it\/shop\/wp-content\/uploads\/2026\/03\/181fm-radio-150x150.avif 150w, https:\/\/www.marinigerardi.it\/shop\/wp-content\/uploads\/2026\/03\/181fm-radio.avif 400w\" sizes=\"(max-width: 300px) 100vw, 300px\" \/>\t\t\t\t\t<\/div>\n\t\t\t\t\t\t\t\t\t\t<a class=\"wd-fill\" tabindex=\"-1\" href=\"https:\/\/www.marinigerardi.it\/shop\/181-fm-radio-chillout\/\" aria-label=\"Link on post Qualit\u00e0 Audio e Streaming: L&#8217;Esperienza Sonora di 181.FM radio ChillyOut\"><\/a>\n\t\t\t\t\n\t\t\t\t\t\t\t<\/div>\n\t\t\n\t\t<div class=\"wd-post-content article-body-container\">\n\t\t\t\n\t\t\t\t\t\t\t<h3 class=\"wd-post-title wd-entities-title title post-title\">\n\t\t\t\t\t<a href=\"https:\/\/www.marinigerardi.it\/shop\/181-fm-radio-chillout\/\" rel=\"bookmark\">Qualit\u00e0 Audio e Streaming: L&#8217;Esperienza Sonora di 181.FM radio ChillyOut<\/a>\n\t\t\t\t<\/h3>\n\t\t\t\n\t\t\t\n\t\t\t\t\t\t\t\t\t\t\t\t<div class=\"wd-post-excerpt entry-content\">\n\t\t\t\t\t\t181.FM radio rappresenta l'essenza della radio digitale moderna: un'offerta sterminata, accessibilit\u00e0 totale e una qualit\u00e0 audio impecc...\t\t\t\t\t<\/div>\n\t\t\t\t\n\t\t\t\t\t\t\t\t\t\t\t\t\t\t<div class=\"wd-post-read-more wd-style-link read-more-section\">\n\t\t\t\t\t\t<a class=\"\" href=\"https:\/\/www.marinigerardi.it\/shop\/181-fm-radio-chillout\/\">Continua a leggere<\/a>\t\t\t\t\t<\/div>\n\t\t\t\t\t\t\t\t\t\t\t\t\t<\/div>\n\t<\/div>\n<\/article>\n\n\n<article id=\"post-93316\" class=\"wd-post blog-design-masonry blog-post-loop blog-style-bg wd-add-shadow wd-col post-93316 post type-post status-publish format-standard has-post-thumbnail hentry category-chillout-radio category-24h-music-radio tag-chillyout\">\n\t<div class=\"wd-post-inner article-inner\">\n\t\t\t\t\t<div class=\"wd-post-thumb entry-header\">\n\t\t\t\t\t\t\t\t\t<div class=\"wd-post-img post-img-wrapp\">\n\t\t\t\t\t\t<img decoding=\"async\" width=\"300\" height=\"300\" src=\"https:\/\/www.marinigerardi.it\/shop\/wp-content\/uploads\/2026\/03\/Groove-alad-SomaFM-Chillout-Ambient-Downtemp-owebradio-300x300.avif\" class=\"attachment-medium size-medium\" alt=\"Groove Salad SomaFM Chillout Ambient Downtempo - 24h Music Radio\" srcset=\"https:\/\/www.marinigerardi.it\/shop\/wp-content\/uploads\/2026\/03\/Groove-alad-SomaFM-Chillout-Ambient-Downtemp-owebradio-300x300.avif 300w, https:\/\/www.marinigerardi.it\/shop\/wp-content\/uploads\/2026\/03\/Groove-alad-SomaFM-Chillout-Ambient-Downtemp-owebradio-150x150.avif 150w, https:\/\/www.marinigerardi.it\/shop\/wp-content\/uploads\/2026\/03\/Groove-alad-SomaFM-Chillout-Ambient-Downtemp-owebradio.avif 400w\" sizes=\"(max-width: 300px) 100vw, 300px\" \/>\t\t\t\t\t<\/div>\n\t\t\t\t\t\t\t\t\t\t<a class=\"wd-fill\" tabindex=\"-1\" href=\"https:\/\/www.marinigerardi.it\/shop\/groove-salad-somafm-chillout\/\" aria-label=\"Link on post Groove Salad SomaFM Chillout Ambient Downtempo &#8211; 24h Music Radio\"><\/a>\n\t\t\t\t\n\t\t\t\t\t\t\t<\/div>\n\t\t\n\t\t<div class=\"wd-post-content article-body-container\">\n\t\t\t\n\t\t\t\t\t\t\t<h3 class=\"wd-post-title wd-entities-title title post-title\">\n\t\t\t\t\t<a href=\"https:\/\/www.marinigerardi.it\/shop\/groove-salad-somafm-chillout\/\" rel=\"bookmark\">Groove Salad SomaFM Chillout Ambient Downtempo &#8211; 24h Music Radio<\/a>\n\t\t\t\t<\/h3>\n\t\t\t\n\t\t\t\n\t\t\t\t\t\t\t\t\t\t\t\t<div class=\"wd-post-excerpt entry-content\">\n\t\t\t\t\t\tScopri Groove Salad SomaFM Chillout Ambient Downtempo:\r\nla radio chillout perfetta per lavorare e rilassarti\r\nCerchi\u00a0musica ambient dow...\t\t\t\t\t<\/div>\n\t\t\t\t\n\t\t\t\t\t\t\t\t\t\t\t\t\t\t<div class=\"wd-post-read-more wd-style-link read-more-section\">\n\t\t\t\t\t\t<a class=\"\" href=\"https:\/\/www.marinigerardi.it\/shop\/groove-salad-somafm-chillout\/\">Continua a leggere<\/a>\t\t\t\t\t<\/div>\n\t\t\t\t\t\t\t\t\t\t\t\t\t<\/div>\n\t<\/div>\n<\/article>\n\n\n<article id=\"post-93271\" class=\"wd-post blog-design-masonry blog-post-loop blog-style-bg wd-add-shadow wd-col post-93271 post type-post status-publish format-standard has-post-thumbnail hentry category-24h-music-radio category-chillout-radio tag-chillyout\">\n\t<div class=\"wd-post-inner article-inner\">\n\t\t\t\t\t<div class=\"wd-post-thumb entry-header\">\n\t\t\t\t\t\t\t\t\t<div class=\"wd-post-img post-img-wrapp\">\n\t\t\t\t\t\t<img decoding=\"async\" width=\"300\" height=\"300\" src=\"https:\/\/www.marinigerardi.it\/shop\/wp-content\/uploads\/2026\/03\/CHILLOUT-ANTENNE-Webradio-DE-24h-Music-Radio-300x300.avif\" class=\"attachment-medium size-medium\" alt=\"Antenne Bayern Chillout \ud83c\udde9\ud83c\uddea 24h Music Radio\" srcset=\"https:\/\/www.marinigerardi.it\/shop\/wp-content\/uploads\/2026\/03\/CHILLOUT-ANTENNE-Webradio-DE-24h-Music-Radio-300x300.avif 300w, https:\/\/www.marinigerardi.it\/shop\/wp-content\/uploads\/2026\/03\/CHILLOUT-ANTENNE-Webradio-DE-24h-Music-Radio-150x150.avif 150w, https:\/\/www.marinigerardi.it\/shop\/wp-content\/uploads\/2026\/03\/CHILLOUT-ANTENNE-Webradio-DE-24h-Music-Radio.avif 400w\" sizes=\"(max-width: 300px) 100vw, 300px\" \/>\t\t\t\t\t<\/div>\n\t\t\t\t\t\t\t\t\t\t<a class=\"wd-fill\" tabindex=\"-1\" href=\"https:\/\/www.marinigerardi.it\/shop\/antenne-bayern-chillout-radio\/\" aria-label=\"Link on post Antenne Bayern Chillout \ud83c\udde9\ud83c\uddea 24h Music Radio\"><\/a>\n\t\t\t\t\n\t\t\t\t\t\t\t<\/div>\n\t\t\n\t\t<div class=\"wd-post-content article-body-container\">\n\t\t\t\n\t\t\t\t\t\t\t<h3 class=\"wd-post-title wd-entities-title title post-title\">\n\t\t\t\t\t<a href=\"https:\/\/www.marinigerardi.it\/shop\/antenne-bayern-chillout-radio\/\" rel=\"bookmark\">Antenne Bayern Chillout \ud83c\udde9\ud83c\uddea 24h Music Radio<\/a>\n\t\t\t\t<\/h3>\n\t\t\t\n\t\t\t\n\t\t\t\t\t\t\t\t\t\t\t\t<div class=\"wd-post-excerpt entry-content\">\n\t\t\t\t\t\tTrova il tuo equilibrio con le frequenze di Antenne Bayern Chillout\r\nHai presente quella sensazione di pesantezza a fine giornata, o qu...\t\t\t\t\t<\/div>\n\t\t\t\t\n\t\t\t\t\t\t\t\t\t\t\t\t\t\t<div class=\"wd-post-read-more wd-style-link read-more-section\">\n\t\t\t\t\t\t<a class=\"\" href=\"https:\/\/www.marinigerardi.it\/shop\/antenne-bayern-chillout-radio\/\">Continua a leggere<\/a>\t\t\t\t\t<\/div>\n\t\t\t\t\t\t\t\t\t\t\t\t\t<\/div>\n\t<\/div>\n<\/article>\n\n\n<article id=\"post-93242\" class=\"wd-post blog-design-masonry blog-post-loop blog-style-bg wd-add-shadow wd-col post-93242 post type-post status-publish format-standard has-post-thumbnail hentry category-chillout-radio tag-chillyout\">\n\t<div class=\"wd-post-inner article-inner\">\n\t\t\t\t\t<div class=\"wd-post-thumb entry-header\">\n\t\t\t\t\t\t\t\t\t<div class=\"wd-post-img post-img-wrapp\">\n\t\t\t\t\t\t<img decoding=\"async\" width=\"300\" height=\"300\" src=\"https:\/\/www.marinigerardi.it\/shop\/wp-content\/uploads\/2026\/03\/Absolute-Chillout-sunset-Splash-300x300.avif\" class=\"attachment-medium size-medium\" alt=\"Absolute chillout sunset splash\" srcset=\"https:\/\/www.marinigerardi.it\/shop\/wp-content\/uploads\/2026\/03\/Absolute-Chillout-sunset-Splash-300x300.avif 300w, https:\/\/www.marinigerardi.it\/shop\/wp-content\/uploads\/2026\/03\/Absolute-Chillout-sunset-Splash-150x150.avif 150w, https:\/\/www.marinigerardi.it\/shop\/wp-content\/uploads\/2026\/03\/Absolute-Chillout-sunset-Splash.avif 400w\" sizes=\"(max-width: 300px) 100vw, 300px\" \/>\t\t\t\t\t<\/div>\n\t\t\t\t\t\t\t\t\t\t<a class=\"wd-fill\" tabindex=\"-1\" href=\"https:\/\/www.marinigerardi.it\/shop\/absolute-chillout-24h-music-radio\/\" aria-label=\"Link on post Absolute Chillout 24h Music Radio\"><\/a>\n\t\t\t\t\n\t\t\t\t\t\t\t<\/div>\n\t\t\n\t\t<div class=\"wd-post-content article-body-container\">\n\t\t\t\n\t\t\t\t\t\t\t<h3 class=\"wd-post-title wd-entities-title title post-title\">\n\t\t\t\t\t<a href=\"https:\/\/www.marinigerardi.it\/shop\/absolute-chillout-24h-music-radio\/\" rel=\"bookmark\">Absolute Chillout 24h Music Radio<\/a>\n\t\t\t\t<\/h3>\n\t\t\t\n\t\t\t\n\t\t\t\t\t\t\t\t\t\t\t\t<div class=\"wd-post-excerpt entry-content\">\n\t\t\t\t\t\tAbsolute Chillout: The Sunset Mix.\r\nSpegnete il rumore del mondo, alzate il volume dei vostri sogni. Absolute Chillout: The Sunset Mix ...\t\t\t\t\t<\/div>\n\t\t\t\t\n\t\t\t\t\t\t\t\t\t\t\t\t\t\t<div class=\"wd-post-read-more wd-style-link read-more-section\">\n\t\t\t\t\t\t<a class=\"\" href=\"https:\/\/www.marinigerardi.it\/shop\/absolute-chillout-24h-music-radio\/\">Continua a leggere<\/a>\t\t\t\t\t<\/div>\n\t\t\t\t\t\t\t\t\t\t\t\t\t<\/div>\n\t<\/div>\n<\/article>\n\n<\/div><\/div>[\/vc_column][\/vc_row][vc_row][vc_column]\t\t<div id=\"wd-69afe95572f57\" class=\"wd-text-block wd-wpb reset-last-child wd-rs-69afe95572f57 text-left \">\n\t\t\t<div class='code-block code-block-5' style='margin: 8px 0; clear: both;'>\n<script async src=\"https:\/\/pagead2.googlesyndication.com\/pagead\/js\/adsbygoogle.js?client=ca-pub-1268018896895505\"\n     crossorigin=\"anonymous\"><\/script>\n<!-- BLOG M&G 01 -->\n<ins class=\"adsbygoogle\"\n     style=\"display:block\"\n     data-ad-client=\"ca-pub-1268018896895505\"\n     data-ad-slot=\"7680722388\"\n     data-ad-format=\"auto\"\n     data-full-width-responsive=\"true\"><\/ins>\n<script>\n     (adsbygoogle = window.adsbygoogle || []).push({});\n<\/script><\/div>\n\n\t\t<\/div>\n\t\t[\/vc_column][\/vc_row][vc_row][vc_column]\n\t\t<div id=\"wd-69dcbfef00b4e\" class=\"title-wrapper wd-wpb wd-set-mb reset-last-child  wd-rs-69dcbfef00b4e wd-title-color-default wd-title-style-bordered text-left  wd-underline-colored\">\n\t\t\t\n\t\t\t<div class=\"liner-continer\">\n\t\t\t\t<h1 class=\"woodmart-title-container title  wd-font-weight- wd-fontsize-l\" >Dalle Spiagge al Bitrate ChillOut web radio: Un\u2019Evoluzione Silenziosa<\/h1>\n\t\t\t\t\t\t\t<\/div>\n\t\t\t\n\t\t\t\n\t\t\t\n\t\t<\/div>\n\t\t\n\t\t\t\t<div id=\"wd-69dcc09b14808\" class=\"wd-text-block wd-wpb reset-last-child wd-rs-69dcc09b14808 text-left \">\n\t\t\t<p>Il viaggio del ChillOut inizia negli anni &#8217;90. Mentre il dancefloor esplodeva con la Techno e l&#8217;Acid House, pionieri come <b>The Orb<\/b> e <b>KLF<\/b> creavano spazi di decompressione. Erano i tempi delle leggendarie compilation <i>Caf\u00e9 del Mar<\/i>, curate da Jos\u00e9 Padilla, che trasformavano il tramonto di Sant Antoni in un prodotto d\u2019esportazione globale.<br \/>\nOggi, quella &#8220;vibrazione&#8221; si \u00e8 digitalizzata. Il fenomeno del <b>Lo-Fi Girl<\/b> su YouTube ha sdoganato il ChillOut come compagno di studio universale, ma nel 2026 la tendenza \u00e8 andata oltre. Stiamo parlando di <b>&#8220;Bio-Ambient&#8221;<\/b>: tracce generate o filtrate da algoritmi che reagiscono in tempo reale alla variabilit\u00e0 della frequenza cardiaca dell&#8217;ascoltatore, portando il concetto di &#8220;musica funzionale&#8221; a livelli fantascientifici.<\/p>\n<h2>ChillOut i Protagonisti: Chi detta il ritmo (lento)<\/h2>\n<p>Se cercate i nuovi &#8220;headliner&#8221; della calma, non guardate solo ai DJ set.<\/p>\n<ul>\n<li><b>Bonobo (Simon Green):<\/b> Resta il re indiscusso dell&#8217;architettura sonora. La sua capacit\u00e0 di fondere strumenti organici (archi, kalimba) con l&#8217;elettronica pi\u00f9 sottile ha influenzato un&#8217;intera generazione.<\/li>\n<li><b>Khruangbin:<\/b> Con il loro mix di funk psichedelico e atmosfere thai, hanno dimostrato che il ChillOut pu\u00f2 avere un&#8217;anima rock e globale, diventando i preferiti dei festival estivi.<\/li>\n<li><b>Fred again.. (nelle sue vesti Ambient):<\/b> Pur essendo un titano della dance, i suoi momenti pi\u00f9 intimi e rallentati hanno ridefinito il modo in cui campioniamo la realt\u00e0 quotidiana per trasformarla in conforto sonoro.<\/li>\n<\/ul>\n<h3>La Scienza dietro il Silenzio: Curiosit\u00e0 e Miti<\/h3>\n<p>Non \u00e8 solo una questione di gusti; \u00e8 neurologia. Una delle curiosit\u00e0 pi\u00f9 dibattute nel settore \u00e8 l&#8217;uso della <b>frequenza a 432 Hz<\/b>. Molti produttori di nicchia sostengono che questa accordatura (leggermente pi\u00f9 bassa rispetto allo standard industriale di 440 Hz) sia in sintonia con le frequenze naturali della terra e del corpo umano. Sebbene la scienza sia ancora cauta, il mercato dei &#8220;Healing Sounds&#8221; sta crescendo del 40% su base annua.<br \/>\nInoltre, il ChillOut ha creato una nuova economia: quella dei <b>&#8220;Listening Bars&#8221;<\/b>. Da Tokyo a Milano, stanno aprendo locali dove il volume \u00e8 calibrato per l&#8217;ascolto critico e il relax, dotati di impianti audio hi-fi da decine di migliaia di euro, dove la musica non \u00e8 un riempitivo, ma l&#8217;ospite d&#8217;onore.<\/p>\n<h3>Il Verdetto<\/h3>\n<p>Il ChillOut non \u00e8 la musica di chi ha smesso di ballare, ma di chi ha capito che per godersi il viaggio serve anche un momento di pausa. In un mercato musicale che spesso urla per attirare l&#8217;attenzione, il ChillOut sta vincendo la partita sussurrando.<\/p>\n\t\t<\/div>\n\t\t[\/vc_column][\/vc_row]<\/p>\n<\/div>","protected":false},"excerpt":{"rendered":"<p>[vc_row][vc_column][vc_single_image image=&#8221;94017&#8243; img_size=&#8221;full&#8221; css=&#8221;&#8221; parallax_scroll=&#8221;no&#8221; woodmart_inline=&#8221;no&#8221;][\/vc_column][\/vc_row][vc_row][vc_column][\/vc_column][\/vc_row][vc_row][vc_column][\/vc_column][\/vc_row][vc_row][vc_column][\/vc_column][\/vc_row]<\/p>\n","protected":false},"author":1,"featured_media":94017,"parent":0,"menu_order":0,"comment_status":"closed","ping_status":"closed","template":"","meta":{"footnotes":""},"class_list":["post-90739","page","type-page","status-publish","has-post-thumbnail","hentry"],"_links":{"self":[{"href":"https:\/\/www.marinigerardi.it\/shop\/wp-json\/wp\/v2\/pages\/90739","targetHints":{"allow":["GET"]}}],"collection":[{"href":"https:\/\/www.marinigerardi.it\/shop\/wp-json\/wp\/v2\/pages"}],"about":[{"href":"https:\/\/www.marinigerardi.it\/shop\/wp-json\/wp\/v2\/types\/page"}],"author":[{"embeddable":true,"href":"https:\/\/www.marinigerardi.it\/shop\/wp-json\/wp\/v2\/users\/1"}],"replies":[{"embeddable":true,"href":"https:\/\/www.marinigerardi.it\/shop\/wp-json\/wp\/v2\/comments?post=90739"}],"version-history":[{"count":6,"href":"https:\/\/www.marinigerardi.it\/shop\/wp-json\/wp\/v2\/pages\/90739\/revisions"}],"predecessor-version":[{"id":94021,"href":"https:\/\/www.marinigerardi.it\/shop\/wp-json\/wp\/v2\/pages\/90739\/revisions\/94021"}],"wp:featuredmedia":[{"embeddable":true,"href":"https:\/\/www.marinigerardi.it\/shop\/wp-json\/wp\/v2\/media\/94017"}],"wp:attachment":[{"href":"https:\/\/www.marinigerardi.it\/shop\/wp-json\/wp\/v2\/media?parent=90739"}],"curies":[{"name":"wp","href":"https:\/\/api.w.org\/{rel}","templated":true}]}}