{"id":12669,"date":"2021-08-26T10:55:51","date_gmt":"2021-08-26T10:55:51","guid":{"rendered":"https:\/\/marinigerardi.it\/shop\/?page_id=12669"},"modified":"2023-03-13T09:15:10","modified_gmt":"2023-03-13T09:15:10","slug":"cookies","status":"publish","type":"page","link":"https:\/\/www.marinigerardi.it\/shop\/cookies\/","title":{"rendered":"Cookies"},"content":{"rendered":"<div class=\"wpb-content-wrapper\"><p>[vc_row][vc_column]\n\t\t<div id=\"wd-640ee968f054a\" class=\"title-wrapper wd-wpb wd-set-mb reset-last-child  wd-rs-640ee968f054a wd-title-color-default wd-title-style-bordered text-center  wd-underline-colored\">\n\t\t\t\n\t\t\t<div class=\"liner-continer\">\n\t\t\t\t<h2 class=\"woodmart-title-container title  wd-font-weight- wd-fontsize-xxl\" >COOKIES<\/h2>\n\t\t\t\t\t\t\t<\/div>\n\t\t\t\n\t\t\t\n\t\t\t\n\t\t<\/div>\n\t\t\n\t\t[vc_column_text woodmart_inline=&#8221;no&#8221; text_larger=&#8221;no&#8221;]Gli utenti sono invitati a leggere la presente Cookies Policy che trova applicazione per la navigazione sul sito www.marinigerardi.it, indipendentemente dall\u2019acquisto dei prodotti o dalla fruizione dei servizi offerti sul Sito. In aggiunta, gli utenti sono invitati a leggere le Condizioni Generali d\u2019Uso del Sito e la Privacy Policy, le quali forniscono ulteriori indicazioni sulla privacy e sui sistemi di sicurezza adottati dal Sito.[\/vc_column_text][mpc_textblock][\/mpc_textblock][\/vc_column][\/vc_row][vc_row][vc_column][vc_tta_accordion][vc_tta_section title=&#8221;Cosa sono i cookie?&#8221; tab_id=&#8221;1678697629977-b9b1fbd0-81aa&#8221;][mpc_textblock content_width=&#8221;100&#8243; font_align=&#8221;justify&#8221;]<a href=\"https:\/\/www.marinigerardi.it\/shop\/cookies\/\">I cookie sono stringhe di testo di piccole dimensioni<\/a> inviate al dispositivo degli utenti che visitano il Sito e sullo stesso conservate.<\/p>\n<p>I cookie possono svolgere diverse funzioni, come ad esempio permettere di navigare fra le varie pagine del Sito in modo efficiente ricordando le preferenze degli utenti e in generale possono migliorare la permanenza dell\u2019utente sul Sito. Il Sito si riserva il diritto di utilizzare i cookie, con il consenso degli utenti ove la legge o i regolamenti applicabili cos\u00ec stabiliscano, per facilitare la navigazione sul Sito e personalizzare le informazioni pubblicate sullo stesso. Il Sito si riserva inoltre il diritto di usare sistemi simili per raccogliere informazioni sugli utenti del Sito, quali ad esempio indirizzo IP, tipo di browser internet e sistema operativo utilizzato e\/o pagine web visitate da un utente, per finalit\u00e0 statistiche o di sicurezza. Il Sito potr\u00e0 raccogliere queste informazioni per verificare le modalit\u00e0 di utilizzo del Sito e migliorarne determinati aspetti.<\/p>\n<p><strong><em>I cookie non sono dannosi per gli strumenti adoperati per navigare sul Sito. Nei cookie adoperati dal Sito non sono conservate informazioni identificative personali degli utenti quali, ad esempio, dettagli sulle carte di credito.<\/em><\/strong><\/p>\n<p>Per ordinare prodotti sul Sito \u00e8 necessario che alcuni cookie siano abilitati. Se non si vogliono accettare i cookie \u00e8 comunque possibile navigare sul Sito e usarlo per finalit\u00e0 di carattere informativo. Nella maggior parte dei browser i cookie sono abilitati di default. In calce si trovano le informazioni necessarie per modificare le impostazioni dei cookie sul proprio browser e ulteriori informazioni sui cookie sono disponibili sui siti: <a href=\"http:\/\/www.allaboutcookies.org\/\" target=\"_blank\" rel=\"noopener nofollow\">www.allaboutcookies.org<\/a> e <a href=\"http:\/\/www.youronlinechoices.eu\/\" target=\"_blank\" rel=\"noopener nofollow\">www.youronlinechoices.eu.<\/a><\/p>\n<p>Di seguito vene riportata un\u2019illustrazione dei cookie e strumenti simili che sono utilizzati sul Sito.[\/mpc_textblock][\/vc_tta_section][vc_tta_section title=&#8221;Cookies di navigazione&#8221; tab_id=&#8221;1678697630006-0a42ea09-9883&#8243;][mpc_textblock content_width=&#8221;100&#8243; font_align=&#8221;justify&#8221;]Questi cookie sono fondamentali per navigare tra le varie sezioni del Sito e per usare le relative funzionalit\u00e0, ad esempio accedere alle aree riservate.<\/p>\n<p>I cookie strettamente necessari sono utilizzati per memorizzare un identificatore univoco al fine di gestire e identificare l\u2019utente in quanto unico rispetto agli altri utenti che in quel momento stanno visitando il Sito, in modo da fornire all\u2019utente un servizio coerente e preciso. Senza questi cookie non possono essere forniti i servizi richiesti, come ad esempio il carrello acquisti o l\u2019e-billing.<\/p>\n<p><strong>Alcuni esempi comprendono:<\/strong><\/p>\n<p>\u2022 Il ricordo di precedenti azioni (per esempio testo inserito) durante la navigazione a ritroso verso una pagina nella medesima sessione.<\/p>\n<p>\u2022 Gestione e passaggio di token di sicurezza a differenti servizi all\u2019interno di un sito internet per identificare lo status dell\u2019utente (per esempio, registrato o non registrato).<\/p>\n<p>\u2022 Mantenimento dei token per l\u2019implementazione di aree riservate del Sito.<\/p>\n<p>\u2022 Instradamento degli utenti verso specifiche versioni\/applicazioni di un servizio, come potrebbe rendersi necessario durante una migrazione tecnica.<\/p>\n<p><strong>Performance cookie <\/strong><\/p>\n<p>Questi cookie possono essere installati e gestiti dal Sito ovvero da Marini &amp; Gerardi srl con sede in Via Caravaggio,4 \u2013 73047 Monteroni di Lecce , Italia, codice fiscale, partita IVA e numero di iscrizione al Registro delle Imprese di Lecce 03395960754, di sessione o persistenti; il loro utilizzo \u00e8 limitato alla finalit\u00e0 di garantire il corretto funzionamento e il miglioramento del Sito. Questi cookie raccolgono informazioni su come un visitatore usa il Sito, quali ad esempio le pagine visitate. Questi cookie non raccolgono informazioni che possono identificare gli utenti. Tutte le informazioni raccolte da questi cookie sono aggregate in forma anonima e sono utilizzate solo per migliorare la funzionalit\u00e0 del Sito.<\/p>\n<p>Alcuni esempi comprendono:<\/p>\n<p>\u2022 Web Analytics, per i quali i dati raccolti sono limitati alle modalit\u00e0 di utilizzo del Sito da parte degli utenti per gestire il funzionamento e la struttura del Sito. Questi cookie possono essere cookie di parte terza, ma le informazioni raccolte sono usate esclusivamente da Marini &amp; Gerardi S.r.l., che gestisce il Sito.<\/p>\n<p>\u2022 Tracciamento degli affiliati: i cookie sono utilizzati esclusivamente per sapere se un utente proveniente da un altro sito ha eseguito l\u2019acquisto di un prodotto o servizio sul Sito.<\/p>\n<p>\u2022 Gestione degli errori \u2014 Misurazione degli errori presenti sul Sito, solitamente questa funzione supporta il miglioramento dei servizi o la gestione dei reclami ed \u00e8 generalmente strettamente legata all\u2019analitica web.<\/p>\n<p>\u2022 Testare differenti strutture delle pagine del Sito \u2014 Test sulle variazioni della struttura, usando solitamente test A\/B o multivariabili, per assicurare che nelle sessioni correnti e successive venga conservato un aspetto coerente per l\u2019utente del Sito.[\/mpc_textblock][\/vc_tta_section][vc_tta_section title=&#8221;Performance cookie&#8221; tab_id=&#8221;1678698022829-a0158111-7063&#8243;][mpc_textblock content_width=&#8221;100&#8243; font_align=&#8221;justify&#8221;]Questi cookie possono essere installati e gestiti dal Sito ovvero da Marini &amp; Gerardi srl con sede in Via Caravaggio,4 \u2013 73047 Monteroni di Lecce , Italia, codice fiscale, partita IVA e numero di iscrizione al Registro delle Imprese di Lecce 03395960754, di sessione o persistenti; il loro utilizzo \u00e8 limitato alla finalit\u00e0 di garantire il corretto funzionamento e il miglioramento del Sito. Questi cookie raccolgono informazioni su come un visitatore usa il Sito, quali ad esempio le pagine visitate. Questi cookie non raccolgono informazioni che possono identificare gli utenti. Tutte le informazioni raccolte da questi cookie sono aggregate in forma anonima e sono utilizzate solo per migliorare la funzionalit\u00e0 del Sito.<\/p>\n<p>Alcuni esempi comprendono:<\/p>\n<p>\u2022 Web Analytics, per i quali i dati raccolti sono limitati alle modalit\u00e0 di utilizzo del Sito da parte degli utenti per gestire il funzionamento e la struttura del Sito. Questi cookie possono essere cookie di parte terza, ma le informazioni raccolte sono usate esclusivamente da Marini &amp; Gerardi S.r.l., che gestisce il Sito.<\/p>\n<p>\u2022 Tracciamento degli affiliati: i cookie sono utilizzati esclusivamente per sapere se un utente proveniente da un altro sito ha eseguito l\u2019acquisto di un prodotto o servizio sul Sito.<\/p>\n<p>\u2022 Gestione degli errori \u2014 Misurazione degli errori presenti sul Sito, solitamente questa funzione supporta il miglioramento dei servizi o la gestione dei reclami ed \u00e8 generalmente strettamente legata all\u2019analitica web.<\/p>\n<p>\u2022 Testare differenti strutture delle pagine del Sito \u2014 Test sulle variazioni della struttura, usando solitamente test A\/B o multivariabili, per assicurare che nelle sessioni correnti e successive venga conservato un aspetto coerente per l\u2019utente del Sito.[\/mpc_textblock][\/vc_tta_section][vc_tta_section title=&#8221;Cookies funzionali&#8221; tab_id=&#8221;1678698263913-93fb310a-7edb&#8221;][mpc_textblock content_width=&#8221;100&#8243; font_align=&#8221;justify&#8221;]Questi cookie di sessione o persistenti. Questi cookie solitamente sono inviati a seguito di una determinata azione eseguita dall\u2019utente, ma possono essere inviati anche in occasione della fornitura di un servizio non esplicitamente richiesto ma offerto all\u2019utente (quale, a titolo esemplificativo, la possibilit\u00e0 di salvare nel carrello i prodotti selezionati per un determinato periodo di tempo). Possono essere utilizzati anche per evitare che si offra di nuovo a quel dato utente un servizio in precedenza offerto e rifiutato. Inoltre, questi cookie permettono al Sito di ricordare le scelte dell\u2019utente (quali ad esempio nome utente, lingua, paese di origine, ecc.). Le informazioni raccolte da questi cookie sono anonime e non possono tracciare il comportamento dell\u2019utente su altri siti.<\/p>\n<p>Alcuni esempi comprendono:<\/p>\n<p>\u2022 Ricordare le impostazioni selezionate da un utente per la navigazione sul Sito, quali ad esempio layout, dimensione del font, preferenze, colore, ecc.<\/p>\n<p>\u2022 Ricordare una scelta dell\u2019utente in modo che non venga pi\u00f9 richiesta la compilazione di un questionario.<\/p>\n<p>\u2022 Rilevare se un servizio \u00e8 gi\u00e0 stato offerto, quale ad esempio offerta di un tutorial per visite successive del Sito.<\/p>\n<p>\u2022 Fornire informazioni in modo da permettere il funzionamento di un servizio opzionale quale ad esempio l\u2019offerta di una sessione in live chat.<\/p>\n<p>\u2022 Adempimento di una richiesta dell\u2019utente quale ad esempio presentazione di un commento.[\/mpc_textblock][\/vc_tta_section][vc_tta_section title=&#8221;Cookie di terze parti per marketing \/ re-targeting&#8221; tab_id=&#8221;1678698386396-2a73b1f6-338e&#8221;][mpc_textblock content_width=&#8221;100&#8243; font_align=&#8221;justify&#8221;]Questi cookie sono utilizzati da partner del Sito al fine di presentare agli utenti dei banner pubblicitari del Sito quando gli utenti navigano su altri siti, mostrando agli utenti gli ultimi prodotti che hanno guardato sul Sito. Mentre navighi sul Sito, questi cookie sono utilizzati anche per mostrare agli utenti prodotti che potrebbero interessare gli utenti o prodotti simili a quelli che gli utenti hanno guardato in precedenza, basandosi sulla cronologia di navigazione degli utenti. L\u2019uso di questi cookie non implica il trattamento di dati personali, ma pu\u00f2 permettere la connessione al computer o ad altri dispositivi degli utenti e rintracciare i dati salvati: questi cookie si connettono al browser installato sul computer o su altri dispositivi degli utenti utilizzati durante la navigazione sul Sito.[\/mpc_textblock][\/vc_tta_section][vc_tta_section title=&#8221;Come disabilitare i cookie&#8221; tab_id=&#8221;1678698476965-1b446698-8ca3&#8243;][mpc_textblock content_width=&#8221;100&#8243; font_align=&#8221;justify&#8221;]La maggior parte dei browser accettano i cookie automaticamente, ma \u00e8 possibile scegliere di non accettarli. Si consiglia di non disabilitare questa funzione, dal momento che ci\u00f2 potrebbe impedire di muoversi liberamente da una pagina all\u2019altra del Sito e di fruire di tutte le funzionalit\u00e0 presenti sullo stesso.<\/p>\n<p>Se non si desidera ricevere cookie sul proprio dispositivo \u00e8 possibile modificare le impostazioni di sicurezza del browser (Internet Explorer, Google Chrome, Safari, ecc.). In ogni caso, si noti che determinate parti del Sito possono essere utilizzate nella loro pienezza solo se il browser accetta i cookie; in caso contrario, non si \u00e8 in grado, per esempio, di aggiungere prodotti al proprio carrello. Di conseguenza, la scelta di rimuovere e non accettare cookie influenza negativamente la permanenza sul Sito.<\/p>\n<p>Di seguito si riportano brevi istruzioni su come impedire la ricezione di cookie nei quattro browser pi\u00f9 diffusi:<\/p>\n<p><strong>Microsoft Internet Explorer<\/strong><br \/>\nCliccare l\u2019icona \u201cStrumenti\u201d nell\u2019angolo in alto a destra e selezionare \u201cOpzioni internet\u201d. Nella finestra pop up selezionare \u201cPrivacy\u201d, da cui \u00e8 possibile regolare le impostazioni sui cookie.<\/p>\n<p><strong>Google Chrome<\/strong><br \/>\nCliccare la chiave inglese nell\u2019angolo in alto a destra e selezionare \u201cImpostazioni\u201d. A questo punto selezionare \u201cMostra impostazioni avanzate\u201d (\u201cUnder the hood\u201d) e cambiare le impostazioni della \u201cPrivacy\u201d.<\/p>\n<p><strong>Mozilla Firefox<\/strong><br \/>\nDal menu a tendina nell\u2019angolo in alto a sinistra selezionare \u201cOpzioni\u201d. Nella finestra di pop up selezionare \u201cPrivacy\u201d. Qui \u00e8 possibile regolare le impostazioni sui cookie.<\/p>\n<p><strong>Safari<\/strong><br \/>\nDal menu di impostazione a tendina nell\u2019angolo in alto a destra selezionare \u201cPreferenze\u201d. Selezionare \u201cSicurezza\u201d e qui \u00e8 possibile regolare le impostazioni sui cookie.<\/p>\n<p>Per saperne di pi\u00f9 riguardo ai cookie e come gestire o disabilitare quelli di terze parti o di marketing\/re-targeting, gli utenti sono invitati a visitare: www.youronlinechoices.com.<\/p>\n<p>Per disabilitare i cookie analitici e per impedire a Google Analytics di raccogliere dati sulla navigazione, \u00e8 possibile scaricare il Componente aggiuntivo del browser per la disattivazione di Google Analytics:\u00a0<a href=\"https:\/\/tools.google.com\/dlpage\/gaoptout\" target=\"_blank\" rel=\"noopener nofollow\">https:\/\/tools.google.com\/dlpage\/gaoptout.<\/a>[\/mpc_textblock][\/vc_tta_section][\/vc_tta_accordion][\/vc_column][\/vc_row][vc_row][vc_column]\n\t\t<div id=\"wd-640ee8dbc9c11\" class=\"title-wrapper wd-wpb wd-set-mb reset-last-child  wd-rs-640ee8dbc9c11 wd-title-color-default wd-title-style-bordered text-center  wd-underline-colored\">\n\t\t\t\n\t\t\t<div class=\"liner-continer\">\n\t\t\t\t<h3 class=\"woodmart-title-container title  wd-font-weight- wd-fontsize-l\" >COOKIES<\/h3>\n\t\t\t\t\t\t\t<\/div>\n\t\t\t\n\t\t\t\n\t\t\t\n\t\t<\/div>\n\t\t\n\t\t[\/vc_column][\/vc_row]<\/p>\n<\/div>","protected":false},"excerpt":{"rendered":"<p>[vc_row][vc_column][vc_column_text woodmart_inline=&#8221;no&#8221; text_larger=&#8221;no&#8221;]Gli utenti sono invitati a leggere la presente Cookies Policy che trova applicazione per la navigazione sul sito<\/p>\n","protected":false},"author":1,"featured_media":33429,"parent":0,"menu_order":0,"comment_status":"closed","ping_status":"closed","template":"","meta":{"footnotes":""},"class_list":["post-12669","page","type-page","status-publish","has-post-thumbnail","hentry"],"_links":{"self":[{"href":"https:\/\/www.marinigerardi.it\/shop\/wp-json\/wp\/v2\/pages\/12669","targetHints":{"allow":["GET"]}}],"collection":[{"href":"https:\/\/www.marinigerardi.it\/shop\/wp-json\/wp\/v2\/pages"}],"about":[{"href":"https:\/\/www.marinigerardi.it\/shop\/wp-json\/wp\/v2\/types\/page"}],"author":[{"embeddable":true,"href":"https:\/\/www.marinigerardi.it\/shop\/wp-json\/wp\/v2\/users\/1"}],"replies":[{"embeddable":true,"href":"https:\/\/www.marinigerardi.it\/shop\/wp-json\/wp\/v2\/comments?post=12669"}],"version-history":[{"count":0,"href":"https:\/\/www.marinigerardi.it\/shop\/wp-json\/wp\/v2\/pages\/12669\/revisions"}],"wp:featuredmedia":[{"embeddable":true,"href":"https:\/\/www.marinigerardi.it\/shop\/wp-json\/wp\/v2\/media\/33429"}],"wp:attachment":[{"href":"https:\/\/www.marinigerardi.it\/shop\/wp-json\/wp\/v2\/media?parent=12669"}],"curies":[{"name":"wp","href":"https:\/\/api.w.org\/{rel}","templated":true}]}}